{"id":7906,"date":"2021-12-28T18:19:14","date_gmt":"2021-12-28T17:19:14","guid":{"rendered":"https:\/\/www.eko-bio-natura.sk\/shop\/index.php\/produkt\/darcekovy-set-divoka-ruza-ecolatier-organic\/"},"modified":"2022-05-04T16:41:48","modified_gmt":"2022-05-04T14:41:48","slug":"darcekovy-set-divoka-ruza-ecolatier-organic","status":"publish","type":"product","link":"https:\/\/www.eko-bio-natura.sk\/shop\/produkt\/darcekovy-set-divoka-ruza-ecolatier-organic\/","title":{"rendered":"Dar\u010dekov\u00fd set Divok\u00e1 ru\u017ea &#8211; Ecolatier Organic"},"content":{"rendered":"<p><meta charset=\"UTF-8\" \/><span style=\"font-family: verdana, geneva; font-size: 12pt;\"><strong>&nbsp;Set obsahuje:<\/strong> <\/span><\/p>\n<p><span style=\"font-family: verdana, geneva; font-size: 12pt;\"><strong>1. Exfolia\u010dn\u00fd g\u00e9l na tv\u00e1r divok\u00e1 ru\u017ea, 75ml<\/strong><\/span><\/p>\n<p><span style=\"font-family: verdana, geneva; font-size: 12pt;\">Exfolia\u010dn\u00fd g\u00e9l na tv\u00e1r s divokou ru\u017eou sp\u00e1ja <strong>\u00fa\u010dinn\u00e9 a jemn\u00e9 \u010distenie pleti s liftingov\u00fdm efektom.<\/strong> Jemne exfoliuje a <strong>odstra\u0148uje ne\u010distoty a poskytuje mikromas\u00e1\u017e<\/strong>. Posil\u0148uje prirodzen\u00e9 bari\u00e9rov\u00e9 \u200b\u200bvlastnosti poko\u017eky, chr\u00e1ni pred dehydrat\u00e1ciou.<\/span><\/p>\n<p><span style=\"font-family: verdana, geneva; font-size: 12pt;\"><meta charset=\"UTF-8\" \/><\/span><\/p>\n<p><span style=\"font-family: verdana, geneva; font-size: 12pt;\"><strong>Akt\u00edvne zlo\u017eky:<\/strong><\/span><\/p>\n<ul>\n<li><span style=\"font-family: verdana, geneva; font-size: 12pt;\"><strong>Organick\u00fd v\u00fd\u0165a\u017eok z ru\u017ee<\/strong> obsahuje viac ako 300 \u00fa\u010dinn\u00fdch l\u00e1tok, v\u010faka ktor\u00fdm podporuje prirodzen\u00fd budnkov\u00fd metabolizmus poko\u017eky a pom\u00e1ha <strong>revitalizova\u0165 such\u00fa a starn\u00facu poko\u017eku<\/strong>. Odvr\u00e1ti pr\u00edznaky starnutia, zmier\u0148uje vr\u00e1sky, <strong>poko\u017eku spev\u0148uje, vyhlad\u00ed a rozjasn\u00ed.&nbsp;<\/strong><\/span><span><strong><\/strong><\/span><\/li>\n<\/ul>\n<p><span style=\"font-family: verdana, geneva; font-size: 12pt;\"><strong>Sp\u00f4sob pou\u017eitia:<\/strong> Tv\u00e1r si umyte vla\u017enou vodou, g\u00e9l d\u00f4kladne rozotrite na n\u00e1sledne opl\u00e1chnite vodou.<\/span><\/p>\n<p><img decoding=\"async\" src=\"\/user\/documents\/upload\/mceclip0-267.png?1639733190\" \/><\/p>\n<p><span style=\"font-family: verdana, geneva; font-size: 12pt;\"><strong>Objem:<\/strong> 75 ml<\/span><\/p>\n<p><span style=\"font-family: verdana, geneva; font-size: 12pt;\"><strong>Krajina p\u00f4vodu:<\/strong> Rusko<\/span><\/p>\n<p>&nbsp;<\/p>\n<p><span style=\"font-family: verdana, geneva; font-size: 12pt;\"><strong>2. \u010cistiace mlieko na tv\u00e1r Divok\u00e1 ru\u017ea, 150 ml<\/strong> <\/span><\/p>\n<p><span style=\"font-family: verdana, geneva; font-size: 12pt;\">\u010cistiace mlieko s organick\u00fdmi pr\u00edsadami <strong>\u010dist\u00ed a hydratuje poko\u017eku, jemne odstra\u0148uje make-up a ne\u010distoty a dod\u00e1va pocit pohodlia<\/strong>. Dokonale <strong>vy\u017eivuje such\u00fa poko\u017eku<\/strong>. Stimuluje prirodzen\u00e9 <strong>regenera\u010dn\u00e9 procesy<\/strong>, pom\u00e1ha <strong>vyhladzova\u0165 jemn\u00e9 vr\u00e1sky<\/strong>, navracia poko\u017eke <strong>pevnos\u0165 a pru\u017enos\u0165<\/strong> a dod\u00e1va jej svie\u017ei vzh\u013ead. Tonizuje zrel\u00fa ple\u0165.&nbsp;<meta charset=\"UTF-8\" \/><\/span><\/p>\n<p><span style=\"font-family: verdana, geneva; font-size: 12pt;\"><strong>Akt\u00edvne zlo\u017eky:<\/strong><\/span><\/p>\n<ul>\n<li><span style=\"font-family: verdana, geneva; font-size: 12pt;\"><strong>Organick\u00fd v\u00fd\u0165a\u017eok z ru\u017ee<\/strong> obsahuje viac ako 300 \u00fa\u010dinn\u00fdch l\u00e1tok, v\u010faka ktor\u00fdm podporuje prirodzen\u00fd budnkov\u00fd metabolizmus poko\u017eky a pom\u00e1ha <strong>revitalizova\u0165 such\u00fa a starn\u00facu poko\u017eku<\/strong>. Odvr\u00e1ti pr\u00edznaky starnutia, zmier\u0148uje vr\u00e1sky, <strong>poko\u017eku spev\u0148uje, vyhlad\u00ed a rozjasn\u00ed.&nbsp;<\/strong><\/span><\/li>\n<\/ul>\n<p><span style=\"font-family: verdana, geneva; font-size: 12pt;\"><strong>Sp\u00f4sob pou\u017eitia:<\/strong> Mlieko naneste na vatov\u00fd tamp\u00f3n a o\u010distite ple\u0165.<\/span><\/p>\n<p><img decoding=\"async\" src=\"\/user\/documents\/upload\/mceclip1-9.png?1639733215\" \/><\/p>\n<p><span style=\"font-family: verdana, geneva; font-size: 12pt;\"><strong>Objem:<\/strong> 150 ml<\/span><\/p>\n<p><span style=\"font-family: verdana, geneva; font-size: 12pt;\"><strong>Krajina p\u00f4vodu:<\/strong> Rusko<\/span><\/p>\n<p>&nbsp;<\/p>\n<p><span style=\"font-family: verdana, geneva; font-size: 12pt;\"><strong>3.Denn\u00fd kr\u00e9m na tv\u00e1r Divok\u00e1 ru\u017ea, SPF 15, na v\u0161etky typy pleti, 30 ml<\/strong> <\/span><\/p>\n<p><span style=\"font-family: verdana, geneva; font-size: 12pt;\"><strong>Vyhladzuje poko\u017eku a zvy\u0161uje jej elasticitu.<\/strong> Kr\u00e9m obsahuje<strong>&nbsp;ochrann\u00fd filter SPF15<\/strong>, ktor\u00fd zni\u017euje negat\u00edvne \u00fa\u010dinky ultrafialov\u00e9ho \u017eiarenia a <strong>chr\u00e1ni poko\u017eku<\/strong>. <strong>Zabra\u0148uje vzniku suchosti a pred\u010dasn\u00fdch vr\u00e1sok.<\/strong> Intenz\u00edvne hydratuje a tonizuje zrel\u00fa ple\u0165, m\u00e1 obnovuj\u00faci \u00fa\u010dinok. <strong>Vy\u017eivuje a spoma\u013euje prirodzen\u00e9 procesy starnutia.<\/strong><\/span><\/p>\n<p><span style=\"font-family: verdana, geneva; font-size: 12pt;\"><meta charset=\"UTF-8\" \/><\/span><\/p>\n<p><span style=\"font-family: verdana, geneva; font-size: 12pt;\"><strong>Akt\u00edvne zlo\u017eky:<\/strong><\/span><\/p>\n<ul>\n<li><span style=\"font-family: verdana, geneva; font-size: 12pt;\"><strong>Organick\u00fd v\u00fd\u0165a\u017eok z ru\u017ee<\/strong> obsahuje viac ako 300 \u00fa\u010dinn\u00fdch l\u00e1tok, v\u010faka ktor\u00fdm podporuje prirodzen\u00fd budnkov\u00fd metabolizmus poko\u017eky a pom\u00e1ha <strong>revitalizova\u0165 such\u00fa a starn\u00facu poko\u017eku<\/strong>. Odvr\u00e1ti pr\u00edznaky starnutia, zmier\u0148uje vr\u00e1sky, <strong>poko\u017eku spev\u0148uje, vyhlad\u00ed a rozjasn\u00ed.&nbsp;<\/strong><\/span><\/li>\n<\/ul>\n<p>&nbsp;<\/p>\n<p><span style=\"font-family: verdana, geneva; font-size: 12pt;\"><strong>Sp\u00f4sob pou\u017eitia:<\/strong> Aplikujte na \u010dist\u00fa poko\u017eku, vyhnite sa oblasti o\u010d\u00ed.<\/span><\/p>\n<p><img decoding=\"async\" src=\"\/user\/documents\/upload\/mceclip2-2.png?1639733239\" \/><\/p>\n<p><span style=\"font-family: verdana, geneva; font-size: 12pt;\"><strong>Objem:<\/strong> 30 ml<\/span><\/p>\n<p><span style=\"font-family: verdana, geneva; font-size: 12pt;\"><strong>Krajina p\u00f4vodu:<\/strong> Rusko<\/span><\/p>\n","protected":false},"excerpt":{"rendered":"<p>&nbsp;Set obsahuje: 1. Exfolia\u010dn\u00fd g\u00e9l na tv\u00e1r divok\u00e1 ru\u017ea, 75ml Exfolia\u010dn\u00fd g\u00e9l na tv\u00e1r s divokou ru\u017eou sp\u00e1ja \u00fa\u010dinn\u00e9 a jemn\u00e9 \u010distenie pleti s liftingov\u00fdm efektom. Jemne exfoliuje a odstra\u0148uje ne\u010distoty a poskytuje mikromas\u00e1\u017e. Posil\u0148uje prirodzen\u00e9 bari\u00e9rov\u00e9 \u200b\u200bvlastnosti poko\u017eky, chr\u00e1ni pred dehydrat\u00e1ciou. Akt\u00edvne zlo\u017eky: Organick\u00fd v\u00fd\u0165a\u017eok z ru\u017ee obsahuje viac ako 300 \u00fa\u010dinn\u00fdch l\u00e1tok, v\u010faka [&hellip;]<\/p>\n","protected":false},"featured_media":7907,"comment_status":"open","ping_status":"open","template":"","meta":{"site-sidebar-layout":"default","site-content-layout":"","ast-site-content-layout":"default","site-content-style":"default","site-sidebar-style":"default","ast-global-header-display":"","ast-banner-title-visibility":"","ast-main-header-display":"","ast-hfb-above-header-display":"","ast-hfb-below-header-display":"","ast-hfb-mobile-header-display":"","site-post-title":"","ast-breadcrumbs-content":"","ast-featured-img":"","footer-sml-layout":"","ast-disable-related-posts":"","theme-transparent-header-meta":"","adv-header-id-meta":"","stick-header-meta":"","header-above-stick-meta":"","header-main-stick-meta":"","header-below-stick-meta":"","astra-migrate-meta-layouts":"default","ast-page-background-enabled":"default","ast-page-background-meta":{"desktop":{"background-color":"","background-image":"","background-repeat":"repeat","background-position":"center center","background-size":"auto","background-attachment":"scroll","background-type":"","background-media":"","overlay-type":"","overlay-color":"","overlay-opacity":"","overlay-gradient":""},"tablet":{"background-color":"","background-image":"","background-repeat":"repeat","background-position":"center center","background-size":"auto","background-attachment":"scroll","background-type":"","background-media":"","overlay-type":"","overlay-color":"","overlay-opacity":"","overlay-gradient":""},"mobile":{"background-color":"","background-image":"","background-repeat":"repeat","background-position":"center center","background-size":"auto","background-attachment":"scroll","background-type":"","background-media":"","overlay-type":"","overlay-color":"","overlay-opacity":"","overlay-gradient":""}},"ast-content-background-meta":{"desktop":{"background-color":"var(--ast-global-color-5)","background-image":"","background-repeat":"repeat","background-position":"center center","background-size":"auto","background-attachment":"scroll","background-type":"","background-media":"","overlay-type":"","overlay-color":"","overlay-opacity":"","overlay-gradient":""},"tablet":{"background-color":"var(--ast-global-color-5)","background-image":"","background-repeat":"repeat","background-position":"center center","background-size":"auto","background-attachment":"scroll","background-type":"","background-media":"","overlay-type":"","overlay-color":"","overlay-opacity":"","overlay-gradient":""},"mobile":{"background-color":"var(--ast-global-color-5)","background-image":"","background-repeat":"repeat","background-position":"center center","background-size":"auto","background-attachment":"scroll","background-type":"","background-media":"","overlay-type":"","overlay-color":"","overlay-opacity":"","overlay-gradient":""}}},"product_brand":[],"product_cat":[275],"product_tag":[],"class_list":{"0":"post-7906","1":"product","2":"type-product","3":"status-publish","4":"has-post-thumbnail","6":"product_cat-darcekove-sety","7":"pa_cena-dopravy-367","8":"pa_doprava-zasilkovna","9":"pa_ean-1052","10":"pa_typ-partnersky-predaj","11":"pa_znacka-ecolatier","12":"desktop-align-left","13":"tablet-align-left","14":"mobile-align-left","16":"first","17":"instock","18":"product-type-external"},"yoast_head":"<!-- This site is optimized with the Yoast SEO plugin v27.2 - https:\/\/yoast.com\/product\/yoast-seo-wordpress\/ -->\n<title>Dar\u010dekov\u00fd set Divok\u00e1 ru\u017ea - Ecolatier Organic - EKO-BIO-NATURA BIO OBCHOD<\/title>\n<meta name=\"robots\" content=\"index, follow, max-snippet:-1, max-image-preview:large, max-video-preview:-1\" \/>\n<link rel=\"canonical\" href=\"https:\/\/www.eko-bio-natura.sk\/shop\/produkt\/darcekovy-set-divoka-ruza-ecolatier-organic\/\" \/>\n<meta property=\"og:locale\" content=\"sk_SK\" \/>\n<meta property=\"og:type\" content=\"article\" \/>\n<meta property=\"og:title\" content=\"Dar\u010dekov\u00fd set Divok\u00e1 ru\u017ea - Ecolatier Organic - EKO-BIO-NATURA BIO OBCHOD\" \/>\n<meta property=\"og:description\" content=\"&nbsp;Set obsahuje: 1. Exfolia\u010dn\u00fd g\u00e9l na tv\u00e1r divok\u00e1 ru\u017ea, 75ml Exfolia\u010dn\u00fd g\u00e9l na tv\u00e1r s divokou ru\u017eou sp\u00e1ja \u00fa\u010dinn\u00e9 a jemn\u00e9 \u010distenie pleti s liftingov\u00fdm efektom. Jemne exfoliuje a odstra\u0148uje ne\u010distoty a poskytuje mikromas\u00e1\u017e. Posil\u0148uje prirodzen\u00e9 bari\u00e9rov\u00e9 \u200b\u200bvlastnosti poko\u017eky, chr\u00e1ni pred dehydrat\u00e1ciou. Akt\u00edvne zlo\u017eky: Organick\u00fd v\u00fd\u0165a\u017eok z ru\u017ee obsahuje viac ako 300 \u00fa\u010dinn\u00fdch l\u00e1tok, v\u010faka [&hellip;]\" \/>\n<meta property=\"og:url\" content=\"https:\/\/www.eko-bio-natura.sk\/shop\/produkt\/darcekovy-set-divoka-ruza-ecolatier-organic\/\" \/>\n<meta property=\"og:site_name\" content=\"EKO-BIO-NATURA BIO OBCHOD\" \/>\n<meta property=\"article:modified_time\" content=\"2022-05-04T14:41:48+00:00\" \/>\n<meta property=\"og:image\" content=\"https:\/\/www.eko-bio-natura.sk\/shop\/wp-content\/uploads\/2021\/12\/14595_darcekovy-set-divoka-ruza-ecolatier-organic.jpg\" \/>\n\t<meta property=\"og:image:width\" content=\"1000\" \/>\n\t<meta property=\"og:image:height\" content=\"1000\" \/>\n\t<meta property=\"og:image:type\" content=\"image\/jpeg\" \/>\n<meta name=\"twitter:card\" content=\"summary_large_image\" \/>\n<meta name=\"twitter:label1\" content=\"Predpokladan\u00fd \u010das \u010d\u00edtania\" \/>\n\t<meta name=\"twitter:data1\" content=\"2 min\u00faty\" \/>\n<script type=\"application\/ld+json\" class=\"yoast-schema-graph\">{\"@context\":\"https:\/\/schema.org\",\"@graph\":[{\"@type\":\"WebPage\",\"@id\":\"https:\/\/www.eko-bio-natura.sk\/shop\/produkt\/darcekovy-set-divoka-ruza-ecolatier-organic\/\",\"url\":\"https:\/\/www.eko-bio-natura.sk\/shop\/produkt\/darcekovy-set-divoka-ruza-ecolatier-organic\/\",\"name\":\"Dar\u010dekov\u00fd set Divok\u00e1 ru\u017ea - Ecolatier Organic - EKO-BIO-NATURA BIO OBCHOD\",\"isPartOf\":{\"@id\":\"https:\/\/www.eko-bio-natura.sk\/shop\/#website\"},\"primaryImageOfPage\":{\"@id\":\"https:\/\/www.eko-bio-natura.sk\/shop\/produkt\/darcekovy-set-divoka-ruza-ecolatier-organic\/#primaryimage\"},\"image\":{\"@id\":\"https:\/\/www.eko-bio-natura.sk\/shop\/produkt\/darcekovy-set-divoka-ruza-ecolatier-organic\/#primaryimage\"},\"thumbnailUrl\":\"https:\/\/www.eko-bio-natura.sk\/shop\/wp-content\/uploads\/2021\/12\/14595_darcekovy-set-divoka-ruza-ecolatier-organic.jpg\",\"datePublished\":\"2021-12-28T17:19:14+00:00\",\"dateModified\":\"2022-05-04T14:41:48+00:00\",\"breadcrumb\":{\"@id\":\"https:\/\/www.eko-bio-natura.sk\/shop\/produkt\/darcekovy-set-divoka-ruza-ecolatier-organic\/#breadcrumb\"},\"inLanguage\":\"sk-SK\",\"potentialAction\":[{\"@type\":\"ReadAction\",\"target\":[\"https:\/\/www.eko-bio-natura.sk\/shop\/produkt\/darcekovy-set-divoka-ruza-ecolatier-organic\/\"]}]},{\"@type\":\"ImageObject\",\"inLanguage\":\"sk-SK\",\"@id\":\"https:\/\/www.eko-bio-natura.sk\/shop\/produkt\/darcekovy-set-divoka-ruza-ecolatier-organic\/#primaryimage\",\"url\":\"https:\/\/www.eko-bio-natura.sk\/shop\/wp-content\/uploads\/2021\/12\/14595_darcekovy-set-divoka-ruza-ecolatier-organic.jpg\",\"contentUrl\":\"https:\/\/www.eko-bio-natura.sk\/shop\/wp-content\/uploads\/2021\/12\/14595_darcekovy-set-divoka-ruza-ecolatier-organic.jpg\",\"width\":1000,\"height\":1000},{\"@type\":\"BreadcrumbList\",\"@id\":\"https:\/\/www.eko-bio-natura.sk\/shop\/produkt\/darcekovy-set-divoka-ruza-ecolatier-organic\/#breadcrumb\",\"itemListElement\":[{\"@type\":\"ListItem\",\"position\":1,\"name\":\"Domovsk\u00e1 str\u00e1nka\",\"item\":\"https:\/\/www.eko-bio-natura.sk\/shop\/\"},{\"@type\":\"ListItem\",\"position\":2,\"name\":\"Obchod\",\"item\":\"https:\/\/www.eko-bio-natura.sk\/shop\/?page_id=6\"},{\"@type\":\"ListItem\",\"position\":3,\"name\":\"Dar\u010dekov\u00fd set Divok\u00e1 ru\u017ea &#8211; Ecolatier Organic\"}]},{\"@type\":\"WebSite\",\"@id\":\"https:\/\/www.eko-bio-natura.sk\/shop\/#website\",\"url\":\"https:\/\/www.eko-bio-natura.sk\/shop\/\",\"name\":\"EKO-BIO-NATURA BIO OBCHOD\",\"description\":\"\",\"publisher\":{\"@id\":\"https:\/\/www.eko-bio-natura.sk\/shop\/#organization\"},\"potentialAction\":[{\"@type\":\"SearchAction\",\"target\":{\"@type\":\"EntryPoint\",\"urlTemplate\":\"https:\/\/www.eko-bio-natura.sk\/shop\/?s={search_term_string}\"},\"query-input\":{\"@type\":\"PropertyValueSpecification\",\"valueRequired\":true,\"valueName\":\"search_term_string\"}}],\"inLanguage\":\"sk-SK\"},{\"@type\":\"Organization\",\"@id\":\"https:\/\/www.eko-bio-natura.sk\/shop\/#organization\",\"name\":\"EKO-BIO-NATURA BIO OBCHOD\",\"url\":\"https:\/\/www.eko-bio-natura.sk\/shop\/\",\"logo\":{\"@type\":\"ImageObject\",\"inLanguage\":\"sk-SK\",\"@id\":\"https:\/\/www.eko-bio-natura.sk\/shop\/#\/schema\/logo\/image\/\",\"url\":\"https:\/\/www.eko-bio-natura.sk\/shop\/wp-content\/uploads\/2021\/04\/eko-bio-natura_logo.png\",\"contentUrl\":\"https:\/\/www.eko-bio-natura.sk\/shop\/wp-content\/uploads\/2021\/04\/eko-bio-natura_logo.png\",\"width\":552,\"height\":194,\"caption\":\"EKO-BIO-NATURA BIO OBCHOD\"},\"image\":{\"@id\":\"https:\/\/www.eko-bio-natura.sk\/shop\/#\/schema\/logo\/image\/\"}}]}<\/script>\n<!-- \/ Yoast SEO plugin. -->","yoast_head_json":{"title":"Dar\u010dekov\u00fd set Divok\u00e1 ru\u017ea - Ecolatier Organic - EKO-BIO-NATURA BIO OBCHOD","robots":{"index":"index","follow":"follow","max-snippet":"max-snippet:-1","max-image-preview":"max-image-preview:large","max-video-preview":"max-video-preview:-1"},"canonical":"https:\/\/www.eko-bio-natura.sk\/shop\/produkt\/darcekovy-set-divoka-ruza-ecolatier-organic\/","og_locale":"sk_SK","og_type":"article","og_title":"Dar\u010dekov\u00fd set Divok\u00e1 ru\u017ea - Ecolatier Organic - EKO-BIO-NATURA BIO OBCHOD","og_description":"&nbsp;Set obsahuje: 1. Exfolia\u010dn\u00fd g\u00e9l na tv\u00e1r divok\u00e1 ru\u017ea, 75ml Exfolia\u010dn\u00fd g\u00e9l na tv\u00e1r s divokou ru\u017eou sp\u00e1ja \u00fa\u010dinn\u00e9 a jemn\u00e9 \u010distenie pleti s liftingov\u00fdm efektom. Jemne exfoliuje a odstra\u0148uje ne\u010distoty a poskytuje mikromas\u00e1\u017e. Posil\u0148uje prirodzen\u00e9 bari\u00e9rov\u00e9 \u200b\u200bvlastnosti poko\u017eky, chr\u00e1ni pred dehydrat\u00e1ciou. Akt\u00edvne zlo\u017eky: Organick\u00fd v\u00fd\u0165a\u017eok z ru\u017ee obsahuje viac ako 300 \u00fa\u010dinn\u00fdch l\u00e1tok, v\u010faka [&hellip;]","og_url":"https:\/\/www.eko-bio-natura.sk\/shop\/produkt\/darcekovy-set-divoka-ruza-ecolatier-organic\/","og_site_name":"EKO-BIO-NATURA BIO OBCHOD","article_modified_time":"2022-05-04T14:41:48+00:00","og_image":[{"width":1000,"height":1000,"url":"https:\/\/www.eko-bio-natura.sk\/shop\/wp-content\/uploads\/2021\/12\/14595_darcekovy-set-divoka-ruza-ecolatier-organic.jpg","type":"image\/jpeg"}],"twitter_card":"summary_large_image","twitter_misc":{"Predpokladan\u00fd \u010das \u010d\u00edtania":"2 min\u00faty"},"schema":{"@context":"https:\/\/schema.org","@graph":[{"@type":"WebPage","@id":"https:\/\/www.eko-bio-natura.sk\/shop\/produkt\/darcekovy-set-divoka-ruza-ecolatier-organic\/","url":"https:\/\/www.eko-bio-natura.sk\/shop\/produkt\/darcekovy-set-divoka-ruza-ecolatier-organic\/","name":"Dar\u010dekov\u00fd set Divok\u00e1 ru\u017ea - Ecolatier Organic - EKO-BIO-NATURA BIO OBCHOD","isPartOf":{"@id":"https:\/\/www.eko-bio-natura.sk\/shop\/#website"},"primaryImageOfPage":{"@id":"https:\/\/www.eko-bio-natura.sk\/shop\/produkt\/darcekovy-set-divoka-ruza-ecolatier-organic\/#primaryimage"},"image":{"@id":"https:\/\/www.eko-bio-natura.sk\/shop\/produkt\/darcekovy-set-divoka-ruza-ecolatier-organic\/#primaryimage"},"thumbnailUrl":"https:\/\/www.eko-bio-natura.sk\/shop\/wp-content\/uploads\/2021\/12\/14595_darcekovy-set-divoka-ruza-ecolatier-organic.jpg","datePublished":"2021-12-28T17:19:14+00:00","dateModified":"2022-05-04T14:41:48+00:00","breadcrumb":{"@id":"https:\/\/www.eko-bio-natura.sk\/shop\/produkt\/darcekovy-set-divoka-ruza-ecolatier-organic\/#breadcrumb"},"inLanguage":"sk-SK","potentialAction":[{"@type":"ReadAction","target":["https:\/\/www.eko-bio-natura.sk\/shop\/produkt\/darcekovy-set-divoka-ruza-ecolatier-organic\/"]}]},{"@type":"ImageObject","inLanguage":"sk-SK","@id":"https:\/\/www.eko-bio-natura.sk\/shop\/produkt\/darcekovy-set-divoka-ruza-ecolatier-organic\/#primaryimage","url":"https:\/\/www.eko-bio-natura.sk\/shop\/wp-content\/uploads\/2021\/12\/14595_darcekovy-set-divoka-ruza-ecolatier-organic.jpg","contentUrl":"https:\/\/www.eko-bio-natura.sk\/shop\/wp-content\/uploads\/2021\/12\/14595_darcekovy-set-divoka-ruza-ecolatier-organic.jpg","width":1000,"height":1000},{"@type":"BreadcrumbList","@id":"https:\/\/www.eko-bio-natura.sk\/shop\/produkt\/darcekovy-set-divoka-ruza-ecolatier-organic\/#breadcrumb","itemListElement":[{"@type":"ListItem","position":1,"name":"Domovsk\u00e1 str\u00e1nka","item":"https:\/\/www.eko-bio-natura.sk\/shop\/"},{"@type":"ListItem","position":2,"name":"Obchod","item":"https:\/\/www.eko-bio-natura.sk\/shop\/?page_id=6"},{"@type":"ListItem","position":3,"name":"Dar\u010dekov\u00fd set Divok\u00e1 ru\u017ea &#8211; Ecolatier Organic"}]},{"@type":"WebSite","@id":"https:\/\/www.eko-bio-natura.sk\/shop\/#website","url":"https:\/\/www.eko-bio-natura.sk\/shop\/","name":"EKO-BIO-NATURA BIO OBCHOD","description":"","publisher":{"@id":"https:\/\/www.eko-bio-natura.sk\/shop\/#organization"},"potentialAction":[{"@type":"SearchAction","target":{"@type":"EntryPoint","urlTemplate":"https:\/\/www.eko-bio-natura.sk\/shop\/?s={search_term_string}"},"query-input":{"@type":"PropertyValueSpecification","valueRequired":true,"valueName":"search_term_string"}}],"inLanguage":"sk-SK"},{"@type":"Organization","@id":"https:\/\/www.eko-bio-natura.sk\/shop\/#organization","name":"EKO-BIO-NATURA BIO OBCHOD","url":"https:\/\/www.eko-bio-natura.sk\/shop\/","logo":{"@type":"ImageObject","inLanguage":"sk-SK","@id":"https:\/\/www.eko-bio-natura.sk\/shop\/#\/schema\/logo\/image\/","url":"https:\/\/www.eko-bio-natura.sk\/shop\/wp-content\/uploads\/2021\/04\/eko-bio-natura_logo.png","contentUrl":"https:\/\/www.eko-bio-natura.sk\/shop\/wp-content\/uploads\/2021\/04\/eko-bio-natura_logo.png","width":552,"height":194,"caption":"EKO-BIO-NATURA BIO OBCHOD"},"image":{"@id":"https:\/\/www.eko-bio-natura.sk\/shop\/#\/schema\/logo\/image\/"}}]}},"_links":{"self":[{"href":"https:\/\/www.eko-bio-natura.sk\/shop\/wp-json\/wp\/v2\/product\/7906","targetHints":{"allow":["GET"]}}],"collection":[{"href":"https:\/\/www.eko-bio-natura.sk\/shop\/wp-json\/wp\/v2\/product"}],"about":[{"href":"https:\/\/www.eko-bio-natura.sk\/shop\/wp-json\/wp\/v2\/types\/product"}],"replies":[{"embeddable":true,"href":"https:\/\/www.eko-bio-natura.sk\/shop\/wp-json\/wp\/v2\/comments?post=7906"}],"wp:featuredmedia":[{"embeddable":true,"href":"https:\/\/www.eko-bio-natura.sk\/shop\/wp-json\/wp\/v2\/media\/7907"}],"wp:attachment":[{"href":"https:\/\/www.eko-bio-natura.sk\/shop\/wp-json\/wp\/v2\/media?parent=7906"}],"wp:term":[{"taxonomy":"product_brand","embeddable":true,"href":"https:\/\/www.eko-bio-natura.sk\/shop\/wp-json\/wp\/v2\/product_brand?post=7906"},{"taxonomy":"product_cat","embeddable":true,"href":"https:\/\/www.eko-bio-natura.sk\/shop\/wp-json\/wp\/v2\/product_cat?post=7906"},{"taxonomy":"product_tag","embeddable":true,"href":"https:\/\/www.eko-bio-natura.sk\/shop\/wp-json\/wp\/v2\/product_tag?post=7906"}],"curies":[{"name":"wp","href":"https:\/\/api.w.org\/{rel}","templated":true}]}}