{"id":7804,"date":"2021-12-28T18:18:36","date_gmt":"2021-12-28T17:18:36","guid":{"rendered":"https:\/\/www.eko-bio-natura.sk\/shop\/index.php\/produkt\/balzam-na-pery-s-jojobou-harmancekom-a-vitaminom-e-botavikos-4g\/"},"modified":"2022-05-04T16:41:37","modified_gmt":"2022-05-04T14:41:37","slug":"balzam-na-pery-s-jojobou-harmancekom-a-vitaminom-e-botavikos-4g","status":"publish","type":"product","link":"https:\/\/www.eko-bio-natura.sk\/shop\/produkt\/balzam-na-pery-s-jojobou-harmancekom-a-vitaminom-e-botavikos-4g\/","title":{"rendered":"Balzam na pery s jojobou, harman\u010dekom a vitam\u00ednom E &#8211; Botavikos &#8211; 4g"},"content":{"rendered":"<p><meta charset=\"UTF-8\" \/><strong><\/strong><\/p>\n<p><span style=\"font-family: verdana, geneva; font-size: 12pt;\">Z\u00e1kladom balzamu s\u00fa hypoalerg\u00e9nne vosky Candelilla a Carnauba pr\u00edrodn\u00e9ho p\u00f4vodu, ktor\u00e9 poskytuj\u00fa per\u00e1m antibakteri\u00e1lnu ochranu a n\u00fadzov\u00e9 zotavenie popraskan\u00fdch a such\u00fdch pier.&nbsp;Cel\u00fd komplex bylinn\u00fdch zlo\u017eiek dod\u00e1va per\u00e1m \u013eahk\u00fd lesk a navracia im prirodzen\u00fd jas.<\/span><\/p>\n<p><span style=\"font-family: verdana, geneva; font-size: 12pt;\"><strong>Akt\u00edvne zlo\u017eky:<\/strong><\/span><\/p>\n<ul>\n<li><span style=\"font-family: verdana, geneva; font-size: 12pt;\"><strong>Jojobov\u00fd olej<\/strong> hydratuje pery a navracia im prirodzen\u00fa jemnos\u0165.&nbsp;<\/span><\/li>\n<li><span style=\"font-family: verdana, geneva; font-size: 12pt;\"><strong>Harman\u010dek<\/strong> m\u00e1 hojiv\u00e9 \u00fa\u010dinky, upokojuje poko\u017eku, odstra\u0148uje odlupovanie a lie\u010di popraskan\u00e9 pery.&nbsp;<\/span><\/li>\n<li><span style=\"font-family: verdana, geneva; font-size: 12pt;\"><strong>Vosk z ry\u017eov\u00fdch otr\u00fab<\/strong> je zdrojom mastn\u00fdch kysel\u00edn, poskytuje z\u00e1kladn\u00fa v\u00fd\u017eivu pre po\u0161koden\u00fa poko\u017eku.&nbsp;<\/span><\/li>\n<\/ul>\n<p><span style=\"font-family: verdana, geneva; font-size: 12pt;\"><strong>Sp\u00f4sob pou\u017eitia:<\/strong> Natiera\u0165 na pery nieko\u013eko kr\u00e1t denne.<\/span><\/p>\n<p><span style=\"font-family: verdana, geneva; font-size: 12pt;\"><img fetchpriority=\"high\" decoding=\"async\" src=\"\/user\/documents\/upload\/mceclip0-236.png?1635102290\" width=\"1000\" height=\"61\" \/><\/span><\/p>\n<p>&nbsp;<\/p>\n<p><span class=\"metafield-multi_line_text_field\" style=\"font-family: verdana, geneva; font-size: 12pt;\"><strong>Objem:<\/strong> 4g\/1,5ml<br \/><\/span><\/p>\n<p><span class=\"metafield-multi_line_text_field\" style=\"font-family: verdana, geneva; font-size: 12pt;\"><strong>Krajina p\u00f4vodu:<\/strong> Rusko<\/span><\/p>\n","protected":false},"excerpt":{"rendered":"<p>Z\u00e1kladom balzamu s\u00fa hypoalerg\u00e9nne vosky Candelilla a Carnauba pr\u00edrodn\u00e9ho p\u00f4vodu, ktor\u00e9 poskytuj\u00fa per\u00e1m antibakteri\u00e1lnu ochranu a n\u00fadzov\u00e9 zotavenie popraskan\u00fdch a such\u00fdch pier.&nbsp;Cel\u00fd komplex bylinn\u00fdch zlo\u017eiek dod\u00e1va per\u00e1m \u013eahk\u00fd lesk a navracia im prirodzen\u00fd jas. Akt\u00edvne zlo\u017eky: Jojobov\u00fd olej hydratuje pery a navracia im prirodzen\u00fa jemnos\u0165.&nbsp; Harman\u010dek m\u00e1 hojiv\u00e9 \u00fa\u010dinky, upokojuje poko\u017eku, odstra\u0148uje odlupovanie a lie\u010di [&hellip;]<\/p>\n","protected":false},"featured_media":7805,"comment_status":"open","ping_status":"open","template":"","meta":{"site-sidebar-layout":"default","site-content-layout":"","ast-site-content-layout":"default","site-content-style":"default","site-sidebar-style":"default","ast-global-header-display":"","ast-banner-title-visibility":"","ast-main-header-display":"","ast-hfb-above-header-display":"","ast-hfb-below-header-display":"","ast-hfb-mobile-header-display":"","site-post-title":"","ast-breadcrumbs-content":"","ast-featured-img":"","footer-sml-layout":"","ast-disable-related-posts":"","theme-transparent-header-meta":"","adv-header-id-meta":"","stick-header-meta":"","header-above-stick-meta":"","header-main-stick-meta":"","header-below-stick-meta":"","astra-migrate-meta-layouts":"default","ast-page-background-enabled":"default","ast-page-background-meta":{"desktop":{"background-color":"","background-image":"","background-repeat":"repeat","background-position":"center center","background-size":"auto","background-attachment":"scroll","background-type":"","background-media":"","overlay-type":"","overlay-color":"","overlay-opacity":"","overlay-gradient":""},"tablet":{"background-color":"","background-image":"","background-repeat":"repeat","background-position":"center center","background-size":"auto","background-attachment":"scroll","background-type":"","background-media":"","overlay-type":"","overlay-color":"","overlay-opacity":"","overlay-gradient":""},"mobile":{"background-color":"","background-image":"","background-repeat":"repeat","background-position":"center center","background-size":"auto","background-attachment":"scroll","background-type":"","background-media":"","overlay-type":"","overlay-color":"","overlay-opacity":"","overlay-gradient":""}},"ast-content-background-meta":{"desktop":{"background-color":"var(--ast-global-color-5)","background-image":"","background-repeat":"repeat","background-position":"center center","background-size":"auto","background-attachment":"scroll","background-type":"","background-media":"","overlay-type":"","overlay-color":"","overlay-opacity":"","overlay-gradient":""},"tablet":{"background-color":"var(--ast-global-color-5)","background-image":"","background-repeat":"repeat","background-position":"center center","background-size":"auto","background-attachment":"scroll","background-type":"","background-media":"","overlay-type":"","overlay-color":"","overlay-opacity":"","overlay-gradient":""},"mobile":{"background-color":"var(--ast-global-color-5)","background-image":"","background-repeat":"repeat","background-position":"center center","background-size":"auto","background-attachment":"scroll","background-type":"","background-media":"","overlay-type":"","overlay-color":"","overlay-opacity":"","overlay-gradient":""}}},"product_brand":[],"product_cat":[31],"product_tag":[],"class_list":{"0":"post-7804","1":"product","2":"type-product","3":"status-publish","4":"has-post-thumbnail","6":"product_cat-pletova-kozmetika","7":"pa_cena-dopravy-367","8":"pa_doprava-zasilkovna","9":"pa_ean-1033","10":"pa_typ-partnersky-predaj","11":"pa_znacka-botavikos","12":"desktop-align-left","13":"tablet-align-left","14":"mobile-align-left","16":"first","17":"instock","18":"product-type-external"},"yoast_head":"<!-- This site is optimized with the Yoast SEO plugin v27.2 - https:\/\/yoast.com\/product\/yoast-seo-wordpress\/ -->\n<title>Balzam na pery s jojobou, harman\u010dekom a vitam\u00ednom E - Botavikos - 4g - EKO-BIO-NATURA BIO OBCHOD<\/title>\n<meta name=\"robots\" content=\"index, follow, max-snippet:-1, max-image-preview:large, max-video-preview:-1\" \/>\n<link rel=\"canonical\" href=\"https:\/\/www.eko-bio-natura.sk\/shop\/produkt\/balzam-na-pery-s-jojobou-harmancekom-a-vitaminom-e-botavikos-4g\/\" \/>\n<meta property=\"og:locale\" content=\"sk_SK\" \/>\n<meta property=\"og:type\" content=\"article\" \/>\n<meta property=\"og:title\" content=\"Balzam na pery s jojobou, harman\u010dekom a vitam\u00ednom E - Botavikos - 4g - EKO-BIO-NATURA BIO OBCHOD\" \/>\n<meta property=\"og:description\" content=\"Z\u00e1kladom balzamu s\u00fa hypoalerg\u00e9nne vosky Candelilla a Carnauba pr\u00edrodn\u00e9ho p\u00f4vodu, ktor\u00e9 poskytuj\u00fa per\u00e1m antibakteri\u00e1lnu ochranu a n\u00fadzov\u00e9 zotavenie popraskan\u00fdch a such\u00fdch pier.&nbsp;Cel\u00fd komplex bylinn\u00fdch zlo\u017eiek dod\u00e1va per\u00e1m \u013eahk\u00fd lesk a navracia im prirodzen\u00fd jas. Akt\u00edvne zlo\u017eky: Jojobov\u00fd olej hydratuje pery a navracia im prirodzen\u00fa jemnos\u0165.&nbsp; Harman\u010dek m\u00e1 hojiv\u00e9 \u00fa\u010dinky, upokojuje poko\u017eku, odstra\u0148uje odlupovanie a lie\u010di [&hellip;]\" \/>\n<meta property=\"og:url\" content=\"https:\/\/www.eko-bio-natura.sk\/shop\/produkt\/balzam-na-pery-s-jojobou-harmancekom-a-vitaminom-e-botavikos-4g\/\" \/>\n<meta property=\"og:site_name\" content=\"EKO-BIO-NATURA BIO OBCHOD\" \/>\n<meta property=\"article:modified_time\" content=\"2022-05-04T14:41:37+00:00\" \/>\n<meta property=\"og:image\" content=\"https:\/\/www.eko-bio-natura.sk\/shop\/wp-content\/uploads\/2021\/12\/14364_5ba351e8384e1f5a9b16f6a2.jpg\" \/>\n\t<meta property=\"og:image:width\" content=\"896\" \/>\n\t<meta property=\"og:image:height\" content=\"442\" \/>\n\t<meta property=\"og:image:type\" content=\"image\/jpeg\" \/>\n<meta name=\"twitter:card\" content=\"summary_large_image\" \/>\n<meta name=\"twitter:label1\" content=\"Predpokladan\u00fd \u010das \u010d\u00edtania\" \/>\n\t<meta name=\"twitter:data1\" content=\"1 min\u00fata\" \/>\n<script type=\"application\/ld+json\" class=\"yoast-schema-graph\">{\"@context\":\"https:\/\/schema.org\",\"@graph\":[{\"@type\":\"WebPage\",\"@id\":\"https:\/\/www.eko-bio-natura.sk\/shop\/produkt\/balzam-na-pery-s-jojobou-harmancekom-a-vitaminom-e-botavikos-4g\/\",\"url\":\"https:\/\/www.eko-bio-natura.sk\/shop\/produkt\/balzam-na-pery-s-jojobou-harmancekom-a-vitaminom-e-botavikos-4g\/\",\"name\":\"Balzam na pery s jojobou, harman\u010dekom a vitam\u00ednom E - Botavikos - 4g - EKO-BIO-NATURA BIO OBCHOD\",\"isPartOf\":{\"@id\":\"https:\/\/www.eko-bio-natura.sk\/shop\/#website\"},\"primaryImageOfPage\":{\"@id\":\"https:\/\/www.eko-bio-natura.sk\/shop\/produkt\/balzam-na-pery-s-jojobou-harmancekom-a-vitaminom-e-botavikos-4g\/#primaryimage\"},\"image\":{\"@id\":\"https:\/\/www.eko-bio-natura.sk\/shop\/produkt\/balzam-na-pery-s-jojobou-harmancekom-a-vitaminom-e-botavikos-4g\/#primaryimage\"},\"thumbnailUrl\":\"https:\/\/www.eko-bio-natura.sk\/shop\/wp-content\/uploads\/2021\/12\/14364_5ba351e8384e1f5a9b16f6a2.jpg\",\"datePublished\":\"2021-12-28T17:18:36+00:00\",\"dateModified\":\"2022-05-04T14:41:37+00:00\",\"breadcrumb\":{\"@id\":\"https:\/\/www.eko-bio-natura.sk\/shop\/produkt\/balzam-na-pery-s-jojobou-harmancekom-a-vitaminom-e-botavikos-4g\/#breadcrumb\"},\"inLanguage\":\"sk-SK\",\"potentialAction\":[{\"@type\":\"ReadAction\",\"target\":[\"https:\/\/www.eko-bio-natura.sk\/shop\/produkt\/balzam-na-pery-s-jojobou-harmancekom-a-vitaminom-e-botavikos-4g\/\"]}]},{\"@type\":\"ImageObject\",\"inLanguage\":\"sk-SK\",\"@id\":\"https:\/\/www.eko-bio-natura.sk\/shop\/produkt\/balzam-na-pery-s-jojobou-harmancekom-a-vitaminom-e-botavikos-4g\/#primaryimage\",\"url\":\"https:\/\/www.eko-bio-natura.sk\/shop\/wp-content\/uploads\/2021\/12\/14364_5ba351e8384e1f5a9b16f6a2.jpg\",\"contentUrl\":\"https:\/\/www.eko-bio-natura.sk\/shop\/wp-content\/uploads\/2021\/12\/14364_5ba351e8384e1f5a9b16f6a2.jpg\",\"width\":896,\"height\":442},{\"@type\":\"BreadcrumbList\",\"@id\":\"https:\/\/www.eko-bio-natura.sk\/shop\/produkt\/balzam-na-pery-s-jojobou-harmancekom-a-vitaminom-e-botavikos-4g\/#breadcrumb\",\"itemListElement\":[{\"@type\":\"ListItem\",\"position\":1,\"name\":\"Domovsk\u00e1 str\u00e1nka\",\"item\":\"https:\/\/www.eko-bio-natura.sk\/shop\/\"},{\"@type\":\"ListItem\",\"position\":2,\"name\":\"Obchod\",\"item\":\"https:\/\/www.eko-bio-natura.sk\/shop\/?page_id=6\"},{\"@type\":\"ListItem\",\"position\":3,\"name\":\"Balzam na pery s jojobou, harman\u010dekom a vitam\u00ednom E &#8211; Botavikos &#8211; 4g\"}]},{\"@type\":\"WebSite\",\"@id\":\"https:\/\/www.eko-bio-natura.sk\/shop\/#website\",\"url\":\"https:\/\/www.eko-bio-natura.sk\/shop\/\",\"name\":\"EKO-BIO-NATURA BIO OBCHOD\",\"description\":\"\",\"publisher\":{\"@id\":\"https:\/\/www.eko-bio-natura.sk\/shop\/#organization\"},\"potentialAction\":[{\"@type\":\"SearchAction\",\"target\":{\"@type\":\"EntryPoint\",\"urlTemplate\":\"https:\/\/www.eko-bio-natura.sk\/shop\/?s={search_term_string}\"},\"query-input\":{\"@type\":\"PropertyValueSpecification\",\"valueRequired\":true,\"valueName\":\"search_term_string\"}}],\"inLanguage\":\"sk-SK\"},{\"@type\":\"Organization\",\"@id\":\"https:\/\/www.eko-bio-natura.sk\/shop\/#organization\",\"name\":\"EKO-BIO-NATURA BIO OBCHOD\",\"url\":\"https:\/\/www.eko-bio-natura.sk\/shop\/\",\"logo\":{\"@type\":\"ImageObject\",\"inLanguage\":\"sk-SK\",\"@id\":\"https:\/\/www.eko-bio-natura.sk\/shop\/#\/schema\/logo\/image\/\",\"url\":\"https:\/\/www.eko-bio-natura.sk\/shop\/wp-content\/uploads\/2021\/04\/eko-bio-natura_logo.png\",\"contentUrl\":\"https:\/\/www.eko-bio-natura.sk\/shop\/wp-content\/uploads\/2021\/04\/eko-bio-natura_logo.png\",\"width\":552,\"height\":194,\"caption\":\"EKO-BIO-NATURA BIO OBCHOD\"},\"image\":{\"@id\":\"https:\/\/www.eko-bio-natura.sk\/shop\/#\/schema\/logo\/image\/\"}}]}<\/script>\n<!-- \/ Yoast SEO plugin. -->","yoast_head_json":{"title":"Balzam na pery s jojobou, harman\u010dekom a vitam\u00ednom E - Botavikos - 4g - EKO-BIO-NATURA BIO OBCHOD","robots":{"index":"index","follow":"follow","max-snippet":"max-snippet:-1","max-image-preview":"max-image-preview:large","max-video-preview":"max-video-preview:-1"},"canonical":"https:\/\/www.eko-bio-natura.sk\/shop\/produkt\/balzam-na-pery-s-jojobou-harmancekom-a-vitaminom-e-botavikos-4g\/","og_locale":"sk_SK","og_type":"article","og_title":"Balzam na pery s jojobou, harman\u010dekom a vitam\u00ednom E - Botavikos - 4g - EKO-BIO-NATURA BIO OBCHOD","og_description":"Z\u00e1kladom balzamu s\u00fa hypoalerg\u00e9nne vosky Candelilla a Carnauba pr\u00edrodn\u00e9ho p\u00f4vodu, ktor\u00e9 poskytuj\u00fa per\u00e1m antibakteri\u00e1lnu ochranu a n\u00fadzov\u00e9 zotavenie popraskan\u00fdch a such\u00fdch pier.&nbsp;Cel\u00fd komplex bylinn\u00fdch zlo\u017eiek dod\u00e1va per\u00e1m \u013eahk\u00fd lesk a navracia im prirodzen\u00fd jas. Akt\u00edvne zlo\u017eky: Jojobov\u00fd olej hydratuje pery a navracia im prirodzen\u00fa jemnos\u0165.&nbsp; Harman\u010dek m\u00e1 hojiv\u00e9 \u00fa\u010dinky, upokojuje poko\u017eku, odstra\u0148uje odlupovanie a lie\u010di [&hellip;]","og_url":"https:\/\/www.eko-bio-natura.sk\/shop\/produkt\/balzam-na-pery-s-jojobou-harmancekom-a-vitaminom-e-botavikos-4g\/","og_site_name":"EKO-BIO-NATURA BIO OBCHOD","article_modified_time":"2022-05-04T14:41:37+00:00","og_image":[{"width":896,"height":442,"url":"https:\/\/www.eko-bio-natura.sk\/shop\/wp-content\/uploads\/2021\/12\/14364_5ba351e8384e1f5a9b16f6a2.jpg","type":"image\/jpeg"}],"twitter_card":"summary_large_image","twitter_misc":{"Predpokladan\u00fd \u010das \u010d\u00edtania":"1 min\u00fata"},"schema":{"@context":"https:\/\/schema.org","@graph":[{"@type":"WebPage","@id":"https:\/\/www.eko-bio-natura.sk\/shop\/produkt\/balzam-na-pery-s-jojobou-harmancekom-a-vitaminom-e-botavikos-4g\/","url":"https:\/\/www.eko-bio-natura.sk\/shop\/produkt\/balzam-na-pery-s-jojobou-harmancekom-a-vitaminom-e-botavikos-4g\/","name":"Balzam na pery s jojobou, harman\u010dekom a vitam\u00ednom E - Botavikos - 4g - EKO-BIO-NATURA BIO OBCHOD","isPartOf":{"@id":"https:\/\/www.eko-bio-natura.sk\/shop\/#website"},"primaryImageOfPage":{"@id":"https:\/\/www.eko-bio-natura.sk\/shop\/produkt\/balzam-na-pery-s-jojobou-harmancekom-a-vitaminom-e-botavikos-4g\/#primaryimage"},"image":{"@id":"https:\/\/www.eko-bio-natura.sk\/shop\/produkt\/balzam-na-pery-s-jojobou-harmancekom-a-vitaminom-e-botavikos-4g\/#primaryimage"},"thumbnailUrl":"https:\/\/www.eko-bio-natura.sk\/shop\/wp-content\/uploads\/2021\/12\/14364_5ba351e8384e1f5a9b16f6a2.jpg","datePublished":"2021-12-28T17:18:36+00:00","dateModified":"2022-05-04T14:41:37+00:00","breadcrumb":{"@id":"https:\/\/www.eko-bio-natura.sk\/shop\/produkt\/balzam-na-pery-s-jojobou-harmancekom-a-vitaminom-e-botavikos-4g\/#breadcrumb"},"inLanguage":"sk-SK","potentialAction":[{"@type":"ReadAction","target":["https:\/\/www.eko-bio-natura.sk\/shop\/produkt\/balzam-na-pery-s-jojobou-harmancekom-a-vitaminom-e-botavikos-4g\/"]}]},{"@type":"ImageObject","inLanguage":"sk-SK","@id":"https:\/\/www.eko-bio-natura.sk\/shop\/produkt\/balzam-na-pery-s-jojobou-harmancekom-a-vitaminom-e-botavikos-4g\/#primaryimage","url":"https:\/\/www.eko-bio-natura.sk\/shop\/wp-content\/uploads\/2021\/12\/14364_5ba351e8384e1f5a9b16f6a2.jpg","contentUrl":"https:\/\/www.eko-bio-natura.sk\/shop\/wp-content\/uploads\/2021\/12\/14364_5ba351e8384e1f5a9b16f6a2.jpg","width":896,"height":442},{"@type":"BreadcrumbList","@id":"https:\/\/www.eko-bio-natura.sk\/shop\/produkt\/balzam-na-pery-s-jojobou-harmancekom-a-vitaminom-e-botavikos-4g\/#breadcrumb","itemListElement":[{"@type":"ListItem","position":1,"name":"Domovsk\u00e1 str\u00e1nka","item":"https:\/\/www.eko-bio-natura.sk\/shop\/"},{"@type":"ListItem","position":2,"name":"Obchod","item":"https:\/\/www.eko-bio-natura.sk\/shop\/?page_id=6"},{"@type":"ListItem","position":3,"name":"Balzam na pery s jojobou, harman\u010dekom a vitam\u00ednom E &#8211; Botavikos &#8211; 4g"}]},{"@type":"WebSite","@id":"https:\/\/www.eko-bio-natura.sk\/shop\/#website","url":"https:\/\/www.eko-bio-natura.sk\/shop\/","name":"EKO-BIO-NATURA BIO OBCHOD","description":"","publisher":{"@id":"https:\/\/www.eko-bio-natura.sk\/shop\/#organization"},"potentialAction":[{"@type":"SearchAction","target":{"@type":"EntryPoint","urlTemplate":"https:\/\/www.eko-bio-natura.sk\/shop\/?s={search_term_string}"},"query-input":{"@type":"PropertyValueSpecification","valueRequired":true,"valueName":"search_term_string"}}],"inLanguage":"sk-SK"},{"@type":"Organization","@id":"https:\/\/www.eko-bio-natura.sk\/shop\/#organization","name":"EKO-BIO-NATURA BIO OBCHOD","url":"https:\/\/www.eko-bio-natura.sk\/shop\/","logo":{"@type":"ImageObject","inLanguage":"sk-SK","@id":"https:\/\/www.eko-bio-natura.sk\/shop\/#\/schema\/logo\/image\/","url":"https:\/\/www.eko-bio-natura.sk\/shop\/wp-content\/uploads\/2021\/04\/eko-bio-natura_logo.png","contentUrl":"https:\/\/www.eko-bio-natura.sk\/shop\/wp-content\/uploads\/2021\/04\/eko-bio-natura_logo.png","width":552,"height":194,"caption":"EKO-BIO-NATURA BIO OBCHOD"},"image":{"@id":"https:\/\/www.eko-bio-natura.sk\/shop\/#\/schema\/logo\/image\/"}}]}},"_links":{"self":[{"href":"https:\/\/www.eko-bio-natura.sk\/shop\/wp-json\/wp\/v2\/product\/7804","targetHints":{"allow":["GET"]}}],"collection":[{"href":"https:\/\/www.eko-bio-natura.sk\/shop\/wp-json\/wp\/v2\/product"}],"about":[{"href":"https:\/\/www.eko-bio-natura.sk\/shop\/wp-json\/wp\/v2\/types\/product"}],"replies":[{"embeddable":true,"href":"https:\/\/www.eko-bio-natura.sk\/shop\/wp-json\/wp\/v2\/comments?post=7804"}],"wp:featuredmedia":[{"embeddable":true,"href":"https:\/\/www.eko-bio-natura.sk\/shop\/wp-json\/wp\/v2\/media\/7805"}],"wp:attachment":[{"href":"https:\/\/www.eko-bio-natura.sk\/shop\/wp-json\/wp\/v2\/media?parent=7804"}],"wp:term":[{"taxonomy":"product_brand","embeddable":true,"href":"https:\/\/www.eko-bio-natura.sk\/shop\/wp-json\/wp\/v2\/product_brand?post=7804"},{"taxonomy":"product_cat","embeddable":true,"href":"https:\/\/www.eko-bio-natura.sk\/shop\/wp-json\/wp\/v2\/product_cat?post=7804"},{"taxonomy":"product_tag","embeddable":true,"href":"https:\/\/www.eko-bio-natura.sk\/shop\/wp-json\/wp\/v2\/product_tag?post=7804"}],"curies":[{"name":"wp","href":"https:\/\/api.w.org\/{rel}","templated":true}]}}