{"id":7740,"date":"2021-12-28T18:17:51","date_gmt":"2021-12-28T17:17:51","guid":{"rendered":"https:\/\/www.eko-bio-natura.sk\/shop\/index.php\/produkt\/cbd-kvapky-5-kurkumin-a-cierne-korenie-herbatica-10-ml\/"},"modified":"2022-06-29T20:05:44","modified_gmt":"2022-06-29T18:05:44","slug":"cbd-kvapky-5-kurkumin-a-cierne-korenie-herbatica-10-ml","status":"publish","type":"product","link":"https:\/\/www.eko-bio-natura.sk\/shop\/produkt\/cbd-kvapky-5-kurkumin-a-cierne-korenie-herbatica-10-ml\/","title":{"rendered":"CBD kvapky 5% &quot;Kurkum\u00edn a \u010dierne korenie&quot; &#8211; Herbatica &#8211; 10 ml"},"content":{"rendered":"<p><span style=\"font-family: verdana, geneva; font-size: 12pt;\">CBD kvapky s olivov\u00fdm olejom, kurkum\u00ednom a \u010diernym koren\u00edm s\u00fa vyroben\u00e9 s v\u00fd\u0165a\u017ekom z konopnej biomasy z\u00edskan\u00fdm pomocou CO2 a rozrieden\u00fdm v olivovom oleji. V\u00fdrobok obsahuje \u0161irok\u00e9 spektrum kanabinoidov a bioakt\u00edvnych l\u00e1tok. Kanabinoidy sa vyskytuj\u00fa prirodzene aj \u013eudskom tele vo forme endokanabinoidov, no pre ich spr\u00e1vnu funkciu v \u013eudskom tele je vhodn\u00e9 ich dop\u013ana\u0165 a podporova\u0165 kanabinoidmy z\u00edskan\u00fdmi z rastliny konope.&nbsp;Kurkuma si dr\u017e\u00ed cenn\u00e9 miesto v ajurv\u00e9de kv\u00f4li svojim lie\u010div\u00fdm vlastnostiam.<\/span><\/p>\n<p><span face=\"verdana, geneva\" size=\"3\" style=\"font-family: verdana, geneva; font-size: 12pt;\">Tento produkt je bezpe\u010dn\u00fd aj pre u\u017e\u00edvanie dom\u00e1cimi zvieratami. Zv\u00e1\u017ete pros\u00edm, d\u00e1vkovanie a hmotnos\u0165 zviera\u0165a. Odpor\u00fa\u010dame vo v\u0161eobecnosti za\u010da\u0165 s menej kvapkami a nesk\u00f4r, ak nie s\u00fa pozorovan\u00e9 negat\u00edvne \u00fa\u010dinky, d\u00e1vku zvy\u0161ova\u0165.<\/span><\/p>\n<p><span face=\"verdana, geneva\" size=\"3\" style=\"font-family: verdana, geneva; font-size: 12pt;\">Obsahuje menej ne\u017e 0,2% THC.&nbsp;<br \/><\/span><\/p>\n<p><span><strong><span face=\"verdana, geneva\" size=\"3\"><span style=\"font-family: verdana, geneva; font-size: 12pt;\">Tento produkt je Vegan-friendly.<\/span><\/p>\n<p><\/span><\/strong><\/span><\/p>\n<div class=\"page\" title=\"Page 10\">\n<div class=\"layoutArea\">\n<div class=\"column\">\n<p><span style=\"font-family: verdana, geneva; font-size: 12pt;\"><img decoding=\"async\" src=\"\/user\/documents\/upload\/mceclip0-225.png?1633519078\" width=\"952\" height=\"51\" \/><\/span><\/p>\n<\/div>\n<\/div>\n<\/div>\n<p><span face=\"verdana, geneva\" size=\"3\" style=\"font-family: verdana, geneva; font-size: 12pt;\">Vytvorili sme pre v\u00e1s \u010dl\u00e1nok pre vzdel\u00e1vacie \u00fa\u010dely, kde si m\u00f4\u017eete pre\u010d\u00edta\u0165 o&nbsp;<a href=\"https:\/\/www.herbatica.sk\/cbd\/ako-spravne-davkovat-a-uzivat-cbd\/\" target=\"_blank\" rel=\"noopener noreferrer\"><strong>sp\u00f4soboch u\u017e\u00edvania.<\/strong><\/a><\/span><\/p>\n<p><span face=\"verdana, geneva\" size=\"3\" style=\"font-family: verdana, geneva; font-size: 12pt;\"><strong>Viac inform\u00e1cii o CBD <\/strong>a jeho vyu\u017eit\u00ed v kozmetike a medic\u00edne, sme si pre v\u00e1s pripravili<a href=\"https:\/\/www.herbatica.sk\/cbd\/uvod-do-sveta-cbd\/\" target=\"_blank\" rel=\"noopener noreferrer\"><strong> v tomto \u010dl\u00e1nku.<\/strong><\/a><\/span><\/p>\n<p><span face=\"verdana, geneva\" size=\"3\" style=\"font-family: verdana, geneva; font-size: 12pt;\"><strong>Tento produkt je certifikovan\u00fd a jeho certifik\u00e1t n\u00e1jdete<a href=\"https:\/\/www.herbatica.sk\/certifikaty_produktov\/\" target=\"_blank\" rel=\"noopener noreferrer\"> tu.<\/a>&nbsp;<\/strong><\/span><\/p>\n<p><span><strong><span face=\"verdana, geneva\" size=\"3\"><\/p>\n<p><\/span><\/strong><\/span><\/p>\n","protected":false},"excerpt":{"rendered":"<p>CBD kvapky s olivov\u00fdm olejom, kurkum\u00ednom a \u010diernym koren\u00edm s\u00fa vyroben\u00e9 s v\u00fd\u0165a\u017ekom z konopnej biomasy z\u00edskan\u00fdm pomocou CO2 a rozrieden\u00fdm v olivovom oleji. V\u00fdrobok obsahuje \u0161irok\u00e9 spektrum kanabinoidov a bioakt\u00edvnych l\u00e1tok. Kanabinoidy sa vyskytuj\u00fa prirodzene aj \u013eudskom tele vo forme endokanabinoidov, no pre ich spr\u00e1vnu funkciu v \u013eudskom tele je vhodn\u00e9 ich dop\u013ana\u0165 a [&hellip;]<\/p>\n","protected":false},"featured_media":7741,"comment_status":"open","ping_status":"open","template":"","meta":{"site-sidebar-layout":"default","site-content-layout":"","ast-site-content-layout":"default","site-content-style":"default","site-sidebar-style":"default","ast-global-header-display":"","ast-banner-title-visibility":"","ast-main-header-display":"","ast-hfb-above-header-display":"","ast-hfb-below-header-display":"","ast-hfb-mobile-header-display":"","site-post-title":"","ast-breadcrumbs-content":"","ast-featured-img":"","footer-sml-layout":"","ast-disable-related-posts":"","theme-transparent-header-meta":"","adv-header-id-meta":"","stick-header-meta":"","header-above-stick-meta":"","header-main-stick-meta":"","header-below-stick-meta":"","astra-migrate-meta-layouts":"default","ast-page-background-enabled":"default","ast-page-background-meta":{"desktop":{"background-color":"","background-image":"","background-repeat":"repeat","background-position":"center center","background-size":"auto","background-attachment":"scroll","background-type":"","background-media":"","overlay-type":"","overlay-color":"","overlay-opacity":"","overlay-gradient":""},"tablet":{"background-color":"","background-image":"","background-repeat":"repeat","background-position":"center center","background-size":"auto","background-attachment":"scroll","background-type":"","background-media":"","overlay-type":"","overlay-color":"","overlay-opacity":"","overlay-gradient":""},"mobile":{"background-color":"","background-image":"","background-repeat":"repeat","background-position":"center center","background-size":"auto","background-attachment":"scroll","background-type":"","background-media":"","overlay-type":"","overlay-color":"","overlay-opacity":"","overlay-gradient":""}},"ast-content-background-meta":{"desktop":{"background-color":"var(--ast-global-color-5)","background-image":"","background-repeat":"repeat","background-position":"center center","background-size":"auto","background-attachment":"scroll","background-type":"","background-media":"","overlay-type":"","overlay-color":"","overlay-opacity":"","overlay-gradient":""},"tablet":{"background-color":"var(--ast-global-color-5)","background-image":"","background-repeat":"repeat","background-position":"center center","background-size":"auto","background-attachment":"scroll","background-type":"","background-media":"","overlay-type":"","overlay-color":"","overlay-opacity":"","overlay-gradient":""},"mobile":{"background-color":"var(--ast-global-color-5)","background-image":"","background-repeat":"repeat","background-position":"center center","background-size":"auto","background-attachment":"scroll","background-type":"","background-media":"","overlay-type":"","overlay-color":"","overlay-opacity":"","overlay-gradient":""}}},"product_brand":[],"product_cat":[276,18,2741],"product_tag":[362],"class_list":{"0":"post-7740","1":"product","2":"type-product","3":"status-publish","4":"has-post-thumbnail","6":"product_cat-cbd-produkty","7":"product_cat-prirodna-lekaren","8":"product_cat-vegan","9":"product_tag-vegan","10":"pa_cena-dopravy-367","11":"pa_doprava-zasilkovna","12":"pa_typ-partnersky-predaj","13":"pa_znacka-herbatica","14":"desktop-align-left","15":"tablet-align-left","16":"mobile-align-left","18":"first","19":"instock","20":"product-type-external"},"yoast_head":"<!-- This site is optimized with the Yoast SEO plugin v27.2 - https:\/\/yoast.com\/product\/yoast-seo-wordpress\/ -->\n<title>CBD kvapky 5% &quot;Kurkum\u00edn a \u010dierne korenie&quot; - Herbatica - 10 ml - EKO-BIO-NATURA BIO OBCHOD<\/title>\n<meta name=\"robots\" content=\"index, follow, max-snippet:-1, max-image-preview:large, max-video-preview:-1\" \/>\n<link rel=\"canonical\" href=\"https:\/\/www.eko-bio-natura.sk\/shop\/produkt\/cbd-kvapky-5-kurkumin-a-cierne-korenie-herbatica-10-ml\/\" \/>\n<meta property=\"og:locale\" content=\"sk_SK\" \/>\n<meta property=\"og:type\" content=\"article\" \/>\n<meta property=\"og:title\" content=\"CBD kvapky 5% &quot;Kurkum\u00edn a \u010dierne korenie&quot; - Herbatica - 10 ml - EKO-BIO-NATURA BIO OBCHOD\" \/>\n<meta property=\"og:description\" content=\"CBD kvapky s olivov\u00fdm olejom, kurkum\u00ednom a \u010diernym koren\u00edm s\u00fa vyroben\u00e9 s v\u00fd\u0165a\u017ekom z konopnej biomasy z\u00edskan\u00fdm pomocou CO2 a rozrieden\u00fdm v olivovom oleji. V\u00fdrobok obsahuje \u0161irok\u00e9 spektrum kanabinoidov a bioakt\u00edvnych l\u00e1tok. Kanabinoidy sa vyskytuj\u00fa prirodzene aj \u013eudskom tele vo forme endokanabinoidov, no pre ich spr\u00e1vnu funkciu v \u013eudskom tele je vhodn\u00e9 ich dop\u013ana\u0165 a [&hellip;]\" \/>\n<meta property=\"og:url\" content=\"https:\/\/www.eko-bio-natura.sk\/shop\/produkt\/cbd-kvapky-5-kurkumin-a-cierne-korenie-herbatica-10-ml\/\" \/>\n<meta property=\"og:site_name\" content=\"EKO-BIO-NATURA BIO OBCHOD\" \/>\n<meta property=\"article:modified_time\" content=\"2022-06-29T18:05:44+00:00\" \/>\n<meta property=\"og:image\" content=\"https:\/\/www.eko-bio-natura.sk\/shop\/wp-content\/uploads\/2021\/12\/14310-1_cbd-voj-8299-scaled.jpg\" \/>\n\t<meta property=\"og:image:width\" content=\"2560\" \/>\n\t<meta property=\"og:image:height\" content=\"2560\" \/>\n\t<meta property=\"og:image:type\" content=\"image\/jpeg\" \/>\n<meta name=\"twitter:card\" content=\"summary_large_image\" \/>\n<meta name=\"twitter:label1\" content=\"Predpokladan\u00fd \u010das \u010d\u00edtania\" \/>\n\t<meta name=\"twitter:data1\" content=\"1 min\u00fata\" \/>\n<script type=\"application\/ld+json\" class=\"yoast-schema-graph\">{\"@context\":\"https:\/\/schema.org\",\"@graph\":[{\"@type\":\"WebPage\",\"@id\":\"https:\/\/www.eko-bio-natura.sk\/shop\/produkt\/cbd-kvapky-5-kurkumin-a-cierne-korenie-herbatica-10-ml\/\",\"url\":\"https:\/\/www.eko-bio-natura.sk\/shop\/produkt\/cbd-kvapky-5-kurkumin-a-cierne-korenie-herbatica-10-ml\/\",\"name\":\"CBD kvapky 5% &quot;Kurkum\u00edn a \u010dierne korenie&quot; - Herbatica - 10 ml - EKO-BIO-NATURA BIO OBCHOD\",\"isPartOf\":{\"@id\":\"https:\/\/www.eko-bio-natura.sk\/shop\/#website\"},\"primaryImageOfPage\":{\"@id\":\"https:\/\/www.eko-bio-natura.sk\/shop\/produkt\/cbd-kvapky-5-kurkumin-a-cierne-korenie-herbatica-10-ml\/#primaryimage\"},\"image\":{\"@id\":\"https:\/\/www.eko-bio-natura.sk\/shop\/produkt\/cbd-kvapky-5-kurkumin-a-cierne-korenie-herbatica-10-ml\/#primaryimage\"},\"thumbnailUrl\":\"https:\/\/www.eko-bio-natura.sk\/shop\/wp-content\/uploads\/2021\/12\/14310-1_cbd-voj-8299-scaled.jpg\",\"datePublished\":\"2021-12-28T17:17:51+00:00\",\"dateModified\":\"2022-06-29T18:05:44+00:00\",\"breadcrumb\":{\"@id\":\"https:\/\/www.eko-bio-natura.sk\/shop\/produkt\/cbd-kvapky-5-kurkumin-a-cierne-korenie-herbatica-10-ml\/#breadcrumb\"},\"inLanguage\":\"sk-SK\",\"potentialAction\":[{\"@type\":\"ReadAction\",\"target\":[\"https:\/\/www.eko-bio-natura.sk\/shop\/produkt\/cbd-kvapky-5-kurkumin-a-cierne-korenie-herbatica-10-ml\/\"]}]},{\"@type\":\"ImageObject\",\"inLanguage\":\"sk-SK\",\"@id\":\"https:\/\/www.eko-bio-natura.sk\/shop\/produkt\/cbd-kvapky-5-kurkumin-a-cierne-korenie-herbatica-10-ml\/#primaryimage\",\"url\":\"https:\/\/www.eko-bio-natura.sk\/shop\/wp-content\/uploads\/2021\/12\/14310-1_cbd-voj-8299-scaled.jpg\",\"contentUrl\":\"https:\/\/www.eko-bio-natura.sk\/shop\/wp-content\/uploads\/2021\/12\/14310-1_cbd-voj-8299-scaled.jpg\",\"width\":2560,\"height\":2560},{\"@type\":\"BreadcrumbList\",\"@id\":\"https:\/\/www.eko-bio-natura.sk\/shop\/produkt\/cbd-kvapky-5-kurkumin-a-cierne-korenie-herbatica-10-ml\/#breadcrumb\",\"itemListElement\":[{\"@type\":\"ListItem\",\"position\":1,\"name\":\"Domovsk\u00e1 str\u00e1nka\",\"item\":\"https:\/\/www.eko-bio-natura.sk\/shop\/\"},{\"@type\":\"ListItem\",\"position\":2,\"name\":\"Obchod\",\"item\":\"https:\/\/www.eko-bio-natura.sk\/shop\/?page_id=6\"},{\"@type\":\"ListItem\",\"position\":3,\"name\":\"CBD kvapky 5% &quot;Kurkum\u00edn a \u010dierne korenie&quot; &#8211; Herbatica &#8211; 10 ml\"}]},{\"@type\":\"WebSite\",\"@id\":\"https:\/\/www.eko-bio-natura.sk\/shop\/#website\",\"url\":\"https:\/\/www.eko-bio-natura.sk\/shop\/\",\"name\":\"EKO-BIO-NATURA BIO OBCHOD\",\"description\":\"\",\"publisher\":{\"@id\":\"https:\/\/www.eko-bio-natura.sk\/shop\/#organization\"},\"potentialAction\":[{\"@type\":\"SearchAction\",\"target\":{\"@type\":\"EntryPoint\",\"urlTemplate\":\"https:\/\/www.eko-bio-natura.sk\/shop\/?s={search_term_string}\"},\"query-input\":{\"@type\":\"PropertyValueSpecification\",\"valueRequired\":true,\"valueName\":\"search_term_string\"}}],\"inLanguage\":\"sk-SK\"},{\"@type\":\"Organization\",\"@id\":\"https:\/\/www.eko-bio-natura.sk\/shop\/#organization\",\"name\":\"EKO-BIO-NATURA BIO OBCHOD\",\"url\":\"https:\/\/www.eko-bio-natura.sk\/shop\/\",\"logo\":{\"@type\":\"ImageObject\",\"inLanguage\":\"sk-SK\",\"@id\":\"https:\/\/www.eko-bio-natura.sk\/shop\/#\/schema\/logo\/image\/\",\"url\":\"https:\/\/www.eko-bio-natura.sk\/shop\/wp-content\/uploads\/2021\/04\/eko-bio-natura_logo.png\",\"contentUrl\":\"https:\/\/www.eko-bio-natura.sk\/shop\/wp-content\/uploads\/2021\/04\/eko-bio-natura_logo.png\",\"width\":552,\"height\":194,\"caption\":\"EKO-BIO-NATURA BIO OBCHOD\"},\"image\":{\"@id\":\"https:\/\/www.eko-bio-natura.sk\/shop\/#\/schema\/logo\/image\/\"}}]}<\/script>\n<!-- \/ Yoast SEO plugin. -->","yoast_head_json":{"title":"CBD kvapky 5% &quot;Kurkum\u00edn a \u010dierne korenie&quot; - Herbatica - 10 ml - EKO-BIO-NATURA BIO OBCHOD","robots":{"index":"index","follow":"follow","max-snippet":"max-snippet:-1","max-image-preview":"max-image-preview:large","max-video-preview":"max-video-preview:-1"},"canonical":"https:\/\/www.eko-bio-natura.sk\/shop\/produkt\/cbd-kvapky-5-kurkumin-a-cierne-korenie-herbatica-10-ml\/","og_locale":"sk_SK","og_type":"article","og_title":"CBD kvapky 5% &quot;Kurkum\u00edn a \u010dierne korenie&quot; - Herbatica - 10 ml - EKO-BIO-NATURA BIO OBCHOD","og_description":"CBD kvapky s olivov\u00fdm olejom, kurkum\u00ednom a \u010diernym koren\u00edm s\u00fa vyroben\u00e9 s v\u00fd\u0165a\u017ekom z konopnej biomasy z\u00edskan\u00fdm pomocou CO2 a rozrieden\u00fdm v olivovom oleji. V\u00fdrobok obsahuje \u0161irok\u00e9 spektrum kanabinoidov a bioakt\u00edvnych l\u00e1tok. Kanabinoidy sa vyskytuj\u00fa prirodzene aj \u013eudskom tele vo forme endokanabinoidov, no pre ich spr\u00e1vnu funkciu v \u013eudskom tele je vhodn\u00e9 ich dop\u013ana\u0165 a [&hellip;]","og_url":"https:\/\/www.eko-bio-natura.sk\/shop\/produkt\/cbd-kvapky-5-kurkumin-a-cierne-korenie-herbatica-10-ml\/","og_site_name":"EKO-BIO-NATURA BIO OBCHOD","article_modified_time":"2022-06-29T18:05:44+00:00","og_image":[{"width":2560,"height":2560,"url":"https:\/\/www.eko-bio-natura.sk\/shop\/wp-content\/uploads\/2021\/12\/14310-1_cbd-voj-8299-scaled.jpg","type":"image\/jpeg"}],"twitter_card":"summary_large_image","twitter_misc":{"Predpokladan\u00fd \u010das \u010d\u00edtania":"1 min\u00fata"},"schema":{"@context":"https:\/\/schema.org","@graph":[{"@type":"WebPage","@id":"https:\/\/www.eko-bio-natura.sk\/shop\/produkt\/cbd-kvapky-5-kurkumin-a-cierne-korenie-herbatica-10-ml\/","url":"https:\/\/www.eko-bio-natura.sk\/shop\/produkt\/cbd-kvapky-5-kurkumin-a-cierne-korenie-herbatica-10-ml\/","name":"CBD kvapky 5% &quot;Kurkum\u00edn a \u010dierne korenie&quot; - Herbatica - 10 ml - EKO-BIO-NATURA BIO OBCHOD","isPartOf":{"@id":"https:\/\/www.eko-bio-natura.sk\/shop\/#website"},"primaryImageOfPage":{"@id":"https:\/\/www.eko-bio-natura.sk\/shop\/produkt\/cbd-kvapky-5-kurkumin-a-cierne-korenie-herbatica-10-ml\/#primaryimage"},"image":{"@id":"https:\/\/www.eko-bio-natura.sk\/shop\/produkt\/cbd-kvapky-5-kurkumin-a-cierne-korenie-herbatica-10-ml\/#primaryimage"},"thumbnailUrl":"https:\/\/www.eko-bio-natura.sk\/shop\/wp-content\/uploads\/2021\/12\/14310-1_cbd-voj-8299-scaled.jpg","datePublished":"2021-12-28T17:17:51+00:00","dateModified":"2022-06-29T18:05:44+00:00","breadcrumb":{"@id":"https:\/\/www.eko-bio-natura.sk\/shop\/produkt\/cbd-kvapky-5-kurkumin-a-cierne-korenie-herbatica-10-ml\/#breadcrumb"},"inLanguage":"sk-SK","potentialAction":[{"@type":"ReadAction","target":["https:\/\/www.eko-bio-natura.sk\/shop\/produkt\/cbd-kvapky-5-kurkumin-a-cierne-korenie-herbatica-10-ml\/"]}]},{"@type":"ImageObject","inLanguage":"sk-SK","@id":"https:\/\/www.eko-bio-natura.sk\/shop\/produkt\/cbd-kvapky-5-kurkumin-a-cierne-korenie-herbatica-10-ml\/#primaryimage","url":"https:\/\/www.eko-bio-natura.sk\/shop\/wp-content\/uploads\/2021\/12\/14310-1_cbd-voj-8299-scaled.jpg","contentUrl":"https:\/\/www.eko-bio-natura.sk\/shop\/wp-content\/uploads\/2021\/12\/14310-1_cbd-voj-8299-scaled.jpg","width":2560,"height":2560},{"@type":"BreadcrumbList","@id":"https:\/\/www.eko-bio-natura.sk\/shop\/produkt\/cbd-kvapky-5-kurkumin-a-cierne-korenie-herbatica-10-ml\/#breadcrumb","itemListElement":[{"@type":"ListItem","position":1,"name":"Domovsk\u00e1 str\u00e1nka","item":"https:\/\/www.eko-bio-natura.sk\/shop\/"},{"@type":"ListItem","position":2,"name":"Obchod","item":"https:\/\/www.eko-bio-natura.sk\/shop\/?page_id=6"},{"@type":"ListItem","position":3,"name":"CBD kvapky 5% &quot;Kurkum\u00edn a \u010dierne korenie&quot; &#8211; Herbatica &#8211; 10 ml"}]},{"@type":"WebSite","@id":"https:\/\/www.eko-bio-natura.sk\/shop\/#website","url":"https:\/\/www.eko-bio-natura.sk\/shop\/","name":"EKO-BIO-NATURA BIO OBCHOD","description":"","publisher":{"@id":"https:\/\/www.eko-bio-natura.sk\/shop\/#organization"},"potentialAction":[{"@type":"SearchAction","target":{"@type":"EntryPoint","urlTemplate":"https:\/\/www.eko-bio-natura.sk\/shop\/?s={search_term_string}"},"query-input":{"@type":"PropertyValueSpecification","valueRequired":true,"valueName":"search_term_string"}}],"inLanguage":"sk-SK"},{"@type":"Organization","@id":"https:\/\/www.eko-bio-natura.sk\/shop\/#organization","name":"EKO-BIO-NATURA BIO OBCHOD","url":"https:\/\/www.eko-bio-natura.sk\/shop\/","logo":{"@type":"ImageObject","inLanguage":"sk-SK","@id":"https:\/\/www.eko-bio-natura.sk\/shop\/#\/schema\/logo\/image\/","url":"https:\/\/www.eko-bio-natura.sk\/shop\/wp-content\/uploads\/2021\/04\/eko-bio-natura_logo.png","contentUrl":"https:\/\/www.eko-bio-natura.sk\/shop\/wp-content\/uploads\/2021\/04\/eko-bio-natura_logo.png","width":552,"height":194,"caption":"EKO-BIO-NATURA BIO OBCHOD"},"image":{"@id":"https:\/\/www.eko-bio-natura.sk\/shop\/#\/schema\/logo\/image\/"}}]}},"_links":{"self":[{"href":"https:\/\/www.eko-bio-natura.sk\/shop\/wp-json\/wp\/v2\/product\/7740","targetHints":{"allow":["GET"]}}],"collection":[{"href":"https:\/\/www.eko-bio-natura.sk\/shop\/wp-json\/wp\/v2\/product"}],"about":[{"href":"https:\/\/www.eko-bio-natura.sk\/shop\/wp-json\/wp\/v2\/types\/product"}],"replies":[{"embeddable":true,"href":"https:\/\/www.eko-bio-natura.sk\/shop\/wp-json\/wp\/v2\/comments?post=7740"}],"wp:featuredmedia":[{"embeddable":true,"href":"https:\/\/www.eko-bio-natura.sk\/shop\/wp-json\/wp\/v2\/media\/7741"}],"wp:attachment":[{"href":"https:\/\/www.eko-bio-natura.sk\/shop\/wp-json\/wp\/v2\/media?parent=7740"}],"wp:term":[{"taxonomy":"product_brand","embeddable":true,"href":"https:\/\/www.eko-bio-natura.sk\/shop\/wp-json\/wp\/v2\/product_brand?post=7740"},{"taxonomy":"product_cat","embeddable":true,"href":"https:\/\/www.eko-bio-natura.sk\/shop\/wp-json\/wp\/v2\/product_cat?post=7740"},{"taxonomy":"product_tag","embeddable":true,"href":"https:\/\/www.eko-bio-natura.sk\/shop\/wp-json\/wp\/v2\/product_tag?post=7740"}],"curies":[{"name":"wp","href":"https:\/\/api.w.org\/{rel}","templated":true}]}}