{"id":7712,"date":"2021-12-28T18:17:51","date_gmt":"2021-12-28T17:17:51","guid":{"rendered":"https:\/\/www.eko-bio-natura.sk\/shop\/index.php\/produkt\/healt-zubny-bieliaci-prasok-kava-a-tabak-100-g\/"},"modified":"2022-05-04T16:41:30","modified_gmt":"2022-05-04T14:41:30","slug":"healt-zubny-bieliaci-prasok-kava-a-tabak-100-g","status":"publish","type":"product","link":"https:\/\/www.eko-bio-natura.sk\/shop\/produkt\/healt-zubny-bieliaci-prasok-kava-a-tabak-100-g\/","title":{"rendered":"Healt Zubn\u00fd bieliaci pr\u00e1\u0161ok K\u00e1va a Tabak &#8211; 100 g"},"content":{"rendered":"<p><meta charset=\"UTF-8\" \/><span><\/span><\/p>\n<p><span style=\"font-family: verdana, geneva; font-size: 12pt;\">Pr\u00edrodn\u00fd zubn\u00fd pr\u00e1\u0161ok v\u00e1m umo\u017e\u0148uje jemne a r\u00fdchlo vy\u010disti\u0165 zuby &nbsp;&#8211; aj od nikot\u00ednov\u00e9ho povlaku, rovnako ako povlaku z k\u00e1vy, \u010daju, v\u00edna. Zubn\u00fd pr\u00e1\u0161ok osvie\u017euje dych a dod\u00e1va prirodzen\u00fa belos\u0165.<\/p>\n<p><\/span><\/p>\n<p><span style=\"font-family: verdana, geneva; font-size: 12pt;\"><strong>Pou\u017eitie:<\/strong> Na vlhk\u00fa zubn\u00fa kefku nasypte mal\u00e9 mno\u017estvo pr\u00e1\u0161ku. \u010cistite zuby 2 kr\u00e1t denne. Dobre opl\u00e1chnite. <\/span><\/p>\n<p><span style=\"font-family: verdana, geneva; font-size: 12pt;\"><strong>Upozornenia:<\/strong> Nepreh\u013atajte!<\/span><\/p>\n<p><img decoding=\"async\" src=\"\/user\/documents\/upload\/mceclip0-190.png?1622717608\" \/><\/p>\n<p><span style=\"font-family: verdana, geneva; font-size: 12pt;\"><strong>Objem:<\/strong> 100 g&nbsp;<\/span><\/p>\n<p><span style=\"font-family: verdana, geneva; font-size: 12pt;\"><strong>Krajina p\u00f4vodu:<\/strong> Rusko<\/span><\/p>\n<p>&nbsp;<\/p>\n","protected":false},"excerpt":{"rendered":"<p>Pr\u00edrodn\u00fd zubn\u00fd pr\u00e1\u0161ok v\u00e1m umo\u017e\u0148uje jemne a r\u00fdchlo vy\u010disti\u0165 zuby &nbsp;&#8211; aj od nikot\u00ednov\u00e9ho povlaku, rovnako ako povlaku z k\u00e1vy, \u010daju, v\u00edna. Zubn\u00fd pr\u00e1\u0161ok osvie\u017euje dych a dod\u00e1va prirodzen\u00fa belos\u0165. Pou\u017eitie: Na vlhk\u00fa zubn\u00fa kefku nasypte mal\u00e9 mno\u017estvo pr\u00e1\u0161ku. \u010cistite zuby 2 kr\u00e1t denne. Dobre opl\u00e1chnite. Upozornenia: Nepreh\u013atajte! Objem: 100 g&nbsp; Krajina p\u00f4vodu: Rusko &nbsp;<\/p>\n","protected":false},"featured_media":7713,"comment_status":"open","ping_status":"open","template":"","meta":{"site-sidebar-layout":"default","site-content-layout":"","ast-site-content-layout":"default","site-content-style":"default","site-sidebar-style":"default","ast-global-header-display":"","ast-banner-title-visibility":"","ast-main-header-display":"","ast-hfb-above-header-display":"","ast-hfb-below-header-display":"","ast-hfb-mobile-header-display":"","site-post-title":"","ast-breadcrumbs-content":"","ast-featured-img":"","footer-sml-layout":"","ast-disable-related-posts":"","theme-transparent-header-meta":"","adv-header-id-meta":"","stick-header-meta":"","header-above-stick-meta":"","header-main-stick-meta":"","header-below-stick-meta":"","astra-migrate-meta-layouts":"default","ast-page-background-enabled":"default","ast-page-background-meta":{"desktop":{"background-color":"","background-image":"","background-repeat":"repeat","background-position":"center center","background-size":"auto","background-attachment":"scroll","background-type":"","background-media":"","overlay-type":"","overlay-color":"","overlay-opacity":"","overlay-gradient":""},"tablet":{"background-color":"","background-image":"","background-repeat":"repeat","background-position":"center center","background-size":"auto","background-attachment":"scroll","background-type":"","background-media":"","overlay-type":"","overlay-color":"","overlay-opacity":"","overlay-gradient":""},"mobile":{"background-color":"","background-image":"","background-repeat":"repeat","background-position":"center center","background-size":"auto","background-attachment":"scroll","background-type":"","background-media":"","overlay-type":"","overlay-color":"","overlay-opacity":"","overlay-gradient":""}},"ast-content-background-meta":{"desktop":{"background-color":"var(--ast-global-color-5)","background-image":"","background-repeat":"repeat","background-position":"center center","background-size":"auto","background-attachment":"scroll","background-type":"","background-media":"","overlay-type":"","overlay-color":"","overlay-opacity":"","overlay-gradient":""},"tablet":{"background-color":"var(--ast-global-color-5)","background-image":"","background-repeat":"repeat","background-position":"center center","background-size":"auto","background-attachment":"scroll","background-type":"","background-media":"","overlay-type":"","overlay-color":"","overlay-opacity":"","overlay-gradient":""},"mobile":{"background-color":"var(--ast-global-color-5)","background-image":"","background-repeat":"repeat","background-position":"center center","background-size":"auto","background-attachment":"scroll","background-type":"","background-media":"","overlay-type":"","overlay-color":"","overlay-opacity":"","overlay-gradient":""}}},"product_brand":[],"product_cat":[38],"product_tag":[],"class_list":{"0":"post-7712","1":"product","2":"type-product","3":"status-publish","4":"has-post-thumbnail","6":"product_cat-starostlivost-o-zuby","7":"pa_cena-dopravy-367","8":"pa_doprava-zasilkovna","9":"pa_ean-1023","10":"pa_typ-partnersky-predaj","11":"pa_znacka-healt","12":"desktop-align-left","13":"tablet-align-left","14":"mobile-align-left","16":"first","17":"instock","18":"product-type-external"},"yoast_head":"<!-- This site is optimized with the Yoast SEO plugin v27.2 - https:\/\/yoast.com\/product\/yoast-seo-wordpress\/ -->\n<title>Healt Zubn\u00fd bieliaci pr\u00e1\u0161ok K\u00e1va a Tabak - 100 g - EKO-BIO-NATURA BIO OBCHOD<\/title>\n<meta name=\"robots\" content=\"index, follow, max-snippet:-1, max-image-preview:large, max-video-preview:-1\" \/>\n<link rel=\"canonical\" href=\"https:\/\/www.eko-bio-natura.sk\/shop\/produkt\/healt-zubny-bieliaci-prasok-kava-a-tabak-100-g\/\" \/>\n<meta property=\"og:locale\" content=\"sk_SK\" \/>\n<meta property=\"og:type\" content=\"article\" \/>\n<meta property=\"og:title\" content=\"Healt Zubn\u00fd bieliaci pr\u00e1\u0161ok K\u00e1va a Tabak - 100 g - EKO-BIO-NATURA BIO OBCHOD\" \/>\n<meta property=\"og:description\" content=\"Pr\u00edrodn\u00fd zubn\u00fd pr\u00e1\u0161ok v\u00e1m umo\u017e\u0148uje jemne a r\u00fdchlo vy\u010disti\u0165 zuby &nbsp;&#8211; aj od nikot\u00ednov\u00e9ho povlaku, rovnako ako povlaku z k\u00e1vy, \u010daju, v\u00edna. Zubn\u00fd pr\u00e1\u0161ok osvie\u017euje dych a dod\u00e1va prirodzen\u00fa belos\u0165. Pou\u017eitie: Na vlhk\u00fa zubn\u00fa kefku nasypte mal\u00e9 mno\u017estvo pr\u00e1\u0161ku. \u010cistite zuby 2 kr\u00e1t denne. Dobre opl\u00e1chnite. Upozornenia: Nepreh\u013atajte! Objem: 100 g&nbsp; Krajina p\u00f4vodu: Rusko &nbsp;\" \/>\n<meta property=\"og:url\" content=\"https:\/\/www.eko-bio-natura.sk\/shop\/produkt\/healt-zubny-bieliaci-prasok-kava-a-tabak-100-g\/\" \/>\n<meta property=\"og:site_name\" content=\"EKO-BIO-NATURA BIO OBCHOD\" \/>\n<meta property=\"article:modified_time\" content=\"2022-05-04T14:41:30+00:00\" \/>\n<meta property=\"og:image\" content=\"https:\/\/www.eko-bio-natura.sk\/shop\/wp-content\/uploads\/2021\/12\/14199_cofe-i-tabak-1.jpg\" \/>\n\t<meta property=\"og:image:width\" content=\"664\" \/>\n\t<meta property=\"og:image:height\" content=\"581\" \/>\n\t<meta property=\"og:image:type\" content=\"image\/jpeg\" \/>\n<meta name=\"twitter:card\" content=\"summary_large_image\" \/>\n<script type=\"application\/ld+json\" class=\"yoast-schema-graph\">{\"@context\":\"https:\/\/schema.org\",\"@graph\":[{\"@type\":\"WebPage\",\"@id\":\"https:\/\/www.eko-bio-natura.sk\/shop\/produkt\/healt-zubny-bieliaci-prasok-kava-a-tabak-100-g\/\",\"url\":\"https:\/\/www.eko-bio-natura.sk\/shop\/produkt\/healt-zubny-bieliaci-prasok-kava-a-tabak-100-g\/\",\"name\":\"Healt Zubn\u00fd bieliaci pr\u00e1\u0161ok K\u00e1va a Tabak - 100 g - EKO-BIO-NATURA BIO OBCHOD\",\"isPartOf\":{\"@id\":\"https:\/\/www.eko-bio-natura.sk\/shop\/#website\"},\"primaryImageOfPage\":{\"@id\":\"https:\/\/www.eko-bio-natura.sk\/shop\/produkt\/healt-zubny-bieliaci-prasok-kava-a-tabak-100-g\/#primaryimage\"},\"image\":{\"@id\":\"https:\/\/www.eko-bio-natura.sk\/shop\/produkt\/healt-zubny-bieliaci-prasok-kava-a-tabak-100-g\/#primaryimage\"},\"thumbnailUrl\":\"https:\/\/www.eko-bio-natura.sk\/shop\/wp-content\/uploads\/2021\/12\/14199_cofe-i-tabak-1.jpg\",\"datePublished\":\"2021-12-28T17:17:51+00:00\",\"dateModified\":\"2022-05-04T14:41:30+00:00\",\"breadcrumb\":{\"@id\":\"https:\/\/www.eko-bio-natura.sk\/shop\/produkt\/healt-zubny-bieliaci-prasok-kava-a-tabak-100-g\/#breadcrumb\"},\"inLanguage\":\"sk-SK\",\"potentialAction\":[{\"@type\":\"ReadAction\",\"target\":[\"https:\/\/www.eko-bio-natura.sk\/shop\/produkt\/healt-zubny-bieliaci-prasok-kava-a-tabak-100-g\/\"]}]},{\"@type\":\"ImageObject\",\"inLanguage\":\"sk-SK\",\"@id\":\"https:\/\/www.eko-bio-natura.sk\/shop\/produkt\/healt-zubny-bieliaci-prasok-kava-a-tabak-100-g\/#primaryimage\",\"url\":\"https:\/\/www.eko-bio-natura.sk\/shop\/wp-content\/uploads\/2021\/12\/14199_cofe-i-tabak-1.jpg\",\"contentUrl\":\"https:\/\/www.eko-bio-natura.sk\/shop\/wp-content\/uploads\/2021\/12\/14199_cofe-i-tabak-1.jpg\",\"width\":664,\"height\":581},{\"@type\":\"BreadcrumbList\",\"@id\":\"https:\/\/www.eko-bio-natura.sk\/shop\/produkt\/healt-zubny-bieliaci-prasok-kava-a-tabak-100-g\/#breadcrumb\",\"itemListElement\":[{\"@type\":\"ListItem\",\"position\":1,\"name\":\"Domovsk\u00e1 str\u00e1nka\",\"item\":\"https:\/\/www.eko-bio-natura.sk\/shop\/\"},{\"@type\":\"ListItem\",\"position\":2,\"name\":\"Obchod\",\"item\":\"https:\/\/www.eko-bio-natura.sk\/shop\/?page_id=6\"},{\"@type\":\"ListItem\",\"position\":3,\"name\":\"Healt Zubn\u00fd bieliaci pr\u00e1\u0161ok K\u00e1va a Tabak &#8211; 100 g\"}]},{\"@type\":\"WebSite\",\"@id\":\"https:\/\/www.eko-bio-natura.sk\/shop\/#website\",\"url\":\"https:\/\/www.eko-bio-natura.sk\/shop\/\",\"name\":\"EKO-BIO-NATURA BIO OBCHOD\",\"description\":\"\",\"publisher\":{\"@id\":\"https:\/\/www.eko-bio-natura.sk\/shop\/#organization\"},\"potentialAction\":[{\"@type\":\"SearchAction\",\"target\":{\"@type\":\"EntryPoint\",\"urlTemplate\":\"https:\/\/www.eko-bio-natura.sk\/shop\/?s={search_term_string}\"},\"query-input\":{\"@type\":\"PropertyValueSpecification\",\"valueRequired\":true,\"valueName\":\"search_term_string\"}}],\"inLanguage\":\"sk-SK\"},{\"@type\":\"Organization\",\"@id\":\"https:\/\/www.eko-bio-natura.sk\/shop\/#organization\",\"name\":\"EKO-BIO-NATURA BIO OBCHOD\",\"url\":\"https:\/\/www.eko-bio-natura.sk\/shop\/\",\"logo\":{\"@type\":\"ImageObject\",\"inLanguage\":\"sk-SK\",\"@id\":\"https:\/\/www.eko-bio-natura.sk\/shop\/#\/schema\/logo\/image\/\",\"url\":\"https:\/\/www.eko-bio-natura.sk\/shop\/wp-content\/uploads\/2021\/04\/eko-bio-natura_logo.png\",\"contentUrl\":\"https:\/\/www.eko-bio-natura.sk\/shop\/wp-content\/uploads\/2021\/04\/eko-bio-natura_logo.png\",\"width\":552,\"height\":194,\"caption\":\"EKO-BIO-NATURA BIO OBCHOD\"},\"image\":{\"@id\":\"https:\/\/www.eko-bio-natura.sk\/shop\/#\/schema\/logo\/image\/\"}}]}<\/script>\n<!-- \/ Yoast SEO plugin. -->","yoast_head_json":{"title":"Healt Zubn\u00fd bieliaci pr\u00e1\u0161ok K\u00e1va a Tabak - 100 g - EKO-BIO-NATURA BIO OBCHOD","robots":{"index":"index","follow":"follow","max-snippet":"max-snippet:-1","max-image-preview":"max-image-preview:large","max-video-preview":"max-video-preview:-1"},"canonical":"https:\/\/www.eko-bio-natura.sk\/shop\/produkt\/healt-zubny-bieliaci-prasok-kava-a-tabak-100-g\/","og_locale":"sk_SK","og_type":"article","og_title":"Healt Zubn\u00fd bieliaci pr\u00e1\u0161ok K\u00e1va a Tabak - 100 g - EKO-BIO-NATURA BIO OBCHOD","og_description":"Pr\u00edrodn\u00fd zubn\u00fd pr\u00e1\u0161ok v\u00e1m umo\u017e\u0148uje jemne a r\u00fdchlo vy\u010disti\u0165 zuby &nbsp;&#8211; aj od nikot\u00ednov\u00e9ho povlaku, rovnako ako povlaku z k\u00e1vy, \u010daju, v\u00edna. Zubn\u00fd pr\u00e1\u0161ok osvie\u017euje dych a dod\u00e1va prirodzen\u00fa belos\u0165. Pou\u017eitie: Na vlhk\u00fa zubn\u00fa kefku nasypte mal\u00e9 mno\u017estvo pr\u00e1\u0161ku. \u010cistite zuby 2 kr\u00e1t denne. Dobre opl\u00e1chnite. Upozornenia: Nepreh\u013atajte! Objem: 100 g&nbsp; Krajina p\u00f4vodu: Rusko &nbsp;","og_url":"https:\/\/www.eko-bio-natura.sk\/shop\/produkt\/healt-zubny-bieliaci-prasok-kava-a-tabak-100-g\/","og_site_name":"EKO-BIO-NATURA BIO OBCHOD","article_modified_time":"2022-05-04T14:41:30+00:00","og_image":[{"width":664,"height":581,"url":"https:\/\/www.eko-bio-natura.sk\/shop\/wp-content\/uploads\/2021\/12\/14199_cofe-i-tabak-1.jpg","type":"image\/jpeg"}],"twitter_card":"summary_large_image","schema":{"@context":"https:\/\/schema.org","@graph":[{"@type":"WebPage","@id":"https:\/\/www.eko-bio-natura.sk\/shop\/produkt\/healt-zubny-bieliaci-prasok-kava-a-tabak-100-g\/","url":"https:\/\/www.eko-bio-natura.sk\/shop\/produkt\/healt-zubny-bieliaci-prasok-kava-a-tabak-100-g\/","name":"Healt Zubn\u00fd bieliaci pr\u00e1\u0161ok K\u00e1va a Tabak - 100 g - EKO-BIO-NATURA BIO OBCHOD","isPartOf":{"@id":"https:\/\/www.eko-bio-natura.sk\/shop\/#website"},"primaryImageOfPage":{"@id":"https:\/\/www.eko-bio-natura.sk\/shop\/produkt\/healt-zubny-bieliaci-prasok-kava-a-tabak-100-g\/#primaryimage"},"image":{"@id":"https:\/\/www.eko-bio-natura.sk\/shop\/produkt\/healt-zubny-bieliaci-prasok-kava-a-tabak-100-g\/#primaryimage"},"thumbnailUrl":"https:\/\/www.eko-bio-natura.sk\/shop\/wp-content\/uploads\/2021\/12\/14199_cofe-i-tabak-1.jpg","datePublished":"2021-12-28T17:17:51+00:00","dateModified":"2022-05-04T14:41:30+00:00","breadcrumb":{"@id":"https:\/\/www.eko-bio-natura.sk\/shop\/produkt\/healt-zubny-bieliaci-prasok-kava-a-tabak-100-g\/#breadcrumb"},"inLanguage":"sk-SK","potentialAction":[{"@type":"ReadAction","target":["https:\/\/www.eko-bio-natura.sk\/shop\/produkt\/healt-zubny-bieliaci-prasok-kava-a-tabak-100-g\/"]}]},{"@type":"ImageObject","inLanguage":"sk-SK","@id":"https:\/\/www.eko-bio-natura.sk\/shop\/produkt\/healt-zubny-bieliaci-prasok-kava-a-tabak-100-g\/#primaryimage","url":"https:\/\/www.eko-bio-natura.sk\/shop\/wp-content\/uploads\/2021\/12\/14199_cofe-i-tabak-1.jpg","contentUrl":"https:\/\/www.eko-bio-natura.sk\/shop\/wp-content\/uploads\/2021\/12\/14199_cofe-i-tabak-1.jpg","width":664,"height":581},{"@type":"BreadcrumbList","@id":"https:\/\/www.eko-bio-natura.sk\/shop\/produkt\/healt-zubny-bieliaci-prasok-kava-a-tabak-100-g\/#breadcrumb","itemListElement":[{"@type":"ListItem","position":1,"name":"Domovsk\u00e1 str\u00e1nka","item":"https:\/\/www.eko-bio-natura.sk\/shop\/"},{"@type":"ListItem","position":2,"name":"Obchod","item":"https:\/\/www.eko-bio-natura.sk\/shop\/?page_id=6"},{"@type":"ListItem","position":3,"name":"Healt Zubn\u00fd bieliaci pr\u00e1\u0161ok K\u00e1va a Tabak &#8211; 100 g"}]},{"@type":"WebSite","@id":"https:\/\/www.eko-bio-natura.sk\/shop\/#website","url":"https:\/\/www.eko-bio-natura.sk\/shop\/","name":"EKO-BIO-NATURA BIO OBCHOD","description":"","publisher":{"@id":"https:\/\/www.eko-bio-natura.sk\/shop\/#organization"},"potentialAction":[{"@type":"SearchAction","target":{"@type":"EntryPoint","urlTemplate":"https:\/\/www.eko-bio-natura.sk\/shop\/?s={search_term_string}"},"query-input":{"@type":"PropertyValueSpecification","valueRequired":true,"valueName":"search_term_string"}}],"inLanguage":"sk-SK"},{"@type":"Organization","@id":"https:\/\/www.eko-bio-natura.sk\/shop\/#organization","name":"EKO-BIO-NATURA BIO OBCHOD","url":"https:\/\/www.eko-bio-natura.sk\/shop\/","logo":{"@type":"ImageObject","inLanguage":"sk-SK","@id":"https:\/\/www.eko-bio-natura.sk\/shop\/#\/schema\/logo\/image\/","url":"https:\/\/www.eko-bio-natura.sk\/shop\/wp-content\/uploads\/2021\/04\/eko-bio-natura_logo.png","contentUrl":"https:\/\/www.eko-bio-natura.sk\/shop\/wp-content\/uploads\/2021\/04\/eko-bio-natura_logo.png","width":552,"height":194,"caption":"EKO-BIO-NATURA BIO OBCHOD"},"image":{"@id":"https:\/\/www.eko-bio-natura.sk\/shop\/#\/schema\/logo\/image\/"}}]}},"_links":{"self":[{"href":"https:\/\/www.eko-bio-natura.sk\/shop\/wp-json\/wp\/v2\/product\/7712","targetHints":{"allow":["GET"]}}],"collection":[{"href":"https:\/\/www.eko-bio-natura.sk\/shop\/wp-json\/wp\/v2\/product"}],"about":[{"href":"https:\/\/www.eko-bio-natura.sk\/shop\/wp-json\/wp\/v2\/types\/product"}],"replies":[{"embeddable":true,"href":"https:\/\/www.eko-bio-natura.sk\/shop\/wp-json\/wp\/v2\/comments?post=7712"}],"wp:featuredmedia":[{"embeddable":true,"href":"https:\/\/www.eko-bio-natura.sk\/shop\/wp-json\/wp\/v2\/media\/7713"}],"wp:attachment":[{"href":"https:\/\/www.eko-bio-natura.sk\/shop\/wp-json\/wp\/v2\/media?parent=7712"}],"wp:term":[{"taxonomy":"product_brand","embeddable":true,"href":"https:\/\/www.eko-bio-natura.sk\/shop\/wp-json\/wp\/v2\/product_brand?post=7712"},{"taxonomy":"product_cat","embeddable":true,"href":"https:\/\/www.eko-bio-natura.sk\/shop\/wp-json\/wp\/v2\/product_cat?post=7712"},{"taxonomy":"product_tag","embeddable":true,"href":"https:\/\/www.eko-bio-natura.sk\/shop\/wp-json\/wp\/v2\/product_tag?post=7712"}],"curies":[{"name":"wp","href":"https:\/\/api.w.org\/{rel}","templated":true}]}}