{"id":7698,"date":"2021-12-28T18:17:23","date_gmt":"2021-12-28T17:17:23","guid":{"rendered":"https:\/\/www.eko-bio-natura.sk\/shop\/index.php\/produkt\/pletova-peniva-cistiaca-maska-%e2%80%8b%e2%80%8bs-extraktom-z-ruzi-a-kolagenom-dizao-25-g\/"},"modified":"2022-05-04T16:41:29","modified_gmt":"2022-05-04T14:41:29","slug":"pletova-peniva-cistiaca-maska-s-extraktom-z-ruzi-a-kolagenom-dizao-25-g","status":"publish","type":"product","link":"https:\/\/www.eko-bio-natura.sk\/shop\/produkt\/pletova-peniva-cistiaca-maska-s-extraktom-z-ruzi-a-kolagenom-dizao-25-g\/","title":{"rendered":"Ple\u0165ov\u00e1 peniv\u00e1 \u010distiaca maska \u200b\u200bs extraktom z ru\u017e\u00ed a kolag\u00e9nom &#8211; Dizao &#8211; 25 g"},"content":{"rendered":"<p><span style=\"font-family: verdana, geneva; font-size: 12pt;\">\u010cistiaca maska \u200b\u200bs v\u00fd\u0165a\u017ekom z ru\u017e\u00ed a kolag\u00e9nom. L\u00e1tkov\u00e1 ple\u0165ov\u00e1 maska \u200b\u200bdokonale \u010dist\u00ed poko\u017eku, nevysu\u0161uje ju. V\u010faka akt\u00edvnym zlo\u017ek\u00e1m posil\u0148uje a chr\u00e1ni poko\u017eku. <\/span><\/p>\n<p><span style=\"font-size: 12pt;\"><strong><span style=\"font-family: verdana, geneva;\">Akt\u00edvne zlo\u017eky:<\/span><\/strong><\/span><\/p>\n<ul>\n<li><span style=\"font-family: verdana, geneva; font-size: 12pt;\"><strong>Bambusov\u00e9 uhlie<\/strong>&nbsp;pre \u010distenie p\u00f3rov. Uhlie sa pou\u017e\u00edva v kozmetick\u00fdch produktoch u\u017e st\u00e1ro\u010dia pre jeho \u010distiace \u00fa\u010dinky, hlavne na mastn\u00fa ple\u0165<\/span><\/li>\n<\/ul>\n<p><span style=\"font-family: verdana, geneva; font-size: 12pt;\"><strong>Pou\u017eitie:<\/strong> Masku naneste na \u010dist\u00fa tv\u00e1r a krk, nechajte p\u00f4sobi\u0165 15-20 min\u00fat. Zvy\u0161ky vmas\u00edrujte do poko\u017eky alebo opl\u00e1chnite vodou. Odpor\u00fa\u010da sa nan\u00e1\u0161a\u0165 masku denne po dobu 5 dn\u00ed, potom 1-2 masky t\u00fd\u017edenne.<\/span><\/p>\n<p><span style=\"font-family: verdana, geneva; font-size: 12pt;\"><strong>Objem:<\/strong> 25g<\/span><\/p>\n<p><span style=\"font-family: verdana, geneva; font-size: 12pt;\"><strong>Krajina p\u00f4vodu:<\/strong> Rusko&nbsp;<\/span><\/p>\n","protected":false},"excerpt":{"rendered":"<p>\u010cistiaca maska \u200b\u200bs v\u00fd\u0165a\u017ekom z ru\u017e\u00ed a kolag\u00e9nom. L\u00e1tkov\u00e1 ple\u0165ov\u00e1 maska \u200b\u200bdokonale \u010dist\u00ed poko\u017eku, nevysu\u0161uje ju. V\u010faka akt\u00edvnym zlo\u017ek\u00e1m posil\u0148uje a chr\u00e1ni poko\u017eku. Akt\u00edvne zlo\u017eky: Bambusov\u00e9 uhlie&nbsp;pre \u010distenie p\u00f3rov. Uhlie sa pou\u017e\u00edva v kozmetick\u00fdch produktoch u\u017e st\u00e1ro\u010dia pre jeho \u010distiace \u00fa\u010dinky, hlavne na mastn\u00fa ple\u0165 Pou\u017eitie: Masku naneste na \u010dist\u00fa tv\u00e1r a krk, nechajte p\u00f4sobi\u0165 [&hellip;]<\/p>\n","protected":false},"featured_media":7699,"comment_status":"open","ping_status":"open","template":"","meta":{"site-sidebar-layout":"default","site-content-layout":"","ast-site-content-layout":"default","site-content-style":"default","site-sidebar-style":"default","ast-global-header-display":"","ast-banner-title-visibility":"","ast-main-header-display":"","ast-hfb-above-header-display":"","ast-hfb-below-header-display":"","ast-hfb-mobile-header-display":"","site-post-title":"","ast-breadcrumbs-content":"","ast-featured-img":"","footer-sml-layout":"","ast-disable-related-posts":"","theme-transparent-header-meta":"","adv-header-id-meta":"","stick-header-meta":"","header-above-stick-meta":"","header-main-stick-meta":"","header-below-stick-meta":"","astra-migrate-meta-layouts":"default","ast-page-background-enabled":"default","ast-page-background-meta":{"desktop":{"background-color":"","background-image":"","background-repeat":"repeat","background-position":"center center","background-size":"auto","background-attachment":"scroll","background-type":"","background-media":"","overlay-type":"","overlay-color":"","overlay-opacity":"","overlay-gradient":""},"tablet":{"background-color":"","background-image":"","background-repeat":"repeat","background-position":"center center","background-size":"auto","background-attachment":"scroll","background-type":"","background-media":"","overlay-type":"","overlay-color":"","overlay-opacity":"","overlay-gradient":""},"mobile":{"background-color":"","background-image":"","background-repeat":"repeat","background-position":"center center","background-size":"auto","background-attachment":"scroll","background-type":"","background-media":"","overlay-type":"","overlay-color":"","overlay-opacity":"","overlay-gradient":""}},"ast-content-background-meta":{"desktop":{"background-color":"var(--ast-global-color-5)","background-image":"","background-repeat":"repeat","background-position":"center center","background-size":"auto","background-attachment":"scroll","background-type":"","background-media":"","overlay-type":"","overlay-color":"","overlay-opacity":"","overlay-gradient":""},"tablet":{"background-color":"var(--ast-global-color-5)","background-image":"","background-repeat":"repeat","background-position":"center center","background-size":"auto","background-attachment":"scroll","background-type":"","background-media":"","overlay-type":"","overlay-color":"","overlay-opacity":"","overlay-gradient":""},"mobile":{"background-color":"var(--ast-global-color-5)","background-image":"","background-repeat":"repeat","background-position":"center center","background-size":"auto","background-attachment":"scroll","background-type":"","background-media":"","overlay-type":"","overlay-color":"","overlay-opacity":"","overlay-gradient":""}}},"product_brand":[],"product_cat":[31],"product_tag":[],"class_list":{"0":"post-7698","1":"product","2":"type-product","3":"status-publish","4":"has-post-thumbnail","6":"product_cat-pletova-kozmetika","7":"pa_cena-dopravy-367","8":"pa_doprava-zasilkovna","9":"pa_ean-1015","10":"pa_typ-partnersky-predaj","11":"pa_znacka-dizao","12":"desktop-align-left","13":"tablet-align-left","14":"mobile-align-left","16":"first","17":"instock","18":"product-type-external"},"yoast_head":"<!-- This site is optimized with the Yoast SEO plugin v27.2 - https:\/\/yoast.com\/product\/yoast-seo-wordpress\/ -->\n<title>Ple\u0165ov\u00e1 peniv\u00e1 \u010distiaca maska \u200b\u200bs extraktom z ru\u017e\u00ed a kolag\u00e9nom - Dizao - 25 g - EKO-BIO-NATURA BIO OBCHOD<\/title>\n<meta name=\"robots\" content=\"index, follow, max-snippet:-1, max-image-preview:large, max-video-preview:-1\" \/>\n<link rel=\"canonical\" href=\"https:\/\/www.eko-bio-natura.sk\/shop\/produkt\/pletova-peniva-cistiaca-maska-s-extraktom-z-ruzi-a-kolagenom-dizao-25-g\/\" \/>\n<meta property=\"og:locale\" content=\"sk_SK\" \/>\n<meta property=\"og:type\" content=\"article\" \/>\n<meta property=\"og:title\" content=\"Ple\u0165ov\u00e1 peniv\u00e1 \u010distiaca maska \u200b\u200bs extraktom z ru\u017e\u00ed a kolag\u00e9nom - Dizao - 25 g - EKO-BIO-NATURA BIO OBCHOD\" \/>\n<meta property=\"og:description\" content=\"\u010cistiaca maska \u200b\u200bs v\u00fd\u0165a\u017ekom z ru\u017e\u00ed a kolag\u00e9nom. L\u00e1tkov\u00e1 ple\u0165ov\u00e1 maska \u200b\u200bdokonale \u010dist\u00ed poko\u017eku, nevysu\u0161uje ju. V\u010faka akt\u00edvnym zlo\u017ek\u00e1m posil\u0148uje a chr\u00e1ni poko\u017eku. Akt\u00edvne zlo\u017eky: Bambusov\u00e9 uhlie&nbsp;pre \u010distenie p\u00f3rov. Uhlie sa pou\u017e\u00edva v kozmetick\u00fdch produktoch u\u017e st\u00e1ro\u010dia pre jeho \u010distiace \u00fa\u010dinky, hlavne na mastn\u00fa ple\u0165 Pou\u017eitie: Masku naneste na \u010dist\u00fa tv\u00e1r a krk, nechajte p\u00f4sobi\u0165 [&hellip;]\" \/>\n<meta property=\"og:url\" content=\"https:\/\/www.eko-bio-natura.sk\/shop\/produkt\/pletova-peniva-cistiaca-maska-s-extraktom-z-ruzi-a-kolagenom-dizao-25-g\/\" \/>\n<meta property=\"og:site_name\" content=\"EKO-BIO-NATURA BIO OBCHOD\" \/>\n<meta property=\"article:modified_time\" content=\"2022-05-04T14:41:29+00:00\" \/>\n<meta property=\"og:image\" content=\"https:\/\/www.eko-bio-natura.sk\/shop\/wp-content\/uploads\/2021\/12\/14169_mascarilla-facial-rose-and-collagen-clarifying-bubble-25-gr-1.jpg\" \/>\n\t<meta property=\"og:image:width\" content=\"278\" \/>\n\t<meta property=\"og:image:height\" content=\"436\" \/>\n\t<meta property=\"og:image:type\" content=\"image\/jpeg\" \/>\n<meta name=\"twitter:card\" content=\"summary_large_image\" \/>\n<meta name=\"twitter:label1\" content=\"Predpokladan\u00fd \u010das \u010d\u00edtania\" \/>\n\t<meta name=\"twitter:data1\" content=\"1 min\u00fata\" \/>\n<script type=\"application\/ld+json\" class=\"yoast-schema-graph\">{\"@context\":\"https:\/\/schema.org\",\"@graph\":[{\"@type\":\"WebPage\",\"@id\":\"https:\/\/www.eko-bio-natura.sk\/shop\/produkt\/pletova-peniva-cistiaca-maska-s-extraktom-z-ruzi-a-kolagenom-dizao-25-g\/\",\"url\":\"https:\/\/www.eko-bio-natura.sk\/shop\/produkt\/pletova-peniva-cistiaca-maska-s-extraktom-z-ruzi-a-kolagenom-dizao-25-g\/\",\"name\":\"Ple\u0165ov\u00e1 peniv\u00e1 \u010distiaca maska \u200b\u200bs extraktom z ru\u017e\u00ed a kolag\u00e9nom - Dizao - 25 g - EKO-BIO-NATURA BIO OBCHOD\",\"isPartOf\":{\"@id\":\"https:\/\/www.eko-bio-natura.sk\/shop\/#website\"},\"primaryImageOfPage\":{\"@id\":\"https:\/\/www.eko-bio-natura.sk\/shop\/produkt\/pletova-peniva-cistiaca-maska-s-extraktom-z-ruzi-a-kolagenom-dizao-25-g\/#primaryimage\"},\"image\":{\"@id\":\"https:\/\/www.eko-bio-natura.sk\/shop\/produkt\/pletova-peniva-cistiaca-maska-s-extraktom-z-ruzi-a-kolagenom-dizao-25-g\/#primaryimage\"},\"thumbnailUrl\":\"https:\/\/www.eko-bio-natura.sk\/shop\/wp-content\/uploads\/2021\/12\/14169_mascarilla-facial-rose-and-collagen-clarifying-bubble-25-gr-1.jpg\",\"datePublished\":\"2021-12-28T17:17:23+00:00\",\"dateModified\":\"2022-05-04T14:41:29+00:00\",\"breadcrumb\":{\"@id\":\"https:\/\/www.eko-bio-natura.sk\/shop\/produkt\/pletova-peniva-cistiaca-maska-s-extraktom-z-ruzi-a-kolagenom-dizao-25-g\/#breadcrumb\"},\"inLanguage\":\"sk-SK\",\"potentialAction\":[{\"@type\":\"ReadAction\",\"target\":[\"https:\/\/www.eko-bio-natura.sk\/shop\/produkt\/pletova-peniva-cistiaca-maska-s-extraktom-z-ruzi-a-kolagenom-dizao-25-g\/\"]}]},{\"@type\":\"ImageObject\",\"inLanguage\":\"sk-SK\",\"@id\":\"https:\/\/www.eko-bio-natura.sk\/shop\/produkt\/pletova-peniva-cistiaca-maska-s-extraktom-z-ruzi-a-kolagenom-dizao-25-g\/#primaryimage\",\"url\":\"https:\/\/www.eko-bio-natura.sk\/shop\/wp-content\/uploads\/2021\/12\/14169_mascarilla-facial-rose-and-collagen-clarifying-bubble-25-gr-1.jpg\",\"contentUrl\":\"https:\/\/www.eko-bio-natura.sk\/shop\/wp-content\/uploads\/2021\/12\/14169_mascarilla-facial-rose-and-collagen-clarifying-bubble-25-gr-1.jpg\",\"width\":278,\"height\":436},{\"@type\":\"BreadcrumbList\",\"@id\":\"https:\/\/www.eko-bio-natura.sk\/shop\/produkt\/pletova-peniva-cistiaca-maska-s-extraktom-z-ruzi-a-kolagenom-dizao-25-g\/#breadcrumb\",\"itemListElement\":[{\"@type\":\"ListItem\",\"position\":1,\"name\":\"Domovsk\u00e1 str\u00e1nka\",\"item\":\"https:\/\/www.eko-bio-natura.sk\/shop\/\"},{\"@type\":\"ListItem\",\"position\":2,\"name\":\"Obchod\",\"item\":\"https:\/\/www.eko-bio-natura.sk\/shop\/?page_id=6\"},{\"@type\":\"ListItem\",\"position\":3,\"name\":\"Ple\u0165ov\u00e1 peniv\u00e1 \u010distiaca maska \u200b\u200bs extraktom z ru\u017e\u00ed a kolag\u00e9nom &#8211; Dizao &#8211; 25 g\"}]},{\"@type\":\"WebSite\",\"@id\":\"https:\/\/www.eko-bio-natura.sk\/shop\/#website\",\"url\":\"https:\/\/www.eko-bio-natura.sk\/shop\/\",\"name\":\"EKO-BIO-NATURA BIO OBCHOD\",\"description\":\"\",\"publisher\":{\"@id\":\"https:\/\/www.eko-bio-natura.sk\/shop\/#organization\"},\"potentialAction\":[{\"@type\":\"SearchAction\",\"target\":{\"@type\":\"EntryPoint\",\"urlTemplate\":\"https:\/\/www.eko-bio-natura.sk\/shop\/?s={search_term_string}\"},\"query-input\":{\"@type\":\"PropertyValueSpecification\",\"valueRequired\":true,\"valueName\":\"search_term_string\"}}],\"inLanguage\":\"sk-SK\"},{\"@type\":\"Organization\",\"@id\":\"https:\/\/www.eko-bio-natura.sk\/shop\/#organization\",\"name\":\"EKO-BIO-NATURA BIO OBCHOD\",\"url\":\"https:\/\/www.eko-bio-natura.sk\/shop\/\",\"logo\":{\"@type\":\"ImageObject\",\"inLanguage\":\"sk-SK\",\"@id\":\"https:\/\/www.eko-bio-natura.sk\/shop\/#\/schema\/logo\/image\/\",\"url\":\"https:\/\/www.eko-bio-natura.sk\/shop\/wp-content\/uploads\/2021\/04\/eko-bio-natura_logo.png\",\"contentUrl\":\"https:\/\/www.eko-bio-natura.sk\/shop\/wp-content\/uploads\/2021\/04\/eko-bio-natura_logo.png\",\"width\":552,\"height\":194,\"caption\":\"EKO-BIO-NATURA BIO OBCHOD\"},\"image\":{\"@id\":\"https:\/\/www.eko-bio-natura.sk\/shop\/#\/schema\/logo\/image\/\"}}]}<\/script>\n<!-- \/ Yoast SEO plugin. -->","yoast_head_json":{"title":"Ple\u0165ov\u00e1 peniv\u00e1 \u010distiaca maska \u200b\u200bs extraktom z ru\u017e\u00ed a kolag\u00e9nom - Dizao - 25 g - EKO-BIO-NATURA BIO OBCHOD","robots":{"index":"index","follow":"follow","max-snippet":"max-snippet:-1","max-image-preview":"max-image-preview:large","max-video-preview":"max-video-preview:-1"},"canonical":"https:\/\/www.eko-bio-natura.sk\/shop\/produkt\/pletova-peniva-cistiaca-maska-s-extraktom-z-ruzi-a-kolagenom-dizao-25-g\/","og_locale":"sk_SK","og_type":"article","og_title":"Ple\u0165ov\u00e1 peniv\u00e1 \u010distiaca maska \u200b\u200bs extraktom z ru\u017e\u00ed a kolag\u00e9nom - Dizao - 25 g - EKO-BIO-NATURA BIO OBCHOD","og_description":"\u010cistiaca maska \u200b\u200bs v\u00fd\u0165a\u017ekom z ru\u017e\u00ed a kolag\u00e9nom. L\u00e1tkov\u00e1 ple\u0165ov\u00e1 maska \u200b\u200bdokonale \u010dist\u00ed poko\u017eku, nevysu\u0161uje ju. V\u010faka akt\u00edvnym zlo\u017ek\u00e1m posil\u0148uje a chr\u00e1ni poko\u017eku. Akt\u00edvne zlo\u017eky: Bambusov\u00e9 uhlie&nbsp;pre \u010distenie p\u00f3rov. Uhlie sa pou\u017e\u00edva v kozmetick\u00fdch produktoch u\u017e st\u00e1ro\u010dia pre jeho \u010distiace \u00fa\u010dinky, hlavne na mastn\u00fa ple\u0165 Pou\u017eitie: Masku naneste na \u010dist\u00fa tv\u00e1r a krk, nechajte p\u00f4sobi\u0165 [&hellip;]","og_url":"https:\/\/www.eko-bio-natura.sk\/shop\/produkt\/pletova-peniva-cistiaca-maska-s-extraktom-z-ruzi-a-kolagenom-dizao-25-g\/","og_site_name":"EKO-BIO-NATURA BIO OBCHOD","article_modified_time":"2022-05-04T14:41:29+00:00","og_image":[{"width":278,"height":436,"url":"https:\/\/www.eko-bio-natura.sk\/shop\/wp-content\/uploads\/2021\/12\/14169_mascarilla-facial-rose-and-collagen-clarifying-bubble-25-gr-1.jpg","type":"image\/jpeg"}],"twitter_card":"summary_large_image","twitter_misc":{"Predpokladan\u00fd \u010das \u010d\u00edtania":"1 min\u00fata"},"schema":{"@context":"https:\/\/schema.org","@graph":[{"@type":"WebPage","@id":"https:\/\/www.eko-bio-natura.sk\/shop\/produkt\/pletova-peniva-cistiaca-maska-s-extraktom-z-ruzi-a-kolagenom-dizao-25-g\/","url":"https:\/\/www.eko-bio-natura.sk\/shop\/produkt\/pletova-peniva-cistiaca-maska-s-extraktom-z-ruzi-a-kolagenom-dizao-25-g\/","name":"Ple\u0165ov\u00e1 peniv\u00e1 \u010distiaca maska \u200b\u200bs extraktom z ru\u017e\u00ed a kolag\u00e9nom - Dizao - 25 g - EKO-BIO-NATURA BIO OBCHOD","isPartOf":{"@id":"https:\/\/www.eko-bio-natura.sk\/shop\/#website"},"primaryImageOfPage":{"@id":"https:\/\/www.eko-bio-natura.sk\/shop\/produkt\/pletova-peniva-cistiaca-maska-s-extraktom-z-ruzi-a-kolagenom-dizao-25-g\/#primaryimage"},"image":{"@id":"https:\/\/www.eko-bio-natura.sk\/shop\/produkt\/pletova-peniva-cistiaca-maska-s-extraktom-z-ruzi-a-kolagenom-dizao-25-g\/#primaryimage"},"thumbnailUrl":"https:\/\/www.eko-bio-natura.sk\/shop\/wp-content\/uploads\/2021\/12\/14169_mascarilla-facial-rose-and-collagen-clarifying-bubble-25-gr-1.jpg","datePublished":"2021-12-28T17:17:23+00:00","dateModified":"2022-05-04T14:41:29+00:00","breadcrumb":{"@id":"https:\/\/www.eko-bio-natura.sk\/shop\/produkt\/pletova-peniva-cistiaca-maska-s-extraktom-z-ruzi-a-kolagenom-dizao-25-g\/#breadcrumb"},"inLanguage":"sk-SK","potentialAction":[{"@type":"ReadAction","target":["https:\/\/www.eko-bio-natura.sk\/shop\/produkt\/pletova-peniva-cistiaca-maska-s-extraktom-z-ruzi-a-kolagenom-dizao-25-g\/"]}]},{"@type":"ImageObject","inLanguage":"sk-SK","@id":"https:\/\/www.eko-bio-natura.sk\/shop\/produkt\/pletova-peniva-cistiaca-maska-s-extraktom-z-ruzi-a-kolagenom-dizao-25-g\/#primaryimage","url":"https:\/\/www.eko-bio-natura.sk\/shop\/wp-content\/uploads\/2021\/12\/14169_mascarilla-facial-rose-and-collagen-clarifying-bubble-25-gr-1.jpg","contentUrl":"https:\/\/www.eko-bio-natura.sk\/shop\/wp-content\/uploads\/2021\/12\/14169_mascarilla-facial-rose-and-collagen-clarifying-bubble-25-gr-1.jpg","width":278,"height":436},{"@type":"BreadcrumbList","@id":"https:\/\/www.eko-bio-natura.sk\/shop\/produkt\/pletova-peniva-cistiaca-maska-s-extraktom-z-ruzi-a-kolagenom-dizao-25-g\/#breadcrumb","itemListElement":[{"@type":"ListItem","position":1,"name":"Domovsk\u00e1 str\u00e1nka","item":"https:\/\/www.eko-bio-natura.sk\/shop\/"},{"@type":"ListItem","position":2,"name":"Obchod","item":"https:\/\/www.eko-bio-natura.sk\/shop\/?page_id=6"},{"@type":"ListItem","position":3,"name":"Ple\u0165ov\u00e1 peniv\u00e1 \u010distiaca maska \u200b\u200bs extraktom z ru\u017e\u00ed a kolag\u00e9nom &#8211; Dizao &#8211; 25 g"}]},{"@type":"WebSite","@id":"https:\/\/www.eko-bio-natura.sk\/shop\/#website","url":"https:\/\/www.eko-bio-natura.sk\/shop\/","name":"EKO-BIO-NATURA BIO OBCHOD","description":"","publisher":{"@id":"https:\/\/www.eko-bio-natura.sk\/shop\/#organization"},"potentialAction":[{"@type":"SearchAction","target":{"@type":"EntryPoint","urlTemplate":"https:\/\/www.eko-bio-natura.sk\/shop\/?s={search_term_string}"},"query-input":{"@type":"PropertyValueSpecification","valueRequired":true,"valueName":"search_term_string"}}],"inLanguage":"sk-SK"},{"@type":"Organization","@id":"https:\/\/www.eko-bio-natura.sk\/shop\/#organization","name":"EKO-BIO-NATURA BIO OBCHOD","url":"https:\/\/www.eko-bio-natura.sk\/shop\/","logo":{"@type":"ImageObject","inLanguage":"sk-SK","@id":"https:\/\/www.eko-bio-natura.sk\/shop\/#\/schema\/logo\/image\/","url":"https:\/\/www.eko-bio-natura.sk\/shop\/wp-content\/uploads\/2021\/04\/eko-bio-natura_logo.png","contentUrl":"https:\/\/www.eko-bio-natura.sk\/shop\/wp-content\/uploads\/2021\/04\/eko-bio-natura_logo.png","width":552,"height":194,"caption":"EKO-BIO-NATURA BIO OBCHOD"},"image":{"@id":"https:\/\/www.eko-bio-natura.sk\/shop\/#\/schema\/logo\/image\/"}}]}},"_links":{"self":[{"href":"https:\/\/www.eko-bio-natura.sk\/shop\/wp-json\/wp\/v2\/product\/7698","targetHints":{"allow":["GET"]}}],"collection":[{"href":"https:\/\/www.eko-bio-natura.sk\/shop\/wp-json\/wp\/v2\/product"}],"about":[{"href":"https:\/\/www.eko-bio-natura.sk\/shop\/wp-json\/wp\/v2\/types\/product"}],"replies":[{"embeddable":true,"href":"https:\/\/www.eko-bio-natura.sk\/shop\/wp-json\/wp\/v2\/comments?post=7698"}],"wp:featuredmedia":[{"embeddable":true,"href":"https:\/\/www.eko-bio-natura.sk\/shop\/wp-json\/wp\/v2\/media\/7699"}],"wp:attachment":[{"href":"https:\/\/www.eko-bio-natura.sk\/shop\/wp-json\/wp\/v2\/media?parent=7698"}],"wp:term":[{"taxonomy":"product_brand","embeddable":true,"href":"https:\/\/www.eko-bio-natura.sk\/shop\/wp-json\/wp\/v2\/product_brand?post=7698"},{"taxonomy":"product_cat","embeddable":true,"href":"https:\/\/www.eko-bio-natura.sk\/shop\/wp-json\/wp\/v2\/product_cat?post=7698"},{"taxonomy":"product_tag","embeddable":true,"href":"https:\/\/www.eko-bio-natura.sk\/shop\/wp-json\/wp\/v2\/product_tag?post=7698"}],"curies":[{"name":"wp","href":"https:\/\/api.w.org\/{rel}","templated":true}]}}