{"id":7680,"date":"2021-12-28T18:17:23","date_gmt":"2021-12-28T17:17:23","guid":{"rendered":"https:\/\/www.eko-bio-natura.sk\/shop\/index.php\/produkt\/rakytnikova-stava-aveo-litre-750-ml\/"},"modified":"2022-05-04T16:41:26","modified_gmt":"2022-05-04T14:41:26","slug":"rakytnikova-stava-aveo-litre-750-ml","status":"publish","type":"product","link":"https:\/\/www.eko-bio-natura.sk\/shop\/produkt\/rakytnikova-stava-aveo-litre-750-ml\/","title":{"rendered":"Rakytn\u00edkov\u00e1 \u0161\u0165ava &#8211; Aveo litre: 750 ml"},"content":{"rendered":"<p><meta charset=\"UTF-8\" \/><span style=\"font-family: verdana, geneva; font-size: 12pt;\">\u0160\u0165ava obsahuje pr\u00edrodn\u00fd koncentr\u00e1t biologicky \u00fa\u010dinn\u00fdch l\u00e1tok s vodou a vitam\u00ednmi rozpustn\u00fdmi v tukoch. \u0160\u0165ava z rakytn\u00edka re\u0161etliakov\u00e9ho <strong>je bohat\u00e1 na kyselinu askorbov\u00fa<\/strong>, jej obsah v \u0161\u0165ave je najmenej 200 &#8211; 250 mg%, \u0161\u0165ava navy\u0161e obsahuje <strong>vitam\u00edny skupiny B, vitam\u00edn E, karot\u00e9n<\/strong>. \u0160\u0165ava dod\u00e1 energiu a podporuje imunitu. \u0160\u0165ava je vyroben\u00e1 z vybran\u00fdch bob\u00fa\u013e rakytn\u00edka, ktor\u00e9 sa s l\u00e1skou pestuj\u00fa v z\u00e1hrad\u00e1ch altajsk\u00e9ho regi\u00f3nu.<\/span><\/p>\n<p><span style=\"font-family: verdana, geneva; font-size: 12pt;\"><strong>Pou\u017eitie:<\/strong> Ur\u010den\u00e9 na priamu konzum\u00e1ciu. Pred pou\u017eit\u00edm dobre pretrepte.<\/span><\/p>\n<p><span style=\"font-family: verdana, geneva; font-size: 12pt;\"><strong>Skladovanie:&nbsp;<\/strong>Uchov\u00e1vajte pri teplote od 0 \u00b0 C do + 25 \u00b0 C. Po otvoren\u00ed skladujte pri teplote + 2 a\u017e + 6 \u00b0 C a spotrebujte do 2 dn\u00ed.<\/span><\/p>\n<p><span style=\"font-family: verdana, geneva; font-size: 12pt;\"><strong>Energetick\u00e1 a v\u00fd\u017eivov\u00e1 hodnota 100 ml produktu:<\/strong><\/span><br \/><span style=\"font-family: verdana, geneva; font-size: 12pt;\">energetick\u00e1 hodnota: 32kcal \/ 140kJ.<\/span><br \/><span style=\"font-family: verdana, geneva; font-size: 12pt;\">Tuk &#8211; 0 g, nas\u00fdten\u00e9 mastn\u00e9 kyseliny &#8211; 0 g, sacharidy &#8211; 8 g, cukry &#8211; 0 g, bielkoviny &#8211; 0 g, vl\u00e1knina &#8211; 0 g, so\u013e &#8211; 0 g.<\/span><\/p>\n<p><span style=\"font-family: verdana, geneva; font-size: 12pt;\"><strong>Zlo\u017eenie:<\/strong> \u0161\u0165ava z rakytn\u00edka z\u00edskan\u00e1 met\u00f3dou priameho lisovania<\/span><\/p>\n<p><span style=\"font-family: verdana, geneva; font-size: 12pt;\"><strong>Objem:<\/strong> 250 \/ 750 ml<\/span><\/p>\n<p><span style=\"font-family: verdana, geneva; font-size: 12pt;\"><strong>Krajina p\u00f4vodu:<\/strong> Rusko<\/span><\/p>\n","protected":false},"excerpt":{"rendered":"<p>\u0160\u0165ava obsahuje pr\u00edrodn\u00fd koncentr\u00e1t biologicky \u00fa\u010dinn\u00fdch l\u00e1tok s vodou a vitam\u00ednmi rozpustn\u00fdmi v tukoch. \u0160\u0165ava z rakytn\u00edka re\u0161etliakov\u00e9ho je bohat\u00e1 na kyselinu askorbov\u00fa, jej obsah v \u0161\u0165ave je najmenej 200 &#8211; 250 mg%, \u0161\u0165ava navy\u0161e obsahuje vitam\u00edny skupiny B, vitam\u00edn E, karot\u00e9n. \u0160\u0165ava dod\u00e1 energiu a podporuje imunitu. \u0160\u0165ava je vyroben\u00e1 z vybran\u00fdch bob\u00fa\u013e rakytn\u00edka, [&hellip;]<\/p>\n","protected":false},"featured_media":7681,"comment_status":"open","ping_status":"open","template":"","meta":{"site-sidebar-layout":"default","site-content-layout":"","ast-site-content-layout":"default","site-content-style":"default","site-sidebar-style":"default","ast-global-header-display":"","ast-banner-title-visibility":"","ast-main-header-display":"","ast-hfb-above-header-display":"","ast-hfb-below-header-display":"","ast-hfb-mobile-header-display":"","site-post-title":"","ast-breadcrumbs-content":"","ast-featured-img":"","footer-sml-layout":"","ast-disable-related-posts":"","theme-transparent-header-meta":"","adv-header-id-meta":"","stick-header-meta":"","header-above-stick-meta":"","header-main-stick-meta":"","header-below-stick-meta":"","astra-migrate-meta-layouts":"default","ast-page-background-enabled":"default","ast-page-background-meta":{"desktop":{"background-color":"","background-image":"","background-repeat":"repeat","background-position":"center center","background-size":"auto","background-attachment":"scroll","background-type":"","background-media":"","overlay-type":"","overlay-color":"","overlay-opacity":"","overlay-gradient":""},"tablet":{"background-color":"","background-image":"","background-repeat":"repeat","background-position":"center center","background-size":"auto","background-attachment":"scroll","background-type":"","background-media":"","overlay-type":"","overlay-color":"","overlay-opacity":"","overlay-gradient":""},"mobile":{"background-color":"","background-image":"","background-repeat":"repeat","background-position":"center center","background-size":"auto","background-attachment":"scroll","background-type":"","background-media":"","overlay-type":"","overlay-color":"","overlay-opacity":"","overlay-gradient":""}},"ast-content-background-meta":{"desktop":{"background-color":"var(--ast-global-color-5)","background-image":"","background-repeat":"repeat","background-position":"center center","background-size":"auto","background-attachment":"scroll","background-type":"","background-media":"","overlay-type":"","overlay-color":"","overlay-opacity":"","overlay-gradient":""},"tablet":{"background-color":"var(--ast-global-color-5)","background-image":"","background-repeat":"repeat","background-position":"center center","background-size":"auto","background-attachment":"scroll","background-type":"","background-media":"","overlay-type":"","overlay-color":"","overlay-opacity":"","overlay-gradient":""},"mobile":{"background-color":"var(--ast-global-color-5)","background-image":"","background-repeat":"repeat","background-position":"center center","background-size":"auto","background-attachment":"scroll","background-type":"","background-media":"","overlay-type":"","overlay-color":"","overlay-opacity":"","overlay-gradient":""}}},"product_brand":[],"product_cat":[71,16,174],"product_tag":[],"class_list":{"0":"post-7680","1":"product","2":"type-product","3":"status-publish","4":"has-post-thumbnail","6":"product_cat-alko-a-nealko-napoje","7":"product_cat-bio-potraviny","8":"product_cat-ovocne-a-zeleninove-stavy","9":"pa_cena-dopravy-367","10":"pa_doprava-zasilkovna","11":"pa_ean-1007","12":"pa_typ-partnersky-predaj","13":"pa_znacka-aveo","14":"desktop-align-left","15":"tablet-align-left","16":"mobile-align-left","18":"first","19":"instock","20":"product-type-external"},"yoast_head":"<!-- This site is optimized with the Yoast SEO plugin v27.2 - https:\/\/yoast.com\/product\/yoast-seo-wordpress\/ -->\n<title>Rakytn\u00edkov\u00e1 \u0161\u0165ava - Aveo litre: 750 ml - EKO-BIO-NATURA BIO OBCHOD<\/title>\n<meta name=\"robots\" content=\"index, follow, max-snippet:-1, max-image-preview:large, max-video-preview:-1\" \/>\n<link rel=\"canonical\" href=\"https:\/\/www.eko-bio-natura.sk\/shop\/produkt\/rakytnikova-stava-aveo-litre-750-ml\/\" \/>\n<meta property=\"og:locale\" content=\"sk_SK\" \/>\n<meta property=\"og:type\" content=\"article\" \/>\n<meta property=\"og:title\" content=\"Rakytn\u00edkov\u00e1 \u0161\u0165ava - Aveo litre: 750 ml - EKO-BIO-NATURA BIO OBCHOD\" \/>\n<meta property=\"og:description\" content=\"\u0160\u0165ava obsahuje pr\u00edrodn\u00fd koncentr\u00e1t biologicky \u00fa\u010dinn\u00fdch l\u00e1tok s vodou a vitam\u00ednmi rozpustn\u00fdmi v tukoch. \u0160\u0165ava z rakytn\u00edka re\u0161etliakov\u00e9ho je bohat\u00e1 na kyselinu askorbov\u00fa, jej obsah v \u0161\u0165ave je najmenej 200 &#8211; 250 mg%, \u0161\u0165ava navy\u0161e obsahuje vitam\u00edny skupiny B, vitam\u00edn E, karot\u00e9n. \u0160\u0165ava dod\u00e1 energiu a podporuje imunitu. \u0160\u0165ava je vyroben\u00e1 z vybran\u00fdch bob\u00fa\u013e rakytn\u00edka, [&hellip;]\" \/>\n<meta property=\"og:url\" content=\"https:\/\/www.eko-bio-natura.sk\/shop\/produkt\/rakytnikova-stava-aveo-litre-750-ml\/\" \/>\n<meta property=\"og:site_name\" content=\"EKO-BIO-NATURA BIO OBCHOD\" \/>\n<meta property=\"article:modified_time\" content=\"2022-05-04T14:41:26+00:00\" \/>\n<meta property=\"og:image\" content=\"https:\/\/www.eko-bio-natura.sk\/shop\/wp-content\/uploads\/2021\/12\/14106_329db85bb072738166785821045212ba.jpg\" \/>\n\t<meta property=\"og:image:width\" content=\"1024\" \/>\n\t<meta property=\"og:image:height\" content=\"850\" \/>\n\t<meta property=\"og:image:type\" content=\"image\/jpeg\" \/>\n<meta name=\"twitter:card\" content=\"summary_large_image\" \/>\n<meta name=\"twitter:label1\" content=\"Predpokladan\u00fd \u010das \u010d\u00edtania\" \/>\n\t<meta name=\"twitter:data1\" content=\"1 min\u00fata\" \/>\n<script type=\"application\/ld+json\" class=\"yoast-schema-graph\">{\"@context\":\"https:\/\/schema.org\",\"@graph\":[{\"@type\":\"WebPage\",\"@id\":\"https:\/\/www.eko-bio-natura.sk\/shop\/produkt\/rakytnikova-stava-aveo-litre-750-ml\/\",\"url\":\"https:\/\/www.eko-bio-natura.sk\/shop\/produkt\/rakytnikova-stava-aveo-litre-750-ml\/\",\"name\":\"Rakytn\u00edkov\u00e1 \u0161\u0165ava - Aveo litre: 750 ml - EKO-BIO-NATURA BIO OBCHOD\",\"isPartOf\":{\"@id\":\"https:\/\/www.eko-bio-natura.sk\/shop\/#website\"},\"primaryImageOfPage\":{\"@id\":\"https:\/\/www.eko-bio-natura.sk\/shop\/produkt\/rakytnikova-stava-aveo-litre-750-ml\/#primaryimage\"},\"image\":{\"@id\":\"https:\/\/www.eko-bio-natura.sk\/shop\/produkt\/rakytnikova-stava-aveo-litre-750-ml\/#primaryimage\"},\"thumbnailUrl\":\"https:\/\/www.eko-bio-natura.sk\/shop\/wp-content\/uploads\/2021\/12\/14106_329db85bb072738166785821045212ba.jpg\",\"datePublished\":\"2021-12-28T17:17:23+00:00\",\"dateModified\":\"2022-05-04T14:41:26+00:00\",\"breadcrumb\":{\"@id\":\"https:\/\/www.eko-bio-natura.sk\/shop\/produkt\/rakytnikova-stava-aveo-litre-750-ml\/#breadcrumb\"},\"inLanguage\":\"sk-SK\",\"potentialAction\":[{\"@type\":\"ReadAction\",\"target\":[\"https:\/\/www.eko-bio-natura.sk\/shop\/produkt\/rakytnikova-stava-aveo-litre-750-ml\/\"]}]},{\"@type\":\"ImageObject\",\"inLanguage\":\"sk-SK\",\"@id\":\"https:\/\/www.eko-bio-natura.sk\/shop\/produkt\/rakytnikova-stava-aveo-litre-750-ml\/#primaryimage\",\"url\":\"https:\/\/www.eko-bio-natura.sk\/shop\/wp-content\/uploads\/2021\/12\/14106_329db85bb072738166785821045212ba.jpg\",\"contentUrl\":\"https:\/\/www.eko-bio-natura.sk\/shop\/wp-content\/uploads\/2021\/12\/14106_329db85bb072738166785821045212ba.jpg\",\"width\":1024,\"height\":850},{\"@type\":\"BreadcrumbList\",\"@id\":\"https:\/\/www.eko-bio-natura.sk\/shop\/produkt\/rakytnikova-stava-aveo-litre-750-ml\/#breadcrumb\",\"itemListElement\":[{\"@type\":\"ListItem\",\"position\":1,\"name\":\"Domovsk\u00e1 str\u00e1nka\",\"item\":\"https:\/\/www.eko-bio-natura.sk\/shop\/\"},{\"@type\":\"ListItem\",\"position\":2,\"name\":\"Obchod\",\"item\":\"https:\/\/www.eko-bio-natura.sk\/shop\/?page_id=6\"},{\"@type\":\"ListItem\",\"position\":3,\"name\":\"Rakytn\u00edkov\u00e1 \u0161\u0165ava &#8211; Aveo litre: 750 ml\"}]},{\"@type\":\"WebSite\",\"@id\":\"https:\/\/www.eko-bio-natura.sk\/shop\/#website\",\"url\":\"https:\/\/www.eko-bio-natura.sk\/shop\/\",\"name\":\"EKO-BIO-NATURA BIO OBCHOD\",\"description\":\"\",\"publisher\":{\"@id\":\"https:\/\/www.eko-bio-natura.sk\/shop\/#organization\"},\"potentialAction\":[{\"@type\":\"SearchAction\",\"target\":{\"@type\":\"EntryPoint\",\"urlTemplate\":\"https:\/\/www.eko-bio-natura.sk\/shop\/?s={search_term_string}\"},\"query-input\":{\"@type\":\"PropertyValueSpecification\",\"valueRequired\":true,\"valueName\":\"search_term_string\"}}],\"inLanguage\":\"sk-SK\"},{\"@type\":\"Organization\",\"@id\":\"https:\/\/www.eko-bio-natura.sk\/shop\/#organization\",\"name\":\"EKO-BIO-NATURA BIO OBCHOD\",\"url\":\"https:\/\/www.eko-bio-natura.sk\/shop\/\",\"logo\":{\"@type\":\"ImageObject\",\"inLanguage\":\"sk-SK\",\"@id\":\"https:\/\/www.eko-bio-natura.sk\/shop\/#\/schema\/logo\/image\/\",\"url\":\"https:\/\/www.eko-bio-natura.sk\/shop\/wp-content\/uploads\/2021\/04\/eko-bio-natura_logo.png\",\"contentUrl\":\"https:\/\/www.eko-bio-natura.sk\/shop\/wp-content\/uploads\/2021\/04\/eko-bio-natura_logo.png\",\"width\":552,\"height\":194,\"caption\":\"EKO-BIO-NATURA BIO OBCHOD\"},\"image\":{\"@id\":\"https:\/\/www.eko-bio-natura.sk\/shop\/#\/schema\/logo\/image\/\"}}]}<\/script>\n<!-- \/ Yoast SEO plugin. -->","yoast_head_json":{"title":"Rakytn\u00edkov\u00e1 \u0161\u0165ava - Aveo litre: 750 ml - EKO-BIO-NATURA BIO OBCHOD","robots":{"index":"index","follow":"follow","max-snippet":"max-snippet:-1","max-image-preview":"max-image-preview:large","max-video-preview":"max-video-preview:-1"},"canonical":"https:\/\/www.eko-bio-natura.sk\/shop\/produkt\/rakytnikova-stava-aveo-litre-750-ml\/","og_locale":"sk_SK","og_type":"article","og_title":"Rakytn\u00edkov\u00e1 \u0161\u0165ava - Aveo litre: 750 ml - EKO-BIO-NATURA BIO OBCHOD","og_description":"\u0160\u0165ava obsahuje pr\u00edrodn\u00fd koncentr\u00e1t biologicky \u00fa\u010dinn\u00fdch l\u00e1tok s vodou a vitam\u00ednmi rozpustn\u00fdmi v tukoch. \u0160\u0165ava z rakytn\u00edka re\u0161etliakov\u00e9ho je bohat\u00e1 na kyselinu askorbov\u00fa, jej obsah v \u0161\u0165ave je najmenej 200 &#8211; 250 mg%, \u0161\u0165ava navy\u0161e obsahuje vitam\u00edny skupiny B, vitam\u00edn E, karot\u00e9n. \u0160\u0165ava dod\u00e1 energiu a podporuje imunitu. \u0160\u0165ava je vyroben\u00e1 z vybran\u00fdch bob\u00fa\u013e rakytn\u00edka, [&hellip;]","og_url":"https:\/\/www.eko-bio-natura.sk\/shop\/produkt\/rakytnikova-stava-aveo-litre-750-ml\/","og_site_name":"EKO-BIO-NATURA BIO OBCHOD","article_modified_time":"2022-05-04T14:41:26+00:00","og_image":[{"width":1024,"height":850,"url":"https:\/\/www.eko-bio-natura.sk\/shop\/wp-content\/uploads\/2021\/12\/14106_329db85bb072738166785821045212ba.jpg","type":"image\/jpeg"}],"twitter_card":"summary_large_image","twitter_misc":{"Predpokladan\u00fd \u010das \u010d\u00edtania":"1 min\u00fata"},"schema":{"@context":"https:\/\/schema.org","@graph":[{"@type":"WebPage","@id":"https:\/\/www.eko-bio-natura.sk\/shop\/produkt\/rakytnikova-stava-aveo-litre-750-ml\/","url":"https:\/\/www.eko-bio-natura.sk\/shop\/produkt\/rakytnikova-stava-aveo-litre-750-ml\/","name":"Rakytn\u00edkov\u00e1 \u0161\u0165ava - Aveo litre: 750 ml - EKO-BIO-NATURA BIO OBCHOD","isPartOf":{"@id":"https:\/\/www.eko-bio-natura.sk\/shop\/#website"},"primaryImageOfPage":{"@id":"https:\/\/www.eko-bio-natura.sk\/shop\/produkt\/rakytnikova-stava-aveo-litre-750-ml\/#primaryimage"},"image":{"@id":"https:\/\/www.eko-bio-natura.sk\/shop\/produkt\/rakytnikova-stava-aveo-litre-750-ml\/#primaryimage"},"thumbnailUrl":"https:\/\/www.eko-bio-natura.sk\/shop\/wp-content\/uploads\/2021\/12\/14106_329db85bb072738166785821045212ba.jpg","datePublished":"2021-12-28T17:17:23+00:00","dateModified":"2022-05-04T14:41:26+00:00","breadcrumb":{"@id":"https:\/\/www.eko-bio-natura.sk\/shop\/produkt\/rakytnikova-stava-aveo-litre-750-ml\/#breadcrumb"},"inLanguage":"sk-SK","potentialAction":[{"@type":"ReadAction","target":["https:\/\/www.eko-bio-natura.sk\/shop\/produkt\/rakytnikova-stava-aveo-litre-750-ml\/"]}]},{"@type":"ImageObject","inLanguage":"sk-SK","@id":"https:\/\/www.eko-bio-natura.sk\/shop\/produkt\/rakytnikova-stava-aveo-litre-750-ml\/#primaryimage","url":"https:\/\/www.eko-bio-natura.sk\/shop\/wp-content\/uploads\/2021\/12\/14106_329db85bb072738166785821045212ba.jpg","contentUrl":"https:\/\/www.eko-bio-natura.sk\/shop\/wp-content\/uploads\/2021\/12\/14106_329db85bb072738166785821045212ba.jpg","width":1024,"height":850},{"@type":"BreadcrumbList","@id":"https:\/\/www.eko-bio-natura.sk\/shop\/produkt\/rakytnikova-stava-aveo-litre-750-ml\/#breadcrumb","itemListElement":[{"@type":"ListItem","position":1,"name":"Domovsk\u00e1 str\u00e1nka","item":"https:\/\/www.eko-bio-natura.sk\/shop\/"},{"@type":"ListItem","position":2,"name":"Obchod","item":"https:\/\/www.eko-bio-natura.sk\/shop\/?page_id=6"},{"@type":"ListItem","position":3,"name":"Rakytn\u00edkov\u00e1 \u0161\u0165ava &#8211; Aveo litre: 750 ml"}]},{"@type":"WebSite","@id":"https:\/\/www.eko-bio-natura.sk\/shop\/#website","url":"https:\/\/www.eko-bio-natura.sk\/shop\/","name":"EKO-BIO-NATURA BIO OBCHOD","description":"","publisher":{"@id":"https:\/\/www.eko-bio-natura.sk\/shop\/#organization"},"potentialAction":[{"@type":"SearchAction","target":{"@type":"EntryPoint","urlTemplate":"https:\/\/www.eko-bio-natura.sk\/shop\/?s={search_term_string}"},"query-input":{"@type":"PropertyValueSpecification","valueRequired":true,"valueName":"search_term_string"}}],"inLanguage":"sk-SK"},{"@type":"Organization","@id":"https:\/\/www.eko-bio-natura.sk\/shop\/#organization","name":"EKO-BIO-NATURA BIO OBCHOD","url":"https:\/\/www.eko-bio-natura.sk\/shop\/","logo":{"@type":"ImageObject","inLanguage":"sk-SK","@id":"https:\/\/www.eko-bio-natura.sk\/shop\/#\/schema\/logo\/image\/","url":"https:\/\/www.eko-bio-natura.sk\/shop\/wp-content\/uploads\/2021\/04\/eko-bio-natura_logo.png","contentUrl":"https:\/\/www.eko-bio-natura.sk\/shop\/wp-content\/uploads\/2021\/04\/eko-bio-natura_logo.png","width":552,"height":194,"caption":"EKO-BIO-NATURA BIO OBCHOD"},"image":{"@id":"https:\/\/www.eko-bio-natura.sk\/shop\/#\/schema\/logo\/image\/"}}]}},"_links":{"self":[{"href":"https:\/\/www.eko-bio-natura.sk\/shop\/wp-json\/wp\/v2\/product\/7680","targetHints":{"allow":["GET"]}}],"collection":[{"href":"https:\/\/www.eko-bio-natura.sk\/shop\/wp-json\/wp\/v2\/product"}],"about":[{"href":"https:\/\/www.eko-bio-natura.sk\/shop\/wp-json\/wp\/v2\/types\/product"}],"replies":[{"embeddable":true,"href":"https:\/\/www.eko-bio-natura.sk\/shop\/wp-json\/wp\/v2\/comments?post=7680"}],"wp:featuredmedia":[{"embeddable":true,"href":"https:\/\/www.eko-bio-natura.sk\/shop\/wp-json\/wp\/v2\/media\/7681"}],"wp:attachment":[{"href":"https:\/\/www.eko-bio-natura.sk\/shop\/wp-json\/wp\/v2\/media?parent=7680"}],"wp:term":[{"taxonomy":"product_brand","embeddable":true,"href":"https:\/\/www.eko-bio-natura.sk\/shop\/wp-json\/wp\/v2\/product_brand?post=7680"},{"taxonomy":"product_cat","embeddable":true,"href":"https:\/\/www.eko-bio-natura.sk\/shop\/wp-json\/wp\/v2\/product_cat?post=7680"},{"taxonomy":"product_tag","embeddable":true,"href":"https:\/\/www.eko-bio-natura.sk\/shop\/wp-json\/wp\/v2\/product_tag?post=7680"}],"curies":[{"name":"wp","href":"https:\/\/api.w.org\/{rel}","templated":true}]}}