{"id":7627,"date":"2021-12-28T18:15:28","date_gmt":"2021-12-28T17:15:28","guid":{"rendered":"https:\/\/www.eko-bio-natura.sk\/shop\/index.php\/produkt\/korolev-farm-sofia-gel-s-extraktom-z-pijavic-chladiva-objem-200-ml\/"},"modified":"2022-05-04T16:41:07","modified_gmt":"2022-05-04T14:41:07","slug":"korolev-farm-sofia-gel-s-extraktom-z-pijavic-chladiva-objem-200-ml","status":"publish","type":"product","link":"https:\/\/www.eko-bio-natura.sk\/shop\/produkt\/korolev-farm-sofia-gel-s-extraktom-z-pijavic-chladiva-objem-200-ml\/","title":{"rendered":"Korolev Farm Sofia kr\u00e9m \/ g\u00e9l s extraktom z pijav\u00edc &#8211; chladiv\u00e1 Objem: 200 ml"},"content":{"rendered":"<h5><span style=\"font-family: verdana, geneva; font-size: 12pt;\"><\/span><span style=\"font-size: 12pt; font-family: verdana, geneva;\"><strong>Ako vlastne k\u0155\u010dov\u00e9 \u017eily vznikaj\u00fa:<\/strong><\/span><\/h5>\n<ul>\n<li><span style=\"font-size: 12pt; font-family: verdana, geneva;\">genetick\u00e1 predispoz\u00edcia<\/span><\/li>\n<li><span style=\"font-size: 12pt; font-family: verdana, geneva;\">vek<\/span><\/li>\n<li><span style=\"font-size: 12pt; font-family: verdana, geneva;\">tehotenstvo, u\u017e\u00edvanie antikoncepcie<\/span><\/li>\n<li><span style=\"font-size: 12pt; font-family: verdana, geneva;\">nadv\u00e1ha a&nbsp;obezita<\/span><\/li>\n<li><span style=\"font-size: 12pt; font-family: verdana, geneva;\">nedostatok pohybu a&nbsp;neprimeran\u00e1 svalov\u00e1 z\u00e1\u0165a\u017e<\/span><\/li>\n<li><span style=\"font-size: 12pt; font-family: verdana, geneva;\">nevhodn\u00e9 oble\u010denie a&nbsp;obutie (tesn\u00e1 spodn\u00e1 bielize\u0148, vysok\u00e9 op\u00e4tky)<\/span><\/li>\n<li><span style=\"font-size: 12pt; font-family: verdana, geneva;\">faj\u010denie<\/span><\/li>\n<li><span style=\"font-size: 12pt; font-family: verdana, geneva;\">strava s&nbsp;n\u00edzkym obsahom vl\u00e1kniny, z\u00e1pcha<\/span><\/li>\n<li><span style=\"font-size: 12pt; font-family: verdana, geneva;\">prekonan\u00e1 tromb\u00f3za<\/span><\/li>\n<\/ul>\n<p><span style=\"font-size: 12pt; font-family: verdana, geneva;\"><strong>O tejto t\u00e9me sme p\u00edsali aj&nbsp;<a href=\"http:\/\/blog.herbatica.sk\/krcove-zily-versus-pijavice\/\" target=\"_blank\" rel=\"noopener noreferrer\">v \u010dl\u00e1nku na blogu.<\/a><\/strong><\/span><\/p>\n<p><span style=\"font-size: 12pt; font-family: verdana, geneva;\"><strong>Sp\u00f4sob pou\u017eitia:<\/strong>&nbsp;Chladiv\u00fd g\u00e9l naneste na ur\u010den\u00e9, postihnut\u00e9 miesto a&nbsp;rovnomerne \u013eahko vtierajte 2 razy za de\u0148.<\/span><\/p>\n<p><span style=\"font-size: 12pt; font-family: verdana, geneva;\"><strong>Upozornenie:<\/strong>&nbsp;Individu\u00e1lna nezn\u00e1\u0161anlivos\u0165 na niektor\u00fa zo zlo\u017eiek. Pr\u00edpravok nie je vhodn\u00fd pre deti! Neaplikujte na otvoren\u00e9 rany ani na sliznicu, vyh\u00fdbajte sa pou\u017eitiu aj pri hnisav\u00fdch procesoch a&nbsp;tromb\u00f3ze! Ak sa objav\u00ed alergick\u00e1 reakcia, \u010falej nepou\u017e\u00edva\u0165.<\/span><\/p>\n<p><img decoding=\"async\" src=\"\/user\/documents\/upload\/mceclip0-204.png?1629892299\" \/><\/p>\n<p><span style=\"font-size: 12pt; font-family: verdana, geneva;\"><strong>Obsah:<\/strong>&nbsp;125 ml\/ 75ml<\/span><\/p>\n<p><span style=\"font-size: 12pt; font-family: verdana, geneva;\"><strong>Podmienky skladovania:<\/strong>&nbsp;Skladujte pri izbovej teplote do 25\u00b0C mimo dosahu det\u00ed!<\/span><\/p>\n<p><span style=\"font-size: 12pt; font-family: verdana, geneva;\"><strong>Krajina p\u00f4vodu:<\/strong>&nbsp;Rusko<\/span><\/p>\n<p><span style=\"font-size: 12pt; font-family: verdana, geneva;\"><meta charset=\"utf-8\" \/><\/span><\/p>\n<h5><span style=\"font-size: 12pt; font-family: verdana, geneva;\"><strong>Pod\u013ea s\u00fa\u010dasnej legislat\u00edvy EU o bylinn\u00fdch produktoch nesmieme uv\u00e1dza\u0165 podrobnej\u0161ie inform\u00e1cie, ktor\u00e9 by vo v\u00e1s mohli vzbudi\u0165 dojem zdravotn\u00e9ho alebo lie\u010debn\u00e9ho \u00fa\u010dinku byl\u00edn&nbsp;<\/strong>\u2013 i ke\u010f sa tieto bylinky pou\u017e\u00edvaj\u00fa stovky rokov a pomohli mili\u00f3nom \u013eud\u00ed.&nbsp;<\/span><\/h5>\n<p><span style=\"font-size: 12pt; font-family: verdana, geneva;\"><meta charset=\"utf-8\" \/><\/span><\/p>\n<p><span style=\"font-size: 12pt; font-family: verdana, geneva;\">My ale ct\u00edme zdrav\u00fdm \u013eudsk\u00fdm rozumom, \u017ee na t\u00fdch daroch pr\u00edrody nie\u010do je. Nechceme V\u00e1s pripravi\u0165 o schopnost n\u00e1js\u0165 si inform\u00e1cie o bylin\u00e1ch vo verejne pr\u00edsupn\u00fdch zdrojoch. <a href=\"https:\/\/www.herbatica.sk\/popisky-produktov\/rozsireny-popisok-k-produktu--sofia-gel-s-extraktom-z-pijavic-chladiva\/\">V tomto \u010dl\u00e1nku sme uviedli<\/a> teda v\u0161etky inform\u00e1cie, ktor\u00e9 sme o tomto produkte a jeho \u00fa\u010dinkoch za dlh\u00e9 roky na\u0161li.&nbsp;<\/span><\/p>\n<p>&nbsp;<\/p>\n","protected":false},"excerpt":{"rendered":"<p>Ako vlastne k\u0155\u010dov\u00e9 \u017eily vznikaj\u00fa: genetick\u00e1 predispoz\u00edcia vek tehotenstvo, u\u017e\u00edvanie antikoncepcie nadv\u00e1ha a&nbsp;obezita nedostatok pohybu a&nbsp;neprimeran\u00e1 svalov\u00e1 z\u00e1\u0165a\u017e nevhodn\u00e9 oble\u010denie a&nbsp;obutie (tesn\u00e1 spodn\u00e1 bielize\u0148, vysok\u00e9 op\u00e4tky) faj\u010denie strava s&nbsp;n\u00edzkym obsahom vl\u00e1kniny, z\u00e1pcha prekonan\u00e1 tromb\u00f3za O tejto t\u00e9me sme p\u00edsali aj&nbsp;v \u010dl\u00e1nku na blogu. Sp\u00f4sob pou\u017eitia:&nbsp;Chladiv\u00fd g\u00e9l naneste na ur\u010den\u00e9, postihnut\u00e9 miesto a&nbsp;rovnomerne \u013eahko vtierajte 2 [&hellip;]<\/p>\n","protected":false},"featured_media":1355,"comment_status":"open","ping_status":"open","template":"","meta":{"site-sidebar-layout":"default","site-content-layout":"","ast-site-content-layout":"default","site-content-style":"default","site-sidebar-style":"default","ast-global-header-display":"","ast-banner-title-visibility":"","ast-main-header-display":"","ast-hfb-above-header-display":"","ast-hfb-below-header-display":"","ast-hfb-mobile-header-display":"","site-post-title":"","ast-breadcrumbs-content":"","ast-featured-img":"","footer-sml-layout":"","ast-disable-related-posts":"","theme-transparent-header-meta":"","adv-header-id-meta":"","stick-header-meta":"","header-above-stick-meta":"","header-main-stick-meta":"","header-below-stick-meta":"","astra-migrate-meta-layouts":"default","ast-page-background-enabled":"default","ast-page-background-meta":{"desktop":{"background-color":"","background-image":"","background-repeat":"repeat","background-position":"center center","background-size":"auto","background-attachment":"scroll","background-type":"","background-media":"","overlay-type":"","overlay-color":"","overlay-opacity":"","overlay-gradient":""},"tablet":{"background-color":"","background-image":"","background-repeat":"repeat","background-position":"center center","background-size":"auto","background-attachment":"scroll","background-type":"","background-media":"","overlay-type":"","overlay-color":"","overlay-opacity":"","overlay-gradient":""},"mobile":{"background-color":"","background-image":"","background-repeat":"repeat","background-position":"center center","background-size":"auto","background-attachment":"scroll","background-type":"","background-media":"","overlay-type":"","overlay-color":"","overlay-opacity":"","overlay-gradient":""}},"ast-content-background-meta":{"desktop":{"background-color":"var(--ast-global-color-5)","background-image":"","background-repeat":"repeat","background-position":"center center","background-size":"auto","background-attachment":"scroll","background-type":"","background-media":"","overlay-type":"","overlay-color":"","overlay-opacity":"","overlay-gradient":""},"tablet":{"background-color":"var(--ast-global-color-5)","background-image":"","background-repeat":"repeat","background-position":"center center","background-size":"auto","background-attachment":"scroll","background-type":"","background-media":"","overlay-type":"","overlay-color":"","overlay-opacity":"","overlay-gradient":""},"mobile":{"background-color":"var(--ast-global-color-5)","background-image":"","background-repeat":"repeat","background-position":"center center","background-size":"auto","background-attachment":"scroll","background-type":"","background-media":"","overlay-type":"","overlay-color":"","overlay-opacity":"","overlay-gradient":""}}},"product_brand":[],"product_cat":[187],"product_tag":[],"class_list":{"0":"post-7627","1":"product","2":"type-product","3":"status-publish","4":"has-post-thumbnail","6":"product_cat-tradicna-ruska-medicina","7":"pa_cena-dopravy-367","8":"pa_doprava-zasilkovna","9":"pa_ean-931","10":"pa_typ-partnersky-predaj","11":"pa_znacka-korolev-farm","12":"desktop-align-left","13":"tablet-align-left","14":"mobile-align-left","16":"first","17":"instock","18":"product-type-external"},"yoast_head":"<!-- This site is optimized with the Yoast SEO plugin v27.2 - https:\/\/yoast.com\/product\/yoast-seo-wordpress\/ -->\n<title>Korolev Farm Sofia kr\u00e9m \/ g\u00e9l s extraktom z pijav\u00edc - chladiv\u00e1 Objem: 200 ml - EKO-BIO-NATURA BIO OBCHOD<\/title>\n<meta name=\"robots\" content=\"index, follow, max-snippet:-1, max-image-preview:large, max-video-preview:-1\" \/>\n<link rel=\"canonical\" href=\"https:\/\/www.eko-bio-natura.sk\/shop\/produkt\/korolev-farm-sofia-gel-s-extraktom-z-pijavic-chladiva-objem-200-ml\/\" \/>\n<meta property=\"og:locale\" content=\"sk_SK\" \/>\n<meta property=\"og:type\" content=\"article\" \/>\n<meta property=\"og:title\" content=\"Korolev Farm Sofia kr\u00e9m \/ g\u00e9l s extraktom z pijav\u00edc - chladiv\u00e1 Objem: 200 ml - EKO-BIO-NATURA BIO OBCHOD\" \/>\n<meta property=\"og:description\" content=\"Ako vlastne k\u0155\u010dov\u00e9 \u017eily vznikaj\u00fa: genetick\u00e1 predispoz\u00edcia vek tehotenstvo, u\u017e\u00edvanie antikoncepcie nadv\u00e1ha a&nbsp;obezita nedostatok pohybu a&nbsp;neprimeran\u00e1 svalov\u00e1 z\u00e1\u0165a\u017e nevhodn\u00e9 oble\u010denie a&nbsp;obutie (tesn\u00e1 spodn\u00e1 bielize\u0148, vysok\u00e9 op\u00e4tky) faj\u010denie strava s&nbsp;n\u00edzkym obsahom vl\u00e1kniny, z\u00e1pcha prekonan\u00e1 tromb\u00f3za O tejto t\u00e9me sme p\u00edsali aj&nbsp;v \u010dl\u00e1nku na blogu. Sp\u00f4sob pou\u017eitia:&nbsp;Chladiv\u00fd g\u00e9l naneste na ur\u010den\u00e9, postihnut\u00e9 miesto a&nbsp;rovnomerne \u013eahko vtierajte 2 [&hellip;]\" \/>\n<meta property=\"og:url\" content=\"https:\/\/www.eko-bio-natura.sk\/shop\/produkt\/korolev-farm-sofia-gel-s-extraktom-z-pijavic-chladiva-objem-200-ml\/\" \/>\n<meta property=\"og:site_name\" content=\"EKO-BIO-NATURA BIO OBCHOD\" \/>\n<meta property=\"article:modified_time\" content=\"2022-05-04T14:41:07+00:00\" \/>\n<meta property=\"og:image\" content=\"https:\/\/www.eko-bio-natura.sk\/shop\/wp-content\/uploads\/2021\/03\/13580_0236-sofia.jpg\" \/>\n\t<meta property=\"og:image:width\" content=\"600\" \/>\n\t<meta property=\"og:image:height\" content=\"600\" \/>\n\t<meta property=\"og:image:type\" content=\"image\/jpeg\" \/>\n<meta name=\"twitter:card\" content=\"summary_large_image\" \/>\n<meta name=\"twitter:label1\" content=\"Predpokladan\u00fd \u010das \u010d\u00edtania\" \/>\n\t<meta name=\"twitter:data1\" content=\"1 min\u00fata\" \/>\n<script type=\"application\/ld+json\" class=\"yoast-schema-graph\">{\"@context\":\"https:\/\/schema.org\",\"@graph\":[{\"@type\":\"WebPage\",\"@id\":\"https:\/\/www.eko-bio-natura.sk\/shop\/produkt\/korolev-farm-sofia-gel-s-extraktom-z-pijavic-chladiva-objem-200-ml\/\",\"url\":\"https:\/\/www.eko-bio-natura.sk\/shop\/produkt\/korolev-farm-sofia-gel-s-extraktom-z-pijavic-chladiva-objem-200-ml\/\",\"name\":\"Korolev Farm Sofia kr\u00e9m \/ g\u00e9l s extraktom z pijav\u00edc - chladiv\u00e1 Objem: 200 ml - EKO-BIO-NATURA BIO OBCHOD\",\"isPartOf\":{\"@id\":\"https:\/\/www.eko-bio-natura.sk\/shop\/#website\"},\"primaryImageOfPage\":{\"@id\":\"https:\/\/www.eko-bio-natura.sk\/shop\/produkt\/korolev-farm-sofia-gel-s-extraktom-z-pijavic-chladiva-objem-200-ml\/#primaryimage\"},\"image\":{\"@id\":\"https:\/\/www.eko-bio-natura.sk\/shop\/produkt\/korolev-farm-sofia-gel-s-extraktom-z-pijavic-chladiva-objem-200-ml\/#primaryimage\"},\"thumbnailUrl\":\"https:\/\/www.eko-bio-natura.sk\/shop\/wp-content\/uploads\/2021\/03\/13580_0236-sofia.jpg\",\"datePublished\":\"2021-12-28T17:15:28+00:00\",\"dateModified\":\"2022-05-04T14:41:07+00:00\",\"breadcrumb\":{\"@id\":\"https:\/\/www.eko-bio-natura.sk\/shop\/produkt\/korolev-farm-sofia-gel-s-extraktom-z-pijavic-chladiva-objem-200-ml\/#breadcrumb\"},\"inLanguage\":\"sk-SK\",\"potentialAction\":[{\"@type\":\"ReadAction\",\"target\":[\"https:\/\/www.eko-bio-natura.sk\/shop\/produkt\/korolev-farm-sofia-gel-s-extraktom-z-pijavic-chladiva-objem-200-ml\/\"]}]},{\"@type\":\"ImageObject\",\"inLanguage\":\"sk-SK\",\"@id\":\"https:\/\/www.eko-bio-natura.sk\/shop\/produkt\/korolev-farm-sofia-gel-s-extraktom-z-pijavic-chladiva-objem-200-ml\/#primaryimage\",\"url\":\"https:\/\/www.eko-bio-natura.sk\/shop\/wp-content\/uploads\/2021\/03\/13580_0236-sofia.jpg\",\"contentUrl\":\"https:\/\/www.eko-bio-natura.sk\/shop\/wp-content\/uploads\/2021\/03\/13580_0236-sofia.jpg\",\"width\":600,\"height\":600},{\"@type\":\"BreadcrumbList\",\"@id\":\"https:\/\/www.eko-bio-natura.sk\/shop\/produkt\/korolev-farm-sofia-gel-s-extraktom-z-pijavic-chladiva-objem-200-ml\/#breadcrumb\",\"itemListElement\":[{\"@type\":\"ListItem\",\"position\":1,\"name\":\"Domovsk\u00e1 str\u00e1nka\",\"item\":\"https:\/\/www.eko-bio-natura.sk\/shop\/\"},{\"@type\":\"ListItem\",\"position\":2,\"name\":\"Obchod\",\"item\":\"https:\/\/www.eko-bio-natura.sk\/shop\/?page_id=6\"},{\"@type\":\"ListItem\",\"position\":3,\"name\":\"Korolev Farm Sofia kr\u00e9m \/ g\u00e9l s extraktom z pijav\u00edc &#8211; chladiv\u00e1 Objem: 200 ml\"}]},{\"@type\":\"WebSite\",\"@id\":\"https:\/\/www.eko-bio-natura.sk\/shop\/#website\",\"url\":\"https:\/\/www.eko-bio-natura.sk\/shop\/\",\"name\":\"EKO-BIO-NATURA BIO OBCHOD\",\"description\":\"\",\"publisher\":{\"@id\":\"https:\/\/www.eko-bio-natura.sk\/shop\/#organization\"},\"potentialAction\":[{\"@type\":\"SearchAction\",\"target\":{\"@type\":\"EntryPoint\",\"urlTemplate\":\"https:\/\/www.eko-bio-natura.sk\/shop\/?s={search_term_string}\"},\"query-input\":{\"@type\":\"PropertyValueSpecification\",\"valueRequired\":true,\"valueName\":\"search_term_string\"}}],\"inLanguage\":\"sk-SK\"},{\"@type\":\"Organization\",\"@id\":\"https:\/\/www.eko-bio-natura.sk\/shop\/#organization\",\"name\":\"EKO-BIO-NATURA BIO OBCHOD\",\"url\":\"https:\/\/www.eko-bio-natura.sk\/shop\/\",\"logo\":{\"@type\":\"ImageObject\",\"inLanguage\":\"sk-SK\",\"@id\":\"https:\/\/www.eko-bio-natura.sk\/shop\/#\/schema\/logo\/image\/\",\"url\":\"https:\/\/www.eko-bio-natura.sk\/shop\/wp-content\/uploads\/2021\/04\/eko-bio-natura_logo.png\",\"contentUrl\":\"https:\/\/www.eko-bio-natura.sk\/shop\/wp-content\/uploads\/2021\/04\/eko-bio-natura_logo.png\",\"width\":552,\"height\":194,\"caption\":\"EKO-BIO-NATURA BIO OBCHOD\"},\"image\":{\"@id\":\"https:\/\/www.eko-bio-natura.sk\/shop\/#\/schema\/logo\/image\/\"}}]}<\/script>\n<!-- \/ Yoast SEO plugin. -->","yoast_head_json":{"title":"Korolev Farm Sofia kr\u00e9m \/ g\u00e9l s extraktom z pijav\u00edc - chladiv\u00e1 Objem: 200 ml - EKO-BIO-NATURA BIO OBCHOD","robots":{"index":"index","follow":"follow","max-snippet":"max-snippet:-1","max-image-preview":"max-image-preview:large","max-video-preview":"max-video-preview:-1"},"canonical":"https:\/\/www.eko-bio-natura.sk\/shop\/produkt\/korolev-farm-sofia-gel-s-extraktom-z-pijavic-chladiva-objem-200-ml\/","og_locale":"sk_SK","og_type":"article","og_title":"Korolev Farm Sofia kr\u00e9m \/ g\u00e9l s extraktom z pijav\u00edc - chladiv\u00e1 Objem: 200 ml - EKO-BIO-NATURA BIO OBCHOD","og_description":"Ako vlastne k\u0155\u010dov\u00e9 \u017eily vznikaj\u00fa: genetick\u00e1 predispoz\u00edcia vek tehotenstvo, u\u017e\u00edvanie antikoncepcie nadv\u00e1ha a&nbsp;obezita nedostatok pohybu a&nbsp;neprimeran\u00e1 svalov\u00e1 z\u00e1\u0165a\u017e nevhodn\u00e9 oble\u010denie a&nbsp;obutie (tesn\u00e1 spodn\u00e1 bielize\u0148, vysok\u00e9 op\u00e4tky) faj\u010denie strava s&nbsp;n\u00edzkym obsahom vl\u00e1kniny, z\u00e1pcha prekonan\u00e1 tromb\u00f3za O tejto t\u00e9me sme p\u00edsali aj&nbsp;v \u010dl\u00e1nku na blogu. Sp\u00f4sob pou\u017eitia:&nbsp;Chladiv\u00fd g\u00e9l naneste na ur\u010den\u00e9, postihnut\u00e9 miesto a&nbsp;rovnomerne \u013eahko vtierajte 2 [&hellip;]","og_url":"https:\/\/www.eko-bio-natura.sk\/shop\/produkt\/korolev-farm-sofia-gel-s-extraktom-z-pijavic-chladiva-objem-200-ml\/","og_site_name":"EKO-BIO-NATURA BIO OBCHOD","article_modified_time":"2022-05-04T14:41:07+00:00","og_image":[{"width":600,"height":600,"url":"https:\/\/www.eko-bio-natura.sk\/shop\/wp-content\/uploads\/2021\/03\/13580_0236-sofia.jpg","type":"image\/jpeg"}],"twitter_card":"summary_large_image","twitter_misc":{"Predpokladan\u00fd \u010das \u010d\u00edtania":"1 min\u00fata"},"schema":{"@context":"https:\/\/schema.org","@graph":[{"@type":"WebPage","@id":"https:\/\/www.eko-bio-natura.sk\/shop\/produkt\/korolev-farm-sofia-gel-s-extraktom-z-pijavic-chladiva-objem-200-ml\/","url":"https:\/\/www.eko-bio-natura.sk\/shop\/produkt\/korolev-farm-sofia-gel-s-extraktom-z-pijavic-chladiva-objem-200-ml\/","name":"Korolev Farm Sofia kr\u00e9m \/ g\u00e9l s extraktom z pijav\u00edc - chladiv\u00e1 Objem: 200 ml - EKO-BIO-NATURA BIO OBCHOD","isPartOf":{"@id":"https:\/\/www.eko-bio-natura.sk\/shop\/#website"},"primaryImageOfPage":{"@id":"https:\/\/www.eko-bio-natura.sk\/shop\/produkt\/korolev-farm-sofia-gel-s-extraktom-z-pijavic-chladiva-objem-200-ml\/#primaryimage"},"image":{"@id":"https:\/\/www.eko-bio-natura.sk\/shop\/produkt\/korolev-farm-sofia-gel-s-extraktom-z-pijavic-chladiva-objem-200-ml\/#primaryimage"},"thumbnailUrl":"https:\/\/www.eko-bio-natura.sk\/shop\/wp-content\/uploads\/2021\/03\/13580_0236-sofia.jpg","datePublished":"2021-12-28T17:15:28+00:00","dateModified":"2022-05-04T14:41:07+00:00","breadcrumb":{"@id":"https:\/\/www.eko-bio-natura.sk\/shop\/produkt\/korolev-farm-sofia-gel-s-extraktom-z-pijavic-chladiva-objem-200-ml\/#breadcrumb"},"inLanguage":"sk-SK","potentialAction":[{"@type":"ReadAction","target":["https:\/\/www.eko-bio-natura.sk\/shop\/produkt\/korolev-farm-sofia-gel-s-extraktom-z-pijavic-chladiva-objem-200-ml\/"]}]},{"@type":"ImageObject","inLanguage":"sk-SK","@id":"https:\/\/www.eko-bio-natura.sk\/shop\/produkt\/korolev-farm-sofia-gel-s-extraktom-z-pijavic-chladiva-objem-200-ml\/#primaryimage","url":"https:\/\/www.eko-bio-natura.sk\/shop\/wp-content\/uploads\/2021\/03\/13580_0236-sofia.jpg","contentUrl":"https:\/\/www.eko-bio-natura.sk\/shop\/wp-content\/uploads\/2021\/03\/13580_0236-sofia.jpg","width":600,"height":600},{"@type":"BreadcrumbList","@id":"https:\/\/www.eko-bio-natura.sk\/shop\/produkt\/korolev-farm-sofia-gel-s-extraktom-z-pijavic-chladiva-objem-200-ml\/#breadcrumb","itemListElement":[{"@type":"ListItem","position":1,"name":"Domovsk\u00e1 str\u00e1nka","item":"https:\/\/www.eko-bio-natura.sk\/shop\/"},{"@type":"ListItem","position":2,"name":"Obchod","item":"https:\/\/www.eko-bio-natura.sk\/shop\/?page_id=6"},{"@type":"ListItem","position":3,"name":"Korolev Farm Sofia kr\u00e9m \/ g\u00e9l s extraktom z pijav\u00edc &#8211; chladiv\u00e1 Objem: 200 ml"}]},{"@type":"WebSite","@id":"https:\/\/www.eko-bio-natura.sk\/shop\/#website","url":"https:\/\/www.eko-bio-natura.sk\/shop\/","name":"EKO-BIO-NATURA BIO OBCHOD","description":"","publisher":{"@id":"https:\/\/www.eko-bio-natura.sk\/shop\/#organization"},"potentialAction":[{"@type":"SearchAction","target":{"@type":"EntryPoint","urlTemplate":"https:\/\/www.eko-bio-natura.sk\/shop\/?s={search_term_string}"},"query-input":{"@type":"PropertyValueSpecification","valueRequired":true,"valueName":"search_term_string"}}],"inLanguage":"sk-SK"},{"@type":"Organization","@id":"https:\/\/www.eko-bio-natura.sk\/shop\/#organization","name":"EKO-BIO-NATURA BIO OBCHOD","url":"https:\/\/www.eko-bio-natura.sk\/shop\/","logo":{"@type":"ImageObject","inLanguage":"sk-SK","@id":"https:\/\/www.eko-bio-natura.sk\/shop\/#\/schema\/logo\/image\/","url":"https:\/\/www.eko-bio-natura.sk\/shop\/wp-content\/uploads\/2021\/04\/eko-bio-natura_logo.png","contentUrl":"https:\/\/www.eko-bio-natura.sk\/shop\/wp-content\/uploads\/2021\/04\/eko-bio-natura_logo.png","width":552,"height":194,"caption":"EKO-BIO-NATURA BIO OBCHOD"},"image":{"@id":"https:\/\/www.eko-bio-natura.sk\/shop\/#\/schema\/logo\/image\/"}}]}},"_links":{"self":[{"href":"https:\/\/www.eko-bio-natura.sk\/shop\/wp-json\/wp\/v2\/product\/7627","targetHints":{"allow":["GET"]}}],"collection":[{"href":"https:\/\/www.eko-bio-natura.sk\/shop\/wp-json\/wp\/v2\/product"}],"about":[{"href":"https:\/\/www.eko-bio-natura.sk\/shop\/wp-json\/wp\/v2\/types\/product"}],"replies":[{"embeddable":true,"href":"https:\/\/www.eko-bio-natura.sk\/shop\/wp-json\/wp\/v2\/comments?post=7627"}],"wp:featuredmedia":[{"embeddable":true,"href":"https:\/\/www.eko-bio-natura.sk\/shop\/wp-json\/wp\/v2\/media\/1355"}],"wp:attachment":[{"href":"https:\/\/www.eko-bio-natura.sk\/shop\/wp-json\/wp\/v2\/media?parent=7627"}],"wp:term":[{"taxonomy":"product_brand","embeddable":true,"href":"https:\/\/www.eko-bio-natura.sk\/shop\/wp-json\/wp\/v2\/product_brand?post=7627"},{"taxonomy":"product_cat","embeddable":true,"href":"https:\/\/www.eko-bio-natura.sk\/shop\/wp-json\/wp\/v2\/product_cat?post=7627"},{"taxonomy":"product_tag","embeddable":true,"href":"https:\/\/www.eko-bio-natura.sk\/shop\/wp-json\/wp\/v2\/product_tag?post=7627"}],"curies":[{"name":"wp","href":"https:\/\/api.w.org\/{rel}","templated":true}]}}