{"id":7611,"date":"2021-12-28T18:15:08","date_gmt":"2021-12-28T17:15:08","guid":{"rendered":"https:\/\/www.eko-bio-natura.sk\/shop\/index.php\/produkt\/100-olej-zo-senovky-greckej-specialist-objem-250-ml\/"},"modified":"2021-12-28T18:15:08","modified_gmt":"2021-12-28T17:15:08","slug":"100-olej-zo-senovky-greckej-specialist-objem-250-ml","status":"publish","type":"product","link":"https:\/\/www.eko-bio-natura.sk\/shop\/produkt\/100-olej-zo-senovky-greckej-specialist-objem-250-ml\/","title":{"rendered":"100% olej zo senovky gr\u00e9ckej  &#8211; Specialist Objem: 250 ml"},"content":{"rendered":"<p><meta charset=\"utf-8\" \/><span style=\"font-family: verdana, geneva; font-size: 12pt;\">Olej zo senovky gr\u00e9ckej je z\u00edskan\u00fd zo semien senovky gr\u00e9ckej pomocou technol\u00f3gie lisovania za studena. Tento olej je vyh\u013ead\u00e1van\u00ed najm\u00e4 pre \u00fa\u010dinky podpory <strong>tvorby matersk\u00e9ho mlieka<\/strong>. Je prospe\u0161n\u00fd aj pri <strong>\u017eal\u00fado\u010dn\u00fdch \u0165a\u017ekostiach, zni\u017euje hladinu zl\u00e9ho cholesterolu v krvi, podporuje vyka\u0161lievanie hlienu a utlmuje bolesti hrdla.<\/strong><\/span><\/p>\n<p><span style=\"font-family: verdana, geneva; font-size: 12pt;\"><meta charset=\"utf-8\" \/><strong><span>Pou\u017eitie: <\/span><\/strong>Prehltn\u00fa\u0165 1 \u010dajov\u00fa ly\u017ei\u010dku 2-3 kr\u00e1t denne. <\/span><\/p>\n<p><span style=\"font-family: verdana, geneva; font-size: 12pt;\"><strong><span>Skladovanie: <\/span><\/strong>Skladova\u0165 pri teplote 5-25 \u00b0C. Po otvoren\u00ed uchov\u00e1va\u0165 na tmavom mieste. <\/span><\/p>\n<p><span style=\"font-family: verdana, geneva; font-size: 12pt;\"><strong><span>Upozornenia: <\/span><\/strong>Nepou\u017e\u00edva\u0165 pri nezn\u00e1\u0161anlivosti na jednotliv\u00e9 zlo\u017eky produktu. Neprekra\u010dova\u0165 odpor\u00fa\u010dan\u00fa denn\u00fa d\u00e1vku. Nesl\u00fa\u017ei ako n\u00e1hrada pestrej stravy. Nevhodn\u00fd pre tehotn\u00e9 \u017eeny. Tepeln\u00e9 spracovanie sa neodpor\u00fa\u010da.<\/span><\/p>\n<p><img decoding=\"async\" src=\"\/user\/documents\/upload\/mceclip0-6.png?1611177501\" \/><\/p>\n<p><span style=\"font-size: 12pt;\"><strong><span style=\"font-family: verdana, geneva;\">Krajina p\u00f4vodu:<\/span><\/strong><span style=\"font-family: verdana, geneva;\">&nbsp;Rusko<\/span><\/span><span style=\"font-family: verdana, geneva;\"><\/span><\/p>\n","protected":false},"excerpt":{"rendered":"<p>Olej zo senovky gr\u00e9ckej je z\u00edskan\u00fd zo semien senovky gr\u00e9ckej pomocou technol\u00f3gie lisovania za studena. Tento olej je vyh\u013ead\u00e1van\u00ed najm\u00e4 pre \u00fa\u010dinky podpory tvorby matersk\u00e9ho mlieka. Je prospe\u0161n\u00fd aj pri \u017eal\u00fado\u010dn\u00fdch \u0165a\u017ekostiach, zni\u017euje hladinu zl\u00e9ho cholesterolu v krvi, podporuje vyka\u0161lievanie hlienu a utlmuje bolesti hrdla. Pou\u017eitie: Prehltn\u00fa\u0165 1 \u010dajov\u00fa ly\u017ei\u010dku 2-3 kr\u00e1t denne. Skladovanie: Skladova\u0165 [&hellip;]<\/p>\n","protected":false},"featured_media":7612,"comment_status":"open","ping_status":"open","template":"","meta":{"site-sidebar-layout":"default","site-content-layout":"","ast-site-content-layout":"default","site-content-style":"default","site-sidebar-style":"default","ast-global-header-display":"","ast-banner-title-visibility":"","ast-main-header-display":"","ast-hfb-above-header-display":"","ast-hfb-below-header-display":"","ast-hfb-mobile-header-display":"","site-post-title":"","ast-breadcrumbs-content":"","ast-featured-img":"","footer-sml-layout":"","ast-disable-related-posts":"","theme-transparent-header-meta":"","adv-header-id-meta":"","stick-header-meta":"","header-above-stick-meta":"","header-main-stick-meta":"","header-below-stick-meta":"","astra-migrate-meta-layouts":"default","ast-page-background-enabled":"default","ast-page-background-meta":{"desktop":{"background-color":"","background-image":"","background-repeat":"repeat","background-position":"center center","background-size":"auto","background-attachment":"scroll","background-type":"","background-media":"","overlay-type":"","overlay-color":"","overlay-opacity":"","overlay-gradient":""},"tablet":{"background-color":"","background-image":"","background-repeat":"repeat","background-position":"center center","background-size":"auto","background-attachment":"scroll","background-type":"","background-media":"","overlay-type":"","overlay-color":"","overlay-opacity":"","overlay-gradient":""},"mobile":{"background-color":"","background-image":"","background-repeat":"repeat","background-position":"center center","background-size":"auto","background-attachment":"scroll","background-type":"","background-media":"","overlay-type":"","overlay-color":"","overlay-opacity":"","overlay-gradient":""}},"ast-content-background-meta":{"desktop":{"background-color":"var(--ast-global-color-5)","background-image":"","background-repeat":"repeat","background-position":"center center","background-size":"auto","background-attachment":"scroll","background-type":"","background-media":"","overlay-type":"","overlay-color":"","overlay-opacity":"","overlay-gradient":""},"tablet":{"background-color":"var(--ast-global-color-5)","background-image":"","background-repeat":"repeat","background-position":"center center","background-size":"auto","background-attachment":"scroll","background-type":"","background-media":"","overlay-type":"","overlay-color":"","overlay-opacity":"","overlay-gradient":""},"mobile":{"background-color":"var(--ast-global-color-5)","background-image":"","background-repeat":"repeat","background-position":"center center","background-size":"auto","background-attachment":"scroll","background-type":"","background-media":"","overlay-type":"","overlay-color":"","overlay-opacity":"","overlay-gradient":""}}},"product_brand":[],"product_cat":[217,187,184],"product_tag":[],"class_list":{"0":"post-7611","1":"product","2":"type-product","3":"status-publish","4":"has-post-thumbnail","6":"product_cat-cholesterol-a-obezita","7":"product_cat-tradicna-ruska-medicina","8":"product_cat-zdrave-oleje","9":"pa_cena-dopravy-367","10":"pa_doprava-zasilkovna","11":"pa_ean-911","12":"pa_typ-partnersky-predaj","13":"pa_znacka-specialist","14":"desktop-align-left","15":"tablet-align-left","16":"mobile-align-left","18":"first","19":"instock","20":"product-type-external"},"yoast_head":"<!-- This site is optimized with the Yoast SEO plugin v27.2 - https:\/\/yoast.com\/product\/yoast-seo-wordpress\/ -->\n<title>100% olej zo senovky gr\u00e9ckej - Specialist Objem: 250 ml - EKO-BIO-NATURA BIO OBCHOD<\/title>\n<meta name=\"robots\" content=\"index, follow, max-snippet:-1, max-image-preview:large, max-video-preview:-1\" \/>\n<link rel=\"canonical\" href=\"https:\/\/www.eko-bio-natura.sk\/shop\/produkt\/100-olej-zo-senovky-greckej-specialist-objem-250-ml\/\" \/>\n<meta property=\"og:locale\" content=\"sk_SK\" \/>\n<meta property=\"og:type\" content=\"article\" \/>\n<meta property=\"og:title\" content=\"100% olej zo senovky gr\u00e9ckej - Specialist Objem: 250 ml - EKO-BIO-NATURA BIO OBCHOD\" \/>\n<meta property=\"og:description\" content=\"Olej zo senovky gr\u00e9ckej je z\u00edskan\u00fd zo semien senovky gr\u00e9ckej pomocou technol\u00f3gie lisovania za studena. Tento olej je vyh\u013ead\u00e1van\u00ed najm\u00e4 pre \u00fa\u010dinky podpory tvorby matersk\u00e9ho mlieka. Je prospe\u0161n\u00fd aj pri \u017eal\u00fado\u010dn\u00fdch \u0165a\u017ekostiach, zni\u017euje hladinu zl\u00e9ho cholesterolu v krvi, podporuje vyka\u0161lievanie hlienu a utlmuje bolesti hrdla. Pou\u017eitie: Prehltn\u00fa\u0165 1 \u010dajov\u00fa ly\u017ei\u010dku 2-3 kr\u00e1t denne. Skladovanie: Skladova\u0165 [&hellip;]\" \/>\n<meta property=\"og:url\" content=\"https:\/\/www.eko-bio-natura.sk\/shop\/produkt\/100-olej-zo-senovky-greckej-specialist-objem-250-ml\/\" \/>\n<meta property=\"og:site_name\" content=\"EKO-BIO-NATURA BIO OBCHOD\" \/>\n<meta property=\"og:image\" content=\"https:\/\/www.eko-bio-natura.sk\/shop\/wp-content\/uploads\/2021\/12\/13496-1_100-olej-zo-senovky-greckej-specialist.jpg\" \/>\n\t<meta property=\"og:image:width\" content=\"1024\" \/>\n\t<meta property=\"og:image:height\" content=\"850\" \/>\n\t<meta property=\"og:image:type\" content=\"image\/jpeg\" \/>\n<meta name=\"twitter:card\" content=\"summary_large_image\" \/>\n<meta name=\"twitter:label1\" content=\"Predpokladan\u00fd \u010das \u010d\u00edtania\" \/>\n\t<meta name=\"twitter:data1\" content=\"1 min\u00fata\" \/>\n<script type=\"application\/ld+json\" class=\"yoast-schema-graph\">{\"@context\":\"https:\/\/schema.org\",\"@graph\":[{\"@type\":\"WebPage\",\"@id\":\"https:\/\/www.eko-bio-natura.sk\/shop\/produkt\/100-olej-zo-senovky-greckej-specialist-objem-250-ml\/\",\"url\":\"https:\/\/www.eko-bio-natura.sk\/shop\/produkt\/100-olej-zo-senovky-greckej-specialist-objem-250-ml\/\",\"name\":\"100% olej zo senovky gr\u00e9ckej - Specialist Objem: 250 ml - EKO-BIO-NATURA BIO OBCHOD\",\"isPartOf\":{\"@id\":\"https:\/\/www.eko-bio-natura.sk\/shop\/#website\"},\"primaryImageOfPage\":{\"@id\":\"https:\/\/www.eko-bio-natura.sk\/shop\/produkt\/100-olej-zo-senovky-greckej-specialist-objem-250-ml\/#primaryimage\"},\"image\":{\"@id\":\"https:\/\/www.eko-bio-natura.sk\/shop\/produkt\/100-olej-zo-senovky-greckej-specialist-objem-250-ml\/#primaryimage\"},\"thumbnailUrl\":\"https:\/\/www.eko-bio-natura.sk\/shop\/wp-content\/uploads\/2021\/12\/13496-1_100-olej-zo-senovky-greckej-specialist.jpg\",\"datePublished\":\"2021-12-28T17:15:08+00:00\",\"breadcrumb\":{\"@id\":\"https:\/\/www.eko-bio-natura.sk\/shop\/produkt\/100-olej-zo-senovky-greckej-specialist-objem-250-ml\/#breadcrumb\"},\"inLanguage\":\"sk-SK\",\"potentialAction\":[{\"@type\":\"ReadAction\",\"target\":[\"https:\/\/www.eko-bio-natura.sk\/shop\/produkt\/100-olej-zo-senovky-greckej-specialist-objem-250-ml\/\"]}]},{\"@type\":\"ImageObject\",\"inLanguage\":\"sk-SK\",\"@id\":\"https:\/\/www.eko-bio-natura.sk\/shop\/produkt\/100-olej-zo-senovky-greckej-specialist-objem-250-ml\/#primaryimage\",\"url\":\"https:\/\/www.eko-bio-natura.sk\/shop\/wp-content\/uploads\/2021\/12\/13496-1_100-olej-zo-senovky-greckej-specialist.jpg\",\"contentUrl\":\"https:\/\/www.eko-bio-natura.sk\/shop\/wp-content\/uploads\/2021\/12\/13496-1_100-olej-zo-senovky-greckej-specialist.jpg\",\"width\":1024,\"height\":850},{\"@type\":\"BreadcrumbList\",\"@id\":\"https:\/\/www.eko-bio-natura.sk\/shop\/produkt\/100-olej-zo-senovky-greckej-specialist-objem-250-ml\/#breadcrumb\",\"itemListElement\":[{\"@type\":\"ListItem\",\"position\":1,\"name\":\"Domovsk\u00e1 str\u00e1nka\",\"item\":\"https:\/\/www.eko-bio-natura.sk\/shop\/\"},{\"@type\":\"ListItem\",\"position\":2,\"name\":\"Obchod\",\"item\":\"https:\/\/www.eko-bio-natura.sk\/shop\/?page_id=6\"},{\"@type\":\"ListItem\",\"position\":3,\"name\":\"100% olej zo senovky gr\u00e9ckej &#8211; Specialist Objem: 250 ml\"}]},{\"@type\":\"WebSite\",\"@id\":\"https:\/\/www.eko-bio-natura.sk\/shop\/#website\",\"url\":\"https:\/\/www.eko-bio-natura.sk\/shop\/\",\"name\":\"EKO-BIO-NATURA BIO OBCHOD\",\"description\":\"\",\"publisher\":{\"@id\":\"https:\/\/www.eko-bio-natura.sk\/shop\/#organization\"},\"potentialAction\":[{\"@type\":\"SearchAction\",\"target\":{\"@type\":\"EntryPoint\",\"urlTemplate\":\"https:\/\/www.eko-bio-natura.sk\/shop\/?s={search_term_string}\"},\"query-input\":{\"@type\":\"PropertyValueSpecification\",\"valueRequired\":true,\"valueName\":\"search_term_string\"}}],\"inLanguage\":\"sk-SK\"},{\"@type\":\"Organization\",\"@id\":\"https:\/\/www.eko-bio-natura.sk\/shop\/#organization\",\"name\":\"EKO-BIO-NATURA BIO OBCHOD\",\"url\":\"https:\/\/www.eko-bio-natura.sk\/shop\/\",\"logo\":{\"@type\":\"ImageObject\",\"inLanguage\":\"sk-SK\",\"@id\":\"https:\/\/www.eko-bio-natura.sk\/shop\/#\/schema\/logo\/image\/\",\"url\":\"https:\/\/www.eko-bio-natura.sk\/shop\/wp-content\/uploads\/2021\/04\/eko-bio-natura_logo.png\",\"contentUrl\":\"https:\/\/www.eko-bio-natura.sk\/shop\/wp-content\/uploads\/2021\/04\/eko-bio-natura_logo.png\",\"width\":552,\"height\":194,\"caption\":\"EKO-BIO-NATURA BIO OBCHOD\"},\"image\":{\"@id\":\"https:\/\/www.eko-bio-natura.sk\/shop\/#\/schema\/logo\/image\/\"}}]}<\/script>\n<!-- \/ Yoast SEO plugin. -->","yoast_head_json":{"title":"100% olej zo senovky gr\u00e9ckej - Specialist Objem: 250 ml - EKO-BIO-NATURA BIO OBCHOD","robots":{"index":"index","follow":"follow","max-snippet":"max-snippet:-1","max-image-preview":"max-image-preview:large","max-video-preview":"max-video-preview:-1"},"canonical":"https:\/\/www.eko-bio-natura.sk\/shop\/produkt\/100-olej-zo-senovky-greckej-specialist-objem-250-ml\/","og_locale":"sk_SK","og_type":"article","og_title":"100% olej zo senovky gr\u00e9ckej - Specialist Objem: 250 ml - EKO-BIO-NATURA BIO OBCHOD","og_description":"Olej zo senovky gr\u00e9ckej je z\u00edskan\u00fd zo semien senovky gr\u00e9ckej pomocou technol\u00f3gie lisovania za studena. Tento olej je vyh\u013ead\u00e1van\u00ed najm\u00e4 pre \u00fa\u010dinky podpory tvorby matersk\u00e9ho mlieka. Je prospe\u0161n\u00fd aj pri \u017eal\u00fado\u010dn\u00fdch \u0165a\u017ekostiach, zni\u017euje hladinu zl\u00e9ho cholesterolu v krvi, podporuje vyka\u0161lievanie hlienu a utlmuje bolesti hrdla. Pou\u017eitie: Prehltn\u00fa\u0165 1 \u010dajov\u00fa ly\u017ei\u010dku 2-3 kr\u00e1t denne. Skladovanie: Skladova\u0165 [&hellip;]","og_url":"https:\/\/www.eko-bio-natura.sk\/shop\/produkt\/100-olej-zo-senovky-greckej-specialist-objem-250-ml\/","og_site_name":"EKO-BIO-NATURA BIO OBCHOD","og_image":[{"width":1024,"height":850,"url":"https:\/\/www.eko-bio-natura.sk\/shop\/wp-content\/uploads\/2021\/12\/13496-1_100-olej-zo-senovky-greckej-specialist.jpg","type":"image\/jpeg"}],"twitter_card":"summary_large_image","twitter_misc":{"Predpokladan\u00fd \u010das \u010d\u00edtania":"1 min\u00fata"},"schema":{"@context":"https:\/\/schema.org","@graph":[{"@type":"WebPage","@id":"https:\/\/www.eko-bio-natura.sk\/shop\/produkt\/100-olej-zo-senovky-greckej-specialist-objem-250-ml\/","url":"https:\/\/www.eko-bio-natura.sk\/shop\/produkt\/100-olej-zo-senovky-greckej-specialist-objem-250-ml\/","name":"100% olej zo senovky gr\u00e9ckej - Specialist Objem: 250 ml - EKO-BIO-NATURA BIO OBCHOD","isPartOf":{"@id":"https:\/\/www.eko-bio-natura.sk\/shop\/#website"},"primaryImageOfPage":{"@id":"https:\/\/www.eko-bio-natura.sk\/shop\/produkt\/100-olej-zo-senovky-greckej-specialist-objem-250-ml\/#primaryimage"},"image":{"@id":"https:\/\/www.eko-bio-natura.sk\/shop\/produkt\/100-olej-zo-senovky-greckej-specialist-objem-250-ml\/#primaryimage"},"thumbnailUrl":"https:\/\/www.eko-bio-natura.sk\/shop\/wp-content\/uploads\/2021\/12\/13496-1_100-olej-zo-senovky-greckej-specialist.jpg","datePublished":"2021-12-28T17:15:08+00:00","breadcrumb":{"@id":"https:\/\/www.eko-bio-natura.sk\/shop\/produkt\/100-olej-zo-senovky-greckej-specialist-objem-250-ml\/#breadcrumb"},"inLanguage":"sk-SK","potentialAction":[{"@type":"ReadAction","target":["https:\/\/www.eko-bio-natura.sk\/shop\/produkt\/100-olej-zo-senovky-greckej-specialist-objem-250-ml\/"]}]},{"@type":"ImageObject","inLanguage":"sk-SK","@id":"https:\/\/www.eko-bio-natura.sk\/shop\/produkt\/100-olej-zo-senovky-greckej-specialist-objem-250-ml\/#primaryimage","url":"https:\/\/www.eko-bio-natura.sk\/shop\/wp-content\/uploads\/2021\/12\/13496-1_100-olej-zo-senovky-greckej-specialist.jpg","contentUrl":"https:\/\/www.eko-bio-natura.sk\/shop\/wp-content\/uploads\/2021\/12\/13496-1_100-olej-zo-senovky-greckej-specialist.jpg","width":1024,"height":850},{"@type":"BreadcrumbList","@id":"https:\/\/www.eko-bio-natura.sk\/shop\/produkt\/100-olej-zo-senovky-greckej-specialist-objem-250-ml\/#breadcrumb","itemListElement":[{"@type":"ListItem","position":1,"name":"Domovsk\u00e1 str\u00e1nka","item":"https:\/\/www.eko-bio-natura.sk\/shop\/"},{"@type":"ListItem","position":2,"name":"Obchod","item":"https:\/\/www.eko-bio-natura.sk\/shop\/?page_id=6"},{"@type":"ListItem","position":3,"name":"100% olej zo senovky gr\u00e9ckej &#8211; Specialist Objem: 250 ml"}]},{"@type":"WebSite","@id":"https:\/\/www.eko-bio-natura.sk\/shop\/#website","url":"https:\/\/www.eko-bio-natura.sk\/shop\/","name":"EKO-BIO-NATURA BIO OBCHOD","description":"","publisher":{"@id":"https:\/\/www.eko-bio-natura.sk\/shop\/#organization"},"potentialAction":[{"@type":"SearchAction","target":{"@type":"EntryPoint","urlTemplate":"https:\/\/www.eko-bio-natura.sk\/shop\/?s={search_term_string}"},"query-input":{"@type":"PropertyValueSpecification","valueRequired":true,"valueName":"search_term_string"}}],"inLanguage":"sk-SK"},{"@type":"Organization","@id":"https:\/\/www.eko-bio-natura.sk\/shop\/#organization","name":"EKO-BIO-NATURA BIO OBCHOD","url":"https:\/\/www.eko-bio-natura.sk\/shop\/","logo":{"@type":"ImageObject","inLanguage":"sk-SK","@id":"https:\/\/www.eko-bio-natura.sk\/shop\/#\/schema\/logo\/image\/","url":"https:\/\/www.eko-bio-natura.sk\/shop\/wp-content\/uploads\/2021\/04\/eko-bio-natura_logo.png","contentUrl":"https:\/\/www.eko-bio-natura.sk\/shop\/wp-content\/uploads\/2021\/04\/eko-bio-natura_logo.png","width":552,"height":194,"caption":"EKO-BIO-NATURA BIO OBCHOD"},"image":{"@id":"https:\/\/www.eko-bio-natura.sk\/shop\/#\/schema\/logo\/image\/"}}]}},"_links":{"self":[{"href":"https:\/\/www.eko-bio-natura.sk\/shop\/wp-json\/wp\/v2\/product\/7611","targetHints":{"allow":["GET"]}}],"collection":[{"href":"https:\/\/www.eko-bio-natura.sk\/shop\/wp-json\/wp\/v2\/product"}],"about":[{"href":"https:\/\/www.eko-bio-natura.sk\/shop\/wp-json\/wp\/v2\/types\/product"}],"replies":[{"embeddable":true,"href":"https:\/\/www.eko-bio-natura.sk\/shop\/wp-json\/wp\/v2\/comments?post=7611"}],"wp:featuredmedia":[{"embeddable":true,"href":"https:\/\/www.eko-bio-natura.sk\/shop\/wp-json\/wp\/v2\/media\/7612"}],"wp:attachment":[{"href":"https:\/\/www.eko-bio-natura.sk\/shop\/wp-json\/wp\/v2\/media?parent=7611"}],"wp:term":[{"taxonomy":"product_brand","embeddable":true,"href":"https:\/\/www.eko-bio-natura.sk\/shop\/wp-json\/wp\/v2\/product_brand?post=7611"},{"taxonomy":"product_cat","embeddable":true,"href":"https:\/\/www.eko-bio-natura.sk\/shop\/wp-json\/wp\/v2\/product_cat?post=7611"},{"taxonomy":"product_tag","embeddable":true,"href":"https:\/\/www.eko-bio-natura.sk\/shop\/wp-json\/wp\/v2\/product_tag?post=7611"}],"curies":[{"name":"wp","href":"https:\/\/api.w.org\/{rel}","templated":true}]}}