{"id":7587,"date":"2021-12-28T18:14:18","date_gmt":"2021-12-28T17:14:18","guid":{"rendered":"https:\/\/www.eko-bio-natura.sk\/shop\/index.php\/produkt\/baby-detsky-opalovaci-krem-spf-45-bio-eco-cosmetics-50-ml\/"},"modified":"2021-12-28T18:14:32","modified_gmt":"2021-12-28T17:14:32","slug":"baby-detsky-opalovaci-krem-spf-45-bio-eco-cosmetics-50-ml","status":"publish","type":"product","link":"https:\/\/www.eko-bio-natura.sk\/shop\/produkt\/baby-detsky-opalovaci-krem-spf-45-bio-eco-cosmetics-50-ml\/","title":{"rendered":"Baby detsk\u00fd opa\u013eovac\u00ed kr\u00e9m SPF 45, Bio &#8211; Eco Cosmetics &#8211; 50 ml"},"content":{"rendered":"<p><span style=\"font-family: verdana, geneva; font-size: 12pt;\">Tento 100% pr\u00edrodn\u00fd slne\u010dn\u00fd kr\u00e9m od Eco Cosmetics s faktorom SPF 45 poskytuje maxim\u00e1lnu ochranu <strong>pre jemn\u00fa b\u00e1b\u00e4tkovsk\u00fa a detsk\u00fa poko\u017eku.<\/strong><\/span><\/p>\n<p><span style=\"font-family: verdana, geneva; font-size: 12pt;\"><strong>Akt\u00edvne zlo\u017eky:&nbsp;<\/strong><\/span><\/p>\n<ul>\n<li><span style=\"font-family: verdana, geneva; font-size: 12pt;\"><strong>100% pr\u00edrodn\u00e9 miner\u00e1lne filtre<\/strong> okam\u017eite po aplik\u00e1cii ochr\u00e1nia pred UVA aj UVB slne\u010dn\u00fdm \u017eiaren\u00edm. \u00dapln\u00fa UVA ochranu poskytuje \u0161peci\u00e1lny variant oxidu titani\u010dit\u00e9ho UV Titanium Dioxide, ktor\u00fd je \u0161peci\u00e1lne upraven\u00fd na tieto \u00fa\u010dely.<\/span><\/li>\n<li><span style=\"font-family: verdana, geneva; font-size: 12pt;\"><strong>BIO extrakty z gran\u00e1tov\u00e9ho jablka<\/strong> &#8211; predch\u00e1dza pred\u010dasn\u00e9mu vysu\u0161eniu poko\u017eky<\/span><\/li>\n<li><span style=\"font-family: verdana, geneva; font-size: 12pt;\"><strong>BIO extrakty z ol\u00edv<\/strong> \u2013 staraj\u00fa sa o poko\u017eku a dod\u00e1vaj\u00fa jej hydrat\u00e1ciu<\/span><\/li>\n<li><span style=\"font-family: verdana, geneva; font-size: 12pt;\"><strong>BIO extrakty z rakytn\u00edka<\/strong> &#8211; upokojuj\u00fa podr\u00e1\u017eden\u00fa a slnkom nam\u00e1han\u00fa poko\u017eku<\/span><\/li>\n<li><span style=\"font-family: verdana, geneva; font-size: 12pt;\"><strong>makadamiov\u00fd olej<\/strong> sa star\u00e1 o citliv\u00fa poko\u017eku<\/span><\/li>\n<\/ul>\n<p><span style=\"font-family: verdana, geneva; font-size: 12pt;\">A tie\u017e pr\u00edjemne, jemne vonia. \u017diadne chemick\u00e9 filtre, nanotechnol\u00f3gie, umel\u00e9 v\u00f4ne \u010di deriv\u00e1ty z ropy ako pri be\u017en\u00fdch opa\u013eovac\u00edch kr\u00e9moch.<\/span><\/p>\n<p><span style=\"font-family: verdana, geneva; font-size: 12pt;\">V\u0161etky produkty Eco Cosmetics s\u00fa 100% pr\u00edrodn\u00e9, v BIO kvalite a maj\u00fa pr\u00edsnu certifik\u00e1ciu <strong>EcoCert.<\/strong> Zna\u010dka je v\u00fdnimo\u010dn\u00e1 t\u00fdm, \u017ee podiel BIO surov\u00edn z rastlinn\u00fdch zlo\u017eiek je 95 \u2013 100 %, \u010do v tejto cenovej kateg\u00f3rii inak nen\u00e1jdete.<\/span><\/p>\n<p><span style=\"font-family: verdana, geneva; font-size: 12pt;\">Pou\u017eit\u00e9 oleje a \u00e9terick\u00e9 oleje maj\u00fa certifik\u00e1ciu Demeter biodynamick\u00e9ho po\u013enohospod\u00e1rstva. S\u00fa vyprodukovan\u00e9 CO2 neutr\u00e1lne. A&nbsp;samozrejme, netestovan\u00e9 na zvierat\u00e1ch a neobsahuj\u00fa \u017eivo\u010d\u00ed\u0161ne suroviny.<\/span><\/p>\n<p>&nbsp;<\/p>\n<p><span style=\"font-family: verdana, geneva; font-size: 12pt;\"><strong><img decoding=\"async\" src=\"https:\/\/www.herbatica.sk\/user\/documents\/upload\/zlozenia\/2297.jpg\" alt=\"2297\" \/><\/strong><\/span><\/p>\n<p><span style=\"font-family: verdana, geneva; font-size: 12pt;\"><strong>Objem:&nbsp;<\/strong>50 ml<\/span><\/p>\n<p><span style=\"font-family: verdana, geneva; font-size: 12pt;\"><strong>Krajina p\u00f4vodu:&nbsp;<\/strong>Nemecko&nbsp;<\/span><\/p>\n<p><span style=\"font-family: verdana, geneva; font-size: 12pt;\"><strong>Obsahuj\u00fa produkty Eco Cosmetics&nbsp;palmov\u00fd olej?&nbsp;Nie.<\/strong><\/span><\/p>\n<p><span style=\"font-family: verdana, geneva; font-size: 12pt;\">Priamo od v\u00fdrobcu m\u00e1me p\u00edsomn\u00e9 potvrdenie, \u017ee sa v ich produktoch nenach\u00e1dza \u017eiadny palmov\u00fd olej ani jeho deriv\u00e1ty. Suroviny s\u00fa vyberan\u00e9 tak, aby sa \u00faplne zaobi\u0161li bez PO. To je aj vo svete vysokokvalitnej pr\u00edrodnej biokozmetiky e\u0161te st\u00e1le ve\u013emi vz\u00e1cny \u00fakaz, lebo v\u00f4bec to nie je \u013eahk\u00e9 dosiahnu\u0165. Niektor\u00e9 suroviny toti\u017e m\u00f4\u017eu by\u0165 vyroben\u00e9 z r\u00f4znych olejov a dod\u00e1vatelia surov\u00edn obvykle nie s\u00fa schopn\u00ed poskytn\u00fa\u0165 100% garanciu, \u017ee sa deriv\u00e1ty PO nem\u00f4\u017eu v ingredienci\u00e1ch vyskytova\u0165. Aj preto je n\u00e1m zna\u010dka Eco Cosmetics tak sympatick\u00e1 &#8211; s\u00fa naozaj d\u00f4sledn\u00ed.<\/span><\/p>\n","protected":false},"excerpt":{"rendered":"<p>Tento 100% pr\u00edrodn\u00fd slne\u010dn\u00fd kr\u00e9m od Eco Cosmetics s faktorom SPF 45 poskytuje maxim\u00e1lnu ochranu pre jemn\u00fa b\u00e1b\u00e4tkovsk\u00fa a detsk\u00fa poko\u017eku. Akt\u00edvne zlo\u017eky:&nbsp; 100% pr\u00edrodn\u00e9 miner\u00e1lne filtre okam\u017eite po aplik\u00e1cii ochr\u00e1nia pred UVA aj UVB slne\u010dn\u00fdm \u017eiaren\u00edm. \u00dapln\u00fa UVA ochranu poskytuje \u0161peci\u00e1lny variant oxidu titani\u010dit\u00e9ho UV Titanium Dioxide, ktor\u00fd je \u0161peci\u00e1lne upraven\u00fd na tieto \u00fa\u010dely. [&hellip;]<\/p>\n","protected":false},"featured_media":7588,"comment_status":"open","ping_status":"open","template":"","meta":{"site-sidebar-layout":"default","site-content-layout":"","ast-site-content-layout":"default","site-content-style":"default","site-sidebar-style":"default","ast-global-header-display":"","ast-banner-title-visibility":"","ast-main-header-display":"","ast-hfb-above-header-display":"","ast-hfb-below-header-display":"","ast-hfb-mobile-header-display":"","site-post-title":"","ast-breadcrumbs-content":"","ast-featured-img":"","footer-sml-layout":"","ast-disable-related-posts":"","theme-transparent-header-meta":"","adv-header-id-meta":"","stick-header-meta":"","header-above-stick-meta":"","header-main-stick-meta":"","header-below-stick-meta":"","astra-migrate-meta-layouts":"default","ast-page-background-enabled":"default","ast-page-background-meta":{"desktop":{"background-color":"","background-image":"","background-repeat":"repeat","background-position":"center center","background-size":"auto","background-attachment":"scroll","background-type":"","background-media":"","overlay-type":"","overlay-color":"","overlay-opacity":"","overlay-gradient":""},"tablet":{"background-color":"","background-image":"","background-repeat":"repeat","background-position":"center center","background-size":"auto","background-attachment":"scroll","background-type":"","background-media":"","overlay-type":"","overlay-color":"","overlay-opacity":"","overlay-gradient":""},"mobile":{"background-color":"","background-image":"","background-repeat":"repeat","background-position":"center center","background-size":"auto","background-attachment":"scroll","background-type":"","background-media":"","overlay-type":"","overlay-color":"","overlay-opacity":"","overlay-gradient":""}},"ast-content-background-meta":{"desktop":{"background-color":"var(--ast-global-color-5)","background-image":"","background-repeat":"repeat","background-position":"center center","background-size":"auto","background-attachment":"scroll","background-type":"","background-media":"","overlay-type":"","overlay-color":"","overlay-opacity":"","overlay-gradient":""},"tablet":{"background-color":"var(--ast-global-color-5)","background-image":"","background-repeat":"repeat","background-position":"center center","background-size":"auto","background-attachment":"scroll","background-type":"","background-media":"","overlay-type":"","overlay-color":"","overlay-opacity":"","overlay-gradient":""},"mobile":{"background-color":"var(--ast-global-color-5)","background-image":"","background-repeat":"repeat","background-position":"center center","background-size":"auto","background-attachment":"scroll","background-type":"","background-media":"","overlay-type":"","overlay-color":"","overlay-opacity":"","overlay-gradient":""}}},"product_brand":[],"product_cat":[2740,39],"product_tag":[2551],"class_list":{"0":"post-7587","1":"product","2":"type-product","3":"status-publish","4":"has-post-thumbnail","6":"product_cat-bio","7":"product_cat-telova-kozmetika","8":"product_tag-bio","9":"pa_cena-dopravy-367","10":"pa_doprava-zasilkovna","11":"pa_ean-870","12":"pa_typ-partnersky-predaj","13":"pa_znacka-eco-cosmetics","14":"desktop-align-left","15":"tablet-align-left","16":"mobile-align-left","18":"first","19":"instock","20":"product-type-external"},"yoast_head":"<!-- This site is optimized with the Yoast SEO plugin v27.2 - https:\/\/yoast.com\/product\/yoast-seo-wordpress\/ -->\n<title>Baby detsk\u00fd opa\u013eovac\u00ed kr\u00e9m SPF 45, Bio - Eco Cosmetics - 50 ml - EKO-BIO-NATURA BIO OBCHOD<\/title>\n<meta name=\"robots\" content=\"index, follow, max-snippet:-1, max-image-preview:large, max-video-preview:-1\" \/>\n<link rel=\"canonical\" href=\"https:\/\/www.eko-bio-natura.sk\/shop\/produkt\/baby-detsky-opalovaci-krem-spf-45-bio-eco-cosmetics-50-ml\/\" \/>\n<meta property=\"og:locale\" content=\"sk_SK\" \/>\n<meta property=\"og:type\" content=\"article\" \/>\n<meta property=\"og:title\" content=\"Baby detsk\u00fd opa\u013eovac\u00ed kr\u00e9m SPF 45, Bio - Eco Cosmetics - 50 ml - EKO-BIO-NATURA BIO OBCHOD\" \/>\n<meta property=\"og:description\" content=\"Tento 100% pr\u00edrodn\u00fd slne\u010dn\u00fd kr\u00e9m od Eco Cosmetics s faktorom SPF 45 poskytuje maxim\u00e1lnu ochranu pre jemn\u00fa b\u00e1b\u00e4tkovsk\u00fa a detsk\u00fa poko\u017eku. Akt\u00edvne zlo\u017eky:&nbsp; 100% pr\u00edrodn\u00e9 miner\u00e1lne filtre okam\u017eite po aplik\u00e1cii ochr\u00e1nia pred UVA aj UVB slne\u010dn\u00fdm \u017eiaren\u00edm. \u00dapln\u00fa UVA ochranu poskytuje \u0161peci\u00e1lny variant oxidu titani\u010dit\u00e9ho UV Titanium Dioxide, ktor\u00fd je \u0161peci\u00e1lne upraven\u00fd na tieto \u00fa\u010dely. [&hellip;]\" \/>\n<meta property=\"og:url\" content=\"https:\/\/www.eko-bio-natura.sk\/shop\/produkt\/baby-detsky-opalovaci-krem-spf-45-bio-eco-cosmetics-50-ml\/\" \/>\n<meta property=\"og:site_name\" content=\"EKO-BIO-NATURA BIO OBCHOD\" \/>\n<meta property=\"article:modified_time\" content=\"2021-12-28T17:14:32+00:00\" \/>\n<meta property=\"og:image\" content=\"https:\/\/www.eko-bio-natura.sk\/shop\/wp-content\/uploads\/2021\/12\/13115_265e6a994f3eae34e586c6d1e05e5e2e-ecobabysonnencreme-1.jpg\" \/>\n\t<meta property=\"og:image:width\" content=\"800\" \/>\n\t<meta property=\"og:image:height\" content=\"800\" \/>\n\t<meta property=\"og:image:type\" content=\"image\/jpeg\" \/>\n<meta name=\"twitter:card\" content=\"summary_large_image\" \/>\n<meta name=\"twitter:label1\" content=\"Predpokladan\u00fd \u010das \u010d\u00edtania\" \/>\n\t<meta name=\"twitter:data1\" content=\"2 min\u00faty\" \/>\n<script type=\"application\/ld+json\" class=\"yoast-schema-graph\">{\"@context\":\"https:\/\/schema.org\",\"@graph\":[{\"@type\":\"WebPage\",\"@id\":\"https:\/\/www.eko-bio-natura.sk\/shop\/produkt\/baby-detsky-opalovaci-krem-spf-45-bio-eco-cosmetics-50-ml\/\",\"url\":\"https:\/\/www.eko-bio-natura.sk\/shop\/produkt\/baby-detsky-opalovaci-krem-spf-45-bio-eco-cosmetics-50-ml\/\",\"name\":\"Baby detsk\u00fd opa\u013eovac\u00ed kr\u00e9m SPF 45, Bio - Eco Cosmetics - 50 ml - EKO-BIO-NATURA BIO OBCHOD\",\"isPartOf\":{\"@id\":\"https:\/\/www.eko-bio-natura.sk\/shop\/#website\"},\"primaryImageOfPage\":{\"@id\":\"https:\/\/www.eko-bio-natura.sk\/shop\/produkt\/baby-detsky-opalovaci-krem-spf-45-bio-eco-cosmetics-50-ml\/#primaryimage\"},\"image\":{\"@id\":\"https:\/\/www.eko-bio-natura.sk\/shop\/produkt\/baby-detsky-opalovaci-krem-spf-45-bio-eco-cosmetics-50-ml\/#primaryimage\"},\"thumbnailUrl\":\"https:\/\/www.eko-bio-natura.sk\/shop\/wp-content\/uploads\/2021\/12\/13115_265e6a994f3eae34e586c6d1e05e5e2e-ecobabysonnencreme-1.jpg\",\"datePublished\":\"2021-12-28T17:14:18+00:00\",\"dateModified\":\"2021-12-28T17:14:32+00:00\",\"breadcrumb\":{\"@id\":\"https:\/\/www.eko-bio-natura.sk\/shop\/produkt\/baby-detsky-opalovaci-krem-spf-45-bio-eco-cosmetics-50-ml\/#breadcrumb\"},\"inLanguage\":\"sk-SK\",\"potentialAction\":[{\"@type\":\"ReadAction\",\"target\":[\"https:\/\/www.eko-bio-natura.sk\/shop\/produkt\/baby-detsky-opalovaci-krem-spf-45-bio-eco-cosmetics-50-ml\/\"]}]},{\"@type\":\"ImageObject\",\"inLanguage\":\"sk-SK\",\"@id\":\"https:\/\/www.eko-bio-natura.sk\/shop\/produkt\/baby-detsky-opalovaci-krem-spf-45-bio-eco-cosmetics-50-ml\/#primaryimage\",\"url\":\"https:\/\/www.eko-bio-natura.sk\/shop\/wp-content\/uploads\/2021\/12\/13115_265e6a994f3eae34e586c6d1e05e5e2e-ecobabysonnencreme-1.jpg\",\"contentUrl\":\"https:\/\/www.eko-bio-natura.sk\/shop\/wp-content\/uploads\/2021\/12\/13115_265e6a994f3eae34e586c6d1e05e5e2e-ecobabysonnencreme-1.jpg\",\"width\":800,\"height\":800},{\"@type\":\"BreadcrumbList\",\"@id\":\"https:\/\/www.eko-bio-natura.sk\/shop\/produkt\/baby-detsky-opalovaci-krem-spf-45-bio-eco-cosmetics-50-ml\/#breadcrumb\",\"itemListElement\":[{\"@type\":\"ListItem\",\"position\":1,\"name\":\"Domovsk\u00e1 str\u00e1nka\",\"item\":\"https:\/\/www.eko-bio-natura.sk\/shop\/\"},{\"@type\":\"ListItem\",\"position\":2,\"name\":\"Obchod\",\"item\":\"https:\/\/www.eko-bio-natura.sk\/shop\/?page_id=6\"},{\"@type\":\"ListItem\",\"position\":3,\"name\":\"Baby detsk\u00fd opa\u013eovac\u00ed kr\u00e9m SPF 45, Bio &#8211; Eco Cosmetics &#8211; 50 ml\"}]},{\"@type\":\"WebSite\",\"@id\":\"https:\/\/www.eko-bio-natura.sk\/shop\/#website\",\"url\":\"https:\/\/www.eko-bio-natura.sk\/shop\/\",\"name\":\"EKO-BIO-NATURA BIO OBCHOD\",\"description\":\"\",\"publisher\":{\"@id\":\"https:\/\/www.eko-bio-natura.sk\/shop\/#organization\"},\"potentialAction\":[{\"@type\":\"SearchAction\",\"target\":{\"@type\":\"EntryPoint\",\"urlTemplate\":\"https:\/\/www.eko-bio-natura.sk\/shop\/?s={search_term_string}\"},\"query-input\":{\"@type\":\"PropertyValueSpecification\",\"valueRequired\":true,\"valueName\":\"search_term_string\"}}],\"inLanguage\":\"sk-SK\"},{\"@type\":\"Organization\",\"@id\":\"https:\/\/www.eko-bio-natura.sk\/shop\/#organization\",\"name\":\"EKO-BIO-NATURA BIO OBCHOD\",\"url\":\"https:\/\/www.eko-bio-natura.sk\/shop\/\",\"logo\":{\"@type\":\"ImageObject\",\"inLanguage\":\"sk-SK\",\"@id\":\"https:\/\/www.eko-bio-natura.sk\/shop\/#\/schema\/logo\/image\/\",\"url\":\"https:\/\/www.eko-bio-natura.sk\/shop\/wp-content\/uploads\/2021\/04\/eko-bio-natura_logo.png\",\"contentUrl\":\"https:\/\/www.eko-bio-natura.sk\/shop\/wp-content\/uploads\/2021\/04\/eko-bio-natura_logo.png\",\"width\":552,\"height\":194,\"caption\":\"EKO-BIO-NATURA BIO OBCHOD\"},\"image\":{\"@id\":\"https:\/\/www.eko-bio-natura.sk\/shop\/#\/schema\/logo\/image\/\"}}]}<\/script>\n<!-- \/ Yoast SEO plugin. -->","yoast_head_json":{"title":"Baby detsk\u00fd opa\u013eovac\u00ed kr\u00e9m SPF 45, Bio - Eco Cosmetics - 50 ml - EKO-BIO-NATURA BIO OBCHOD","robots":{"index":"index","follow":"follow","max-snippet":"max-snippet:-1","max-image-preview":"max-image-preview:large","max-video-preview":"max-video-preview:-1"},"canonical":"https:\/\/www.eko-bio-natura.sk\/shop\/produkt\/baby-detsky-opalovaci-krem-spf-45-bio-eco-cosmetics-50-ml\/","og_locale":"sk_SK","og_type":"article","og_title":"Baby detsk\u00fd opa\u013eovac\u00ed kr\u00e9m SPF 45, Bio - Eco Cosmetics - 50 ml - EKO-BIO-NATURA BIO OBCHOD","og_description":"Tento 100% pr\u00edrodn\u00fd slne\u010dn\u00fd kr\u00e9m od Eco Cosmetics s faktorom SPF 45 poskytuje maxim\u00e1lnu ochranu pre jemn\u00fa b\u00e1b\u00e4tkovsk\u00fa a detsk\u00fa poko\u017eku. Akt\u00edvne zlo\u017eky:&nbsp; 100% pr\u00edrodn\u00e9 miner\u00e1lne filtre okam\u017eite po aplik\u00e1cii ochr\u00e1nia pred UVA aj UVB slne\u010dn\u00fdm \u017eiaren\u00edm. \u00dapln\u00fa UVA ochranu poskytuje \u0161peci\u00e1lny variant oxidu titani\u010dit\u00e9ho UV Titanium Dioxide, ktor\u00fd je \u0161peci\u00e1lne upraven\u00fd na tieto \u00fa\u010dely. [&hellip;]","og_url":"https:\/\/www.eko-bio-natura.sk\/shop\/produkt\/baby-detsky-opalovaci-krem-spf-45-bio-eco-cosmetics-50-ml\/","og_site_name":"EKO-BIO-NATURA BIO OBCHOD","article_modified_time":"2021-12-28T17:14:32+00:00","og_image":[{"width":800,"height":800,"url":"https:\/\/www.eko-bio-natura.sk\/shop\/wp-content\/uploads\/2021\/12\/13115_265e6a994f3eae34e586c6d1e05e5e2e-ecobabysonnencreme-1.jpg","type":"image\/jpeg"}],"twitter_card":"summary_large_image","twitter_misc":{"Predpokladan\u00fd \u010das \u010d\u00edtania":"2 min\u00faty"},"schema":{"@context":"https:\/\/schema.org","@graph":[{"@type":"WebPage","@id":"https:\/\/www.eko-bio-natura.sk\/shop\/produkt\/baby-detsky-opalovaci-krem-spf-45-bio-eco-cosmetics-50-ml\/","url":"https:\/\/www.eko-bio-natura.sk\/shop\/produkt\/baby-detsky-opalovaci-krem-spf-45-bio-eco-cosmetics-50-ml\/","name":"Baby detsk\u00fd opa\u013eovac\u00ed kr\u00e9m SPF 45, Bio - Eco Cosmetics - 50 ml - EKO-BIO-NATURA BIO OBCHOD","isPartOf":{"@id":"https:\/\/www.eko-bio-natura.sk\/shop\/#website"},"primaryImageOfPage":{"@id":"https:\/\/www.eko-bio-natura.sk\/shop\/produkt\/baby-detsky-opalovaci-krem-spf-45-bio-eco-cosmetics-50-ml\/#primaryimage"},"image":{"@id":"https:\/\/www.eko-bio-natura.sk\/shop\/produkt\/baby-detsky-opalovaci-krem-spf-45-bio-eco-cosmetics-50-ml\/#primaryimage"},"thumbnailUrl":"https:\/\/www.eko-bio-natura.sk\/shop\/wp-content\/uploads\/2021\/12\/13115_265e6a994f3eae34e586c6d1e05e5e2e-ecobabysonnencreme-1.jpg","datePublished":"2021-12-28T17:14:18+00:00","dateModified":"2021-12-28T17:14:32+00:00","breadcrumb":{"@id":"https:\/\/www.eko-bio-natura.sk\/shop\/produkt\/baby-detsky-opalovaci-krem-spf-45-bio-eco-cosmetics-50-ml\/#breadcrumb"},"inLanguage":"sk-SK","potentialAction":[{"@type":"ReadAction","target":["https:\/\/www.eko-bio-natura.sk\/shop\/produkt\/baby-detsky-opalovaci-krem-spf-45-bio-eco-cosmetics-50-ml\/"]}]},{"@type":"ImageObject","inLanguage":"sk-SK","@id":"https:\/\/www.eko-bio-natura.sk\/shop\/produkt\/baby-detsky-opalovaci-krem-spf-45-bio-eco-cosmetics-50-ml\/#primaryimage","url":"https:\/\/www.eko-bio-natura.sk\/shop\/wp-content\/uploads\/2021\/12\/13115_265e6a994f3eae34e586c6d1e05e5e2e-ecobabysonnencreme-1.jpg","contentUrl":"https:\/\/www.eko-bio-natura.sk\/shop\/wp-content\/uploads\/2021\/12\/13115_265e6a994f3eae34e586c6d1e05e5e2e-ecobabysonnencreme-1.jpg","width":800,"height":800},{"@type":"BreadcrumbList","@id":"https:\/\/www.eko-bio-natura.sk\/shop\/produkt\/baby-detsky-opalovaci-krem-spf-45-bio-eco-cosmetics-50-ml\/#breadcrumb","itemListElement":[{"@type":"ListItem","position":1,"name":"Domovsk\u00e1 str\u00e1nka","item":"https:\/\/www.eko-bio-natura.sk\/shop\/"},{"@type":"ListItem","position":2,"name":"Obchod","item":"https:\/\/www.eko-bio-natura.sk\/shop\/?page_id=6"},{"@type":"ListItem","position":3,"name":"Baby detsk\u00fd opa\u013eovac\u00ed kr\u00e9m SPF 45, Bio &#8211; Eco Cosmetics &#8211; 50 ml"}]},{"@type":"WebSite","@id":"https:\/\/www.eko-bio-natura.sk\/shop\/#website","url":"https:\/\/www.eko-bio-natura.sk\/shop\/","name":"EKO-BIO-NATURA BIO OBCHOD","description":"","publisher":{"@id":"https:\/\/www.eko-bio-natura.sk\/shop\/#organization"},"potentialAction":[{"@type":"SearchAction","target":{"@type":"EntryPoint","urlTemplate":"https:\/\/www.eko-bio-natura.sk\/shop\/?s={search_term_string}"},"query-input":{"@type":"PropertyValueSpecification","valueRequired":true,"valueName":"search_term_string"}}],"inLanguage":"sk-SK"},{"@type":"Organization","@id":"https:\/\/www.eko-bio-natura.sk\/shop\/#organization","name":"EKO-BIO-NATURA BIO OBCHOD","url":"https:\/\/www.eko-bio-natura.sk\/shop\/","logo":{"@type":"ImageObject","inLanguage":"sk-SK","@id":"https:\/\/www.eko-bio-natura.sk\/shop\/#\/schema\/logo\/image\/","url":"https:\/\/www.eko-bio-natura.sk\/shop\/wp-content\/uploads\/2021\/04\/eko-bio-natura_logo.png","contentUrl":"https:\/\/www.eko-bio-natura.sk\/shop\/wp-content\/uploads\/2021\/04\/eko-bio-natura_logo.png","width":552,"height":194,"caption":"EKO-BIO-NATURA BIO OBCHOD"},"image":{"@id":"https:\/\/www.eko-bio-natura.sk\/shop\/#\/schema\/logo\/image\/"}}]}},"_links":{"self":[{"href":"https:\/\/www.eko-bio-natura.sk\/shop\/wp-json\/wp\/v2\/product\/7587","targetHints":{"allow":["GET"]}}],"collection":[{"href":"https:\/\/www.eko-bio-natura.sk\/shop\/wp-json\/wp\/v2\/product"}],"about":[{"href":"https:\/\/www.eko-bio-natura.sk\/shop\/wp-json\/wp\/v2\/types\/product"}],"replies":[{"embeddable":true,"href":"https:\/\/www.eko-bio-natura.sk\/shop\/wp-json\/wp\/v2\/comments?post=7587"}],"wp:featuredmedia":[{"embeddable":true,"href":"https:\/\/www.eko-bio-natura.sk\/shop\/wp-json\/wp\/v2\/media\/7588"}],"wp:attachment":[{"href":"https:\/\/www.eko-bio-natura.sk\/shop\/wp-json\/wp\/v2\/media?parent=7587"}],"wp:term":[{"taxonomy":"product_brand","embeddable":true,"href":"https:\/\/www.eko-bio-natura.sk\/shop\/wp-json\/wp\/v2\/product_brand?post=7587"},{"taxonomy":"product_cat","embeddable":true,"href":"https:\/\/www.eko-bio-natura.sk\/shop\/wp-json\/wp\/v2\/product_cat?post=7587"},{"taxonomy":"product_tag","embeddable":true,"href":"https:\/\/www.eko-bio-natura.sk\/shop\/wp-json\/wp\/v2\/product_tag?post=7587"}],"curies":[{"name":"wp","href":"https:\/\/api.w.org\/{rel}","templated":true}]}}