{"id":7572,"date":"2021-12-28T18:14:01","date_gmt":"2021-12-28T17:14:01","guid":{"rendered":"https:\/\/www.eko-bio-natura.sk\/shop\/index.php\/produkt\/gel-balzam-masazny-konska-davka-12-aktivnych-bylin-koncentrat-na-klby-korolev-farm-125-ml\/"},"modified":"2021-12-28T18:14:05","modified_gmt":"2021-12-28T17:14:05","slug":"gel-balzam-masazny-konska-davka-12-aktivnych-bylin-koncentrat-na-klby-korolev-farm-125-ml","status":"publish","type":"product","link":"https:\/\/www.eko-bio-natura.sk\/shop\/produkt\/gel-balzam-masazny-konska-davka-12-aktivnych-bylin-koncentrat-na-klby-korolev-farm-125-ml\/","title":{"rendered":"G\u00e9l-balzam mas\u00e1\u017eny Konsk\u00e1 d\u00e1vka 12 akt\u00edvnych byl\u00edn koncentr\u00e1t  na k\u013aby &#8211; Korolev Farm &#8211; 125 ml"},"content":{"rendered":"<p><span style=\"font-family: verdana, geneva; font-size: 12pt;\"><strong>Konsk\u00e1 d\u00e1vka 12 akt\u00edvnych byl\u00edn na k\u013aby<\/strong><\/span><\/p>\n<p><span style=\"font-family: verdana, geneva; font-size: 12pt;\"><strong>Akt\u00edvne zlo\u017eky:<\/strong><\/span><\/p>\n<ul>\n<li><span style=\"font-family: verdana, geneva; font-size: 12pt;\">g\u00e1for<\/span><\/li>\n<li><span style=\"font-family: verdana, geneva; font-size: 12pt;\">rakytn\u00edk<\/span><\/li>\n<li><span style=\"font-family: verdana, geneva; font-size: 12pt;\">paprikov\u00fd extrakt<\/span><\/li>\n<li><span style=\"font-family: verdana, geneva; font-size: 12pt;\">BIO stimula\u010dn\u00fd protiz\u00e1palov\u00fd komplex<\/span><\/li>\n<li><span style=\"font-family: verdana, geneva; font-size: 12pt;\">BIO stimula\u010dn\u00fd B vitam\u00ednov\u00fd komplex<\/span><\/li>\n<li><span style=\"font-family: verdana, geneva; font-size: 12pt;\">chondroit\u00edn, glukozam\u00edn, kolag\u00e9n<\/span><\/li>\n<li><span style=\"font-family: verdana, geneva; font-size: 12pt;\">aloe vera<\/span><\/li>\n<li><span style=\"font-family: verdana, geneva; font-size: 12pt;\">tamus oby\u010dajn\u00fd<\/span><\/li>\n<li><span style=\"font-family: verdana, geneva; font-size: 12pt;\">oman prav\u00fd<\/span><\/li>\n<li><span style=\"font-family: verdana, geneva; font-size: 12pt;\">lucerna siata<\/span><\/li>\n<li><span style=\"font-family: verdana, geneva; font-size: 12pt;\">n\u00e1tr\u017enica mo\u010diarna<\/span><\/li>\n<li><span style=\"font-family: verdana, geneva; font-size: 12pt;\">\u0161kumpa vlasat\u00e1 \/ hlohy\u0148a \u0161arl\u00e1tov\u00e1<\/span><\/li>\n<li><span style=\"font-family: verdana, geneva; font-size: 12pt;\">eukalyptov\u00fd olej<\/span><\/li>\n<li><span style=\"font-family: verdana, geneva; font-size: 12pt;\">kostihoj<\/span><\/li>\n<li><span style=\"font-family: verdana, geneva; font-size: 12pt;\">kadidlovn\u00edk<\/span><\/li>\n<li><span style=\"font-family: verdana, geneva; font-size: 12pt;\">olej jalovca<\/span><\/li>\n<li><span style=\"font-family: verdana, geneva; font-size: 12pt;\">m\u00famio<\/span><\/li>\n<\/ul>\n<p><img decoding=\"async\" src=\"https:\/\/www.herbatica.sk\/user\/documents\/upload\/zlozenia\/2065sk.jpg\" alt=\"2065sk\" \/><\/p>\n<p><span style=\"font-family: verdana, geneva; font-size: 12pt;\"><strong>Sp\u00f4sob pou\u017eitia:<\/strong>&nbsp;Nan\u00e1\u0161a sa kruhov\u00fdmi mas\u00e1\u017enymi pohybmi na oblas\u0165 postihnut\u00e9ho k\u013abu po\u010das 3 &#8211; 5 min\u00fat do \u00fapln\u00e9ho vstrebania 2 &#8211; 3 kr\u00e1t za de\u0148. Pod\u013ea mo\u017enosti je potrebn\u00e9 zabezpe\u010di\u0165 pre probl\u00e9mov\u00fa oblas\u0165 teplo a pokoj na 1 &#8211; 2 hodiny. Minim\u00e1lna doba pou\u017eitia &#8211; 1,5 mesiaca.<\/span><\/p>\n<p><span style=\"font-family: verdana, geneva; font-size: 12pt;\"><strong>Kontraindik\u00e1cie:<\/strong>&nbsp;Individu\u00e1lna nezn\u00e1\u0161anlivos\u0165 jednotliv\u00fdch komponentov. Na sliznice a na otvoren\u00e9 rany a pre deti do 3 rokov.<\/span><\/p>\n<p><span style=\"font-family: verdana, geneva; font-size: 12pt;\"><strong>Upozornenie<\/strong>:&nbsp;Skladujte od +5 do +25 \u00b0C. Nejde sa o liek. Len na vonkaj\u0161ie pou\u017eitie.&nbsp;&nbsp;<\/span><\/p>\n<p><span style=\"font-family: verdana, geneva; font-size: 12pt;\"><strong>Obsah<\/strong> <strong>balenia<\/strong>: 125 ml<\/span><\/p>\n<p><span style=\"font-family: verdana, geneva; font-size: 12pt;\"><strong>Krajina p\u00f4vodu<\/strong>: Rusko&nbsp;<\/span><\/p>\n","protected":false},"excerpt":{"rendered":"<p>Konsk\u00e1 d\u00e1vka 12 akt\u00edvnych byl\u00edn na k\u013aby Akt\u00edvne zlo\u017eky: g\u00e1for rakytn\u00edk paprikov\u00fd extrakt BIO stimula\u010dn\u00fd protiz\u00e1palov\u00fd komplex BIO stimula\u010dn\u00fd B vitam\u00ednov\u00fd komplex chondroit\u00edn, glukozam\u00edn, kolag\u00e9n aloe vera tamus oby\u010dajn\u00fd oman prav\u00fd lucerna siata n\u00e1tr\u017enica mo\u010diarna \u0161kumpa vlasat\u00e1 \/ hlohy\u0148a \u0161arl\u00e1tov\u00e1 eukalyptov\u00fd olej kostihoj kadidlovn\u00edk olej jalovca m\u00famio Sp\u00f4sob pou\u017eitia:&nbsp;Nan\u00e1\u0161a sa kruhov\u00fdmi mas\u00e1\u017enymi pohybmi na oblas\u0165 [&hellip;]<\/p>\n","protected":false},"featured_media":7573,"comment_status":"open","ping_status":"open","template":"","meta":{"site-sidebar-layout":"default","site-content-layout":"","ast-site-content-layout":"default","site-content-style":"default","site-sidebar-style":"default","ast-global-header-display":"","ast-banner-title-visibility":"","ast-main-header-display":"","ast-hfb-above-header-display":"","ast-hfb-below-header-display":"","ast-hfb-mobile-header-display":"","site-post-title":"","ast-breadcrumbs-content":"","ast-featured-img":"","footer-sml-layout":"","ast-disable-related-posts":"","theme-transparent-header-meta":"","adv-header-id-meta":"","stick-header-meta":"","header-above-stick-meta":"","header-main-stick-meta":"","header-below-stick-meta":"","astra-migrate-meta-layouts":"default","ast-page-background-enabled":"default","ast-page-background-meta":{"desktop":{"background-color":"","background-image":"","background-repeat":"repeat","background-position":"center center","background-size":"auto","background-attachment":"scroll","background-type":"","background-media":"","overlay-type":"","overlay-color":"","overlay-opacity":"","overlay-gradient":""},"tablet":{"background-color":"","background-image":"","background-repeat":"repeat","background-position":"center center","background-size":"auto","background-attachment":"scroll","background-type":"","background-media":"","overlay-type":"","overlay-color":"","overlay-opacity":"","overlay-gradient":""},"mobile":{"background-color":"","background-image":"","background-repeat":"repeat","background-position":"center center","background-size":"auto","background-attachment":"scroll","background-type":"","background-media":"","overlay-type":"","overlay-color":"","overlay-opacity":"","overlay-gradient":""}},"ast-content-background-meta":{"desktop":{"background-color":"var(--ast-global-color-5)","background-image":"","background-repeat":"repeat","background-position":"center center","background-size":"auto","background-attachment":"scroll","background-type":"","background-media":"","overlay-type":"","overlay-color":"","overlay-opacity":"","overlay-gradient":""},"tablet":{"background-color":"var(--ast-global-color-5)","background-image":"","background-repeat":"repeat","background-position":"center center","background-size":"auto","background-attachment":"scroll","background-type":"","background-media":"","overlay-type":"","overlay-color":"","overlay-opacity":"","overlay-gradient":""},"mobile":{"background-color":"var(--ast-global-color-5)","background-image":"","background-repeat":"repeat","background-position":"center center","background-size":"auto","background-attachment":"scroll","background-type":"","background-media":"","overlay-type":"","overlay-color":"","overlay-opacity":"","overlay-gradient":""}}},"product_brand":[],"product_cat":[206],"product_tag":[],"class_list":{"0":"post-7572","1":"product","2":"type-product","3":"status-publish","4":"has-post-thumbnail","6":"product_cat-pohybove-ustrojenstvo","7":"pa_cena-dopravy-367","8":"pa_doprava-zasilkovna","9":"pa_ean-840","10":"pa_typ-partnersky-predaj","11":"pa_znacka-korolev-farm","12":"desktop-align-left","13":"tablet-align-left","14":"mobile-align-left","16":"first","17":"instock","18":"product-type-external"},"yoast_head":"<!-- This site is optimized with the Yoast SEO plugin v27.2 - https:\/\/yoast.com\/product\/yoast-seo-wordpress\/ -->\n<title>G\u00e9l-balzam mas\u00e1\u017eny Konsk\u00e1 d\u00e1vka 12 akt\u00edvnych byl\u00edn koncentr\u00e1t na k\u013aby - Korolev Farm - 125 ml - EKO-BIO-NATURA BIO OBCHOD<\/title>\n<meta name=\"robots\" content=\"index, follow, max-snippet:-1, max-image-preview:large, max-video-preview:-1\" \/>\n<link rel=\"canonical\" href=\"https:\/\/www.eko-bio-natura.sk\/shop\/produkt\/gel-balzam-masazny-konska-davka-12-aktivnych-bylin-koncentrat-na-klby-korolev-farm-125-ml\/\" \/>\n<meta property=\"og:locale\" content=\"sk_SK\" \/>\n<meta property=\"og:type\" content=\"article\" \/>\n<meta property=\"og:title\" content=\"G\u00e9l-balzam mas\u00e1\u017eny Konsk\u00e1 d\u00e1vka 12 akt\u00edvnych byl\u00edn koncentr\u00e1t na k\u013aby - Korolev Farm - 125 ml - EKO-BIO-NATURA BIO OBCHOD\" \/>\n<meta property=\"og:description\" content=\"Konsk\u00e1 d\u00e1vka 12 akt\u00edvnych byl\u00edn na k\u013aby Akt\u00edvne zlo\u017eky: g\u00e1for rakytn\u00edk paprikov\u00fd extrakt BIO stimula\u010dn\u00fd protiz\u00e1palov\u00fd komplex BIO stimula\u010dn\u00fd B vitam\u00ednov\u00fd komplex chondroit\u00edn, glukozam\u00edn, kolag\u00e9n aloe vera tamus oby\u010dajn\u00fd oman prav\u00fd lucerna siata n\u00e1tr\u017enica mo\u010diarna \u0161kumpa vlasat\u00e1 \/ hlohy\u0148a \u0161arl\u00e1tov\u00e1 eukalyptov\u00fd olej kostihoj kadidlovn\u00edk olej jalovca m\u00famio Sp\u00f4sob pou\u017eitia:&nbsp;Nan\u00e1\u0161a sa kruhov\u00fdmi mas\u00e1\u017enymi pohybmi na oblas\u0165 [&hellip;]\" \/>\n<meta property=\"og:url\" content=\"https:\/\/www.eko-bio-natura.sk\/shop\/produkt\/gel-balzam-masazny-konska-davka-12-aktivnych-bylin-koncentrat-na-klby-korolev-farm-125-ml\/\" \/>\n<meta property=\"og:site_name\" content=\"EKO-BIO-NATURA BIO OBCHOD\" \/>\n<meta property=\"article:modified_time\" content=\"2021-12-28T17:14:05+00:00\" \/>\n<meta property=\"og:image\" content=\"https:\/\/www.eko-bio-natura.sk\/shop\/wp-content\/uploads\/2021\/12\/12926_voj-7967-scaled.jpg\" \/>\n\t<meta property=\"og:image:width\" content=\"1703\" \/>\n\t<meta property=\"og:image:height\" content=\"2560\" \/>\n\t<meta property=\"og:image:type\" content=\"image\/jpeg\" \/>\n<meta name=\"twitter:card\" content=\"summary_large_image\" \/>\n<meta name=\"twitter:label1\" content=\"Predpokladan\u00fd \u010das \u010d\u00edtania\" \/>\n\t<meta name=\"twitter:data1\" content=\"1 min\u00fata\" \/>\n<script type=\"application\/ld+json\" class=\"yoast-schema-graph\">{\"@context\":\"https:\/\/schema.org\",\"@graph\":[{\"@type\":\"WebPage\",\"@id\":\"https:\/\/www.eko-bio-natura.sk\/shop\/produkt\/gel-balzam-masazny-konska-davka-12-aktivnych-bylin-koncentrat-na-klby-korolev-farm-125-ml\/\",\"url\":\"https:\/\/www.eko-bio-natura.sk\/shop\/produkt\/gel-balzam-masazny-konska-davka-12-aktivnych-bylin-koncentrat-na-klby-korolev-farm-125-ml\/\",\"name\":\"G\u00e9l-balzam mas\u00e1\u017eny Konsk\u00e1 d\u00e1vka 12 akt\u00edvnych byl\u00edn koncentr\u00e1t na k\u013aby - Korolev Farm - 125 ml - EKO-BIO-NATURA BIO OBCHOD\",\"isPartOf\":{\"@id\":\"https:\/\/www.eko-bio-natura.sk\/shop\/#website\"},\"primaryImageOfPage\":{\"@id\":\"https:\/\/www.eko-bio-natura.sk\/shop\/produkt\/gel-balzam-masazny-konska-davka-12-aktivnych-bylin-koncentrat-na-klby-korolev-farm-125-ml\/#primaryimage\"},\"image\":{\"@id\":\"https:\/\/www.eko-bio-natura.sk\/shop\/produkt\/gel-balzam-masazny-konska-davka-12-aktivnych-bylin-koncentrat-na-klby-korolev-farm-125-ml\/#primaryimage\"},\"thumbnailUrl\":\"https:\/\/www.eko-bio-natura.sk\/shop\/wp-content\/uploads\/2021\/12\/12926_voj-7967-scaled.jpg\",\"datePublished\":\"2021-12-28T17:14:01+00:00\",\"dateModified\":\"2021-12-28T17:14:05+00:00\",\"breadcrumb\":{\"@id\":\"https:\/\/www.eko-bio-natura.sk\/shop\/produkt\/gel-balzam-masazny-konska-davka-12-aktivnych-bylin-koncentrat-na-klby-korolev-farm-125-ml\/#breadcrumb\"},\"inLanguage\":\"sk-SK\",\"potentialAction\":[{\"@type\":\"ReadAction\",\"target\":[\"https:\/\/www.eko-bio-natura.sk\/shop\/produkt\/gel-balzam-masazny-konska-davka-12-aktivnych-bylin-koncentrat-na-klby-korolev-farm-125-ml\/\"]}]},{\"@type\":\"ImageObject\",\"inLanguage\":\"sk-SK\",\"@id\":\"https:\/\/www.eko-bio-natura.sk\/shop\/produkt\/gel-balzam-masazny-konska-davka-12-aktivnych-bylin-koncentrat-na-klby-korolev-farm-125-ml\/#primaryimage\",\"url\":\"https:\/\/www.eko-bio-natura.sk\/shop\/wp-content\/uploads\/2021\/12\/12926_voj-7967-scaled.jpg\",\"contentUrl\":\"https:\/\/www.eko-bio-natura.sk\/shop\/wp-content\/uploads\/2021\/12\/12926_voj-7967-scaled.jpg\",\"width\":1703,\"height\":2560},{\"@type\":\"BreadcrumbList\",\"@id\":\"https:\/\/www.eko-bio-natura.sk\/shop\/produkt\/gel-balzam-masazny-konska-davka-12-aktivnych-bylin-koncentrat-na-klby-korolev-farm-125-ml\/#breadcrumb\",\"itemListElement\":[{\"@type\":\"ListItem\",\"position\":1,\"name\":\"Domovsk\u00e1 str\u00e1nka\",\"item\":\"https:\/\/www.eko-bio-natura.sk\/shop\/\"},{\"@type\":\"ListItem\",\"position\":2,\"name\":\"Obchod\",\"item\":\"https:\/\/www.eko-bio-natura.sk\/shop\/?page_id=6\"},{\"@type\":\"ListItem\",\"position\":3,\"name\":\"G\u00e9l-balzam mas\u00e1\u017eny Konsk\u00e1 d\u00e1vka 12 akt\u00edvnych byl\u00edn koncentr\u00e1t na k\u013aby &#8211; Korolev Farm &#8211; 125 ml\"}]},{\"@type\":\"WebSite\",\"@id\":\"https:\/\/www.eko-bio-natura.sk\/shop\/#website\",\"url\":\"https:\/\/www.eko-bio-natura.sk\/shop\/\",\"name\":\"EKO-BIO-NATURA BIO OBCHOD\",\"description\":\"\",\"publisher\":{\"@id\":\"https:\/\/www.eko-bio-natura.sk\/shop\/#organization\"},\"potentialAction\":[{\"@type\":\"SearchAction\",\"target\":{\"@type\":\"EntryPoint\",\"urlTemplate\":\"https:\/\/www.eko-bio-natura.sk\/shop\/?s={search_term_string}\"},\"query-input\":{\"@type\":\"PropertyValueSpecification\",\"valueRequired\":true,\"valueName\":\"search_term_string\"}}],\"inLanguage\":\"sk-SK\"},{\"@type\":\"Organization\",\"@id\":\"https:\/\/www.eko-bio-natura.sk\/shop\/#organization\",\"name\":\"EKO-BIO-NATURA BIO OBCHOD\",\"url\":\"https:\/\/www.eko-bio-natura.sk\/shop\/\",\"logo\":{\"@type\":\"ImageObject\",\"inLanguage\":\"sk-SK\",\"@id\":\"https:\/\/www.eko-bio-natura.sk\/shop\/#\/schema\/logo\/image\/\",\"url\":\"https:\/\/www.eko-bio-natura.sk\/shop\/wp-content\/uploads\/2021\/04\/eko-bio-natura_logo.png\",\"contentUrl\":\"https:\/\/www.eko-bio-natura.sk\/shop\/wp-content\/uploads\/2021\/04\/eko-bio-natura_logo.png\",\"width\":552,\"height\":194,\"caption\":\"EKO-BIO-NATURA BIO OBCHOD\"},\"image\":{\"@id\":\"https:\/\/www.eko-bio-natura.sk\/shop\/#\/schema\/logo\/image\/\"}}]}<\/script>\n<!-- \/ Yoast SEO plugin. -->","yoast_head_json":{"title":"G\u00e9l-balzam mas\u00e1\u017eny Konsk\u00e1 d\u00e1vka 12 akt\u00edvnych byl\u00edn koncentr\u00e1t na k\u013aby - Korolev Farm - 125 ml - EKO-BIO-NATURA BIO OBCHOD","robots":{"index":"index","follow":"follow","max-snippet":"max-snippet:-1","max-image-preview":"max-image-preview:large","max-video-preview":"max-video-preview:-1"},"canonical":"https:\/\/www.eko-bio-natura.sk\/shop\/produkt\/gel-balzam-masazny-konska-davka-12-aktivnych-bylin-koncentrat-na-klby-korolev-farm-125-ml\/","og_locale":"sk_SK","og_type":"article","og_title":"G\u00e9l-balzam mas\u00e1\u017eny Konsk\u00e1 d\u00e1vka 12 akt\u00edvnych byl\u00edn koncentr\u00e1t na k\u013aby - Korolev Farm - 125 ml - EKO-BIO-NATURA BIO OBCHOD","og_description":"Konsk\u00e1 d\u00e1vka 12 akt\u00edvnych byl\u00edn na k\u013aby Akt\u00edvne zlo\u017eky: g\u00e1for rakytn\u00edk paprikov\u00fd extrakt BIO stimula\u010dn\u00fd protiz\u00e1palov\u00fd komplex BIO stimula\u010dn\u00fd B vitam\u00ednov\u00fd komplex chondroit\u00edn, glukozam\u00edn, kolag\u00e9n aloe vera tamus oby\u010dajn\u00fd oman prav\u00fd lucerna siata n\u00e1tr\u017enica mo\u010diarna \u0161kumpa vlasat\u00e1 \/ hlohy\u0148a \u0161arl\u00e1tov\u00e1 eukalyptov\u00fd olej kostihoj kadidlovn\u00edk olej jalovca m\u00famio Sp\u00f4sob pou\u017eitia:&nbsp;Nan\u00e1\u0161a sa kruhov\u00fdmi mas\u00e1\u017enymi pohybmi na oblas\u0165 [&hellip;]","og_url":"https:\/\/www.eko-bio-natura.sk\/shop\/produkt\/gel-balzam-masazny-konska-davka-12-aktivnych-bylin-koncentrat-na-klby-korolev-farm-125-ml\/","og_site_name":"EKO-BIO-NATURA BIO OBCHOD","article_modified_time":"2021-12-28T17:14:05+00:00","og_image":[{"width":1703,"height":2560,"url":"https:\/\/www.eko-bio-natura.sk\/shop\/wp-content\/uploads\/2021\/12\/12926_voj-7967-scaled.jpg","type":"image\/jpeg"}],"twitter_card":"summary_large_image","twitter_misc":{"Predpokladan\u00fd \u010das \u010d\u00edtania":"1 min\u00fata"},"schema":{"@context":"https:\/\/schema.org","@graph":[{"@type":"WebPage","@id":"https:\/\/www.eko-bio-natura.sk\/shop\/produkt\/gel-balzam-masazny-konska-davka-12-aktivnych-bylin-koncentrat-na-klby-korolev-farm-125-ml\/","url":"https:\/\/www.eko-bio-natura.sk\/shop\/produkt\/gel-balzam-masazny-konska-davka-12-aktivnych-bylin-koncentrat-na-klby-korolev-farm-125-ml\/","name":"G\u00e9l-balzam mas\u00e1\u017eny Konsk\u00e1 d\u00e1vka 12 akt\u00edvnych byl\u00edn koncentr\u00e1t na k\u013aby - Korolev Farm - 125 ml - EKO-BIO-NATURA BIO OBCHOD","isPartOf":{"@id":"https:\/\/www.eko-bio-natura.sk\/shop\/#website"},"primaryImageOfPage":{"@id":"https:\/\/www.eko-bio-natura.sk\/shop\/produkt\/gel-balzam-masazny-konska-davka-12-aktivnych-bylin-koncentrat-na-klby-korolev-farm-125-ml\/#primaryimage"},"image":{"@id":"https:\/\/www.eko-bio-natura.sk\/shop\/produkt\/gel-balzam-masazny-konska-davka-12-aktivnych-bylin-koncentrat-na-klby-korolev-farm-125-ml\/#primaryimage"},"thumbnailUrl":"https:\/\/www.eko-bio-natura.sk\/shop\/wp-content\/uploads\/2021\/12\/12926_voj-7967-scaled.jpg","datePublished":"2021-12-28T17:14:01+00:00","dateModified":"2021-12-28T17:14:05+00:00","breadcrumb":{"@id":"https:\/\/www.eko-bio-natura.sk\/shop\/produkt\/gel-balzam-masazny-konska-davka-12-aktivnych-bylin-koncentrat-na-klby-korolev-farm-125-ml\/#breadcrumb"},"inLanguage":"sk-SK","potentialAction":[{"@type":"ReadAction","target":["https:\/\/www.eko-bio-natura.sk\/shop\/produkt\/gel-balzam-masazny-konska-davka-12-aktivnych-bylin-koncentrat-na-klby-korolev-farm-125-ml\/"]}]},{"@type":"ImageObject","inLanguage":"sk-SK","@id":"https:\/\/www.eko-bio-natura.sk\/shop\/produkt\/gel-balzam-masazny-konska-davka-12-aktivnych-bylin-koncentrat-na-klby-korolev-farm-125-ml\/#primaryimage","url":"https:\/\/www.eko-bio-natura.sk\/shop\/wp-content\/uploads\/2021\/12\/12926_voj-7967-scaled.jpg","contentUrl":"https:\/\/www.eko-bio-natura.sk\/shop\/wp-content\/uploads\/2021\/12\/12926_voj-7967-scaled.jpg","width":1703,"height":2560},{"@type":"BreadcrumbList","@id":"https:\/\/www.eko-bio-natura.sk\/shop\/produkt\/gel-balzam-masazny-konska-davka-12-aktivnych-bylin-koncentrat-na-klby-korolev-farm-125-ml\/#breadcrumb","itemListElement":[{"@type":"ListItem","position":1,"name":"Domovsk\u00e1 str\u00e1nka","item":"https:\/\/www.eko-bio-natura.sk\/shop\/"},{"@type":"ListItem","position":2,"name":"Obchod","item":"https:\/\/www.eko-bio-natura.sk\/shop\/?page_id=6"},{"@type":"ListItem","position":3,"name":"G\u00e9l-balzam mas\u00e1\u017eny Konsk\u00e1 d\u00e1vka 12 akt\u00edvnych byl\u00edn koncentr\u00e1t na k\u013aby &#8211; Korolev Farm &#8211; 125 ml"}]},{"@type":"WebSite","@id":"https:\/\/www.eko-bio-natura.sk\/shop\/#website","url":"https:\/\/www.eko-bio-natura.sk\/shop\/","name":"EKO-BIO-NATURA BIO OBCHOD","description":"","publisher":{"@id":"https:\/\/www.eko-bio-natura.sk\/shop\/#organization"},"potentialAction":[{"@type":"SearchAction","target":{"@type":"EntryPoint","urlTemplate":"https:\/\/www.eko-bio-natura.sk\/shop\/?s={search_term_string}"},"query-input":{"@type":"PropertyValueSpecification","valueRequired":true,"valueName":"search_term_string"}}],"inLanguage":"sk-SK"},{"@type":"Organization","@id":"https:\/\/www.eko-bio-natura.sk\/shop\/#organization","name":"EKO-BIO-NATURA BIO OBCHOD","url":"https:\/\/www.eko-bio-natura.sk\/shop\/","logo":{"@type":"ImageObject","inLanguage":"sk-SK","@id":"https:\/\/www.eko-bio-natura.sk\/shop\/#\/schema\/logo\/image\/","url":"https:\/\/www.eko-bio-natura.sk\/shop\/wp-content\/uploads\/2021\/04\/eko-bio-natura_logo.png","contentUrl":"https:\/\/www.eko-bio-natura.sk\/shop\/wp-content\/uploads\/2021\/04\/eko-bio-natura_logo.png","width":552,"height":194,"caption":"EKO-BIO-NATURA BIO OBCHOD"},"image":{"@id":"https:\/\/www.eko-bio-natura.sk\/shop\/#\/schema\/logo\/image\/"}}]}},"_links":{"self":[{"href":"https:\/\/www.eko-bio-natura.sk\/shop\/wp-json\/wp\/v2\/product\/7572","targetHints":{"allow":["GET"]}}],"collection":[{"href":"https:\/\/www.eko-bio-natura.sk\/shop\/wp-json\/wp\/v2\/product"}],"about":[{"href":"https:\/\/www.eko-bio-natura.sk\/shop\/wp-json\/wp\/v2\/types\/product"}],"replies":[{"embeddable":true,"href":"https:\/\/www.eko-bio-natura.sk\/shop\/wp-json\/wp\/v2\/comments?post=7572"}],"wp:featuredmedia":[{"embeddable":true,"href":"https:\/\/www.eko-bio-natura.sk\/shop\/wp-json\/wp\/v2\/media\/7573"}],"wp:attachment":[{"href":"https:\/\/www.eko-bio-natura.sk\/shop\/wp-json\/wp\/v2\/media?parent=7572"}],"wp:term":[{"taxonomy":"product_brand","embeddable":true,"href":"https:\/\/www.eko-bio-natura.sk\/shop\/wp-json\/wp\/v2\/product_brand?post=7572"},{"taxonomy":"product_cat","embeddable":true,"href":"https:\/\/www.eko-bio-natura.sk\/shop\/wp-json\/wp\/v2\/product_cat?post=7572"},{"taxonomy":"product_tag","embeddable":true,"href":"https:\/\/www.eko-bio-natura.sk\/shop\/wp-json\/wp\/v2\/product_tag?post=7572"}],"curies":[{"name":"wp","href":"https:\/\/api.w.org\/{rel}","templated":true}]}}