{"id":7514,"date":"2021-12-28T18:12:00","date_gmt":"2021-12-28T17:12:00","guid":{"rendered":"https:\/\/www.eko-bio-natura.sk\/shop\/index.php\/produkt\/100-esencialny-olej-tymian-botavikos-10-ml\/"},"modified":"2022-05-04T16:40:17","modified_gmt":"2022-05-04T14:40:17","slug":"100-esencialny-olej-tymian-botavikos-10-ml","status":"publish","type":"product","link":"https:\/\/www.eko-bio-natura.sk\/shop\/produkt\/100-esencialny-olej-tymian-botavikos-10-ml\/","title":{"rendered":"100% esenci\u00e1lny olej &quot;Tymi\u00e1n&quot; &#8211; Botavikos &#8211; 10 ml"},"content":{"rendered":"<p><span style=\"font-size: 12pt; font-family: verdana, geneva;\">Z tymi\u00e1nu destil\u00e1ciou v pare sa z\u00edska \u00e9terick\u00fd olej s charakteristickou bylinkovo korenistou ar\u00f3mou bl\u00edzkou ar\u00f3me oregana a major\u00e1nky. Ar\u00f3ma \u00e9terick\u00e9ho oleja tymi\u00e1nu sa vyzna\u010duje \u013eahk\u00fdmi aspektmi citrusov, m\u00e4ty, ovocia a v\u00edna. Hlavnou zlo\u017ekou tymianov\u00e9ho oleja je tymol, m\u00e1 \u0161pecifick\u00fa drevn\u00fa zvl\u00e1\u0161tnu v\u00f4\u0148u a mierne lek\u00e1rsku v\u00f4\u0148u, s jemn\u00fdmi dymov\u00fdmi a k\u00e1vov\u00fdmi nuansami.<\/span><\/p>\n<p><span style=\"font-size: 12pt; font-family: verdana, geneva;\">Bojuje s nedokonalos\u0165ami problematickej a dospievaj\u00facej poko\u017eky, \u010dist\u00ed, redukuje akn\u00e9, zmier\u0148uje z\u00e1pal a podr\u00e1\u017edenie poko\u017eky, odpor\u00fa\u010dan\u00fd pre mastn\u00fa ple\u0165 ako pr\u00edrodn\u00e1 antibakteri\u00e1lna ochrana. M\u00e1 siln\u00fd lie\u010div\u00fd \u00fa\u010dinok, pou\u017e\u00edva sa na rany, rany a pop\u00e1leniny. Odstra\u0148uje seborea a lupiny.<\/span><\/p>\n<p><span style=\"font-size: 12pt;\"><strong><span style=\"font-family: verdana, geneva;\">Sp\u00f4sob pou\u017eitia:<\/span><\/strong><\/span><\/p>\n<p><span style=\"font-size: 12pt; font-family: verdana, geneva;\">Obohatenie kozmetiky &#8211;&nbsp;<\/span><span style=\"font-size: 12pt; font-family: verdana, geneva;\">1 &#8211; 2 kvapky \u00e9terick\u00e9ho oleja na 5 ml (1 ly\u017ei\u010dka) b\u00e1zy<\/span><\/p>\n<p><span style=\"font-size: 12pt; font-family: verdana, geneva;\">Masky &#8211;&nbsp;<\/span><span style=\"font-size: 12pt; font-family: verdana, geneva;\">2-3 kvapky na 10 ml (2 ly\u017ei\u010dky) b\u00e1zy<\/span><\/p>\n<p><span style=\"font-size: 12pt; font-family: verdana, geneva;\">Mas\u00e1\u017e &#8211;&nbsp;<\/span><span style=\"font-size: 12pt; font-family: verdana, geneva;\">1-5 kvapiek na 10 ml (2 ly\u017ei\u010dky) b\u00e1zy<\/span><\/p>\n<p><span style=\"font-size: 12pt; font-family: verdana, geneva;\">Vane a sauny &#8211;&nbsp;<\/span><span style=\"font-size: 12pt; font-family: verdana, geneva;\">V bl\u00edzkosti zdroja tepla umiestnite n\u00e1dobu odoln\u00fa vo\u010di teplu s vodou (50 &#8211; 100 ml). Pridajte a\u017e 10 kvapiek \u00e9terick\u00fdch olejov na 15 m2 miestnosti<\/span><\/p>\n<p><span style=\"font-size: 12pt; font-family: verdana, geneva;\">K\u00fape\u013e &#8211;&nbsp;<\/span><span style=\"font-size: 12pt; font-family: verdana, geneva;\">Zmie\u0161ajte 7-8 kvapiek \u00e9terick\u00e9ho oleja s 30-60 g emulg\u00e1tora, pridajte zmes do vody. Proced\u00fara trv\u00e1 5 &#8211; 20 min\u00fat<\/span><\/p>\n<p><span style=\"font-size: 12pt; font-family: verdana, geneva;\">Um\u00fdvanie tv\u00e1re &#8211;&nbsp;<\/span><span style=\"font-size: 12pt; font-family: verdana, geneva;\">Pridajte 1-2 kvapky \u00e9terick\u00e9ho oleja do vody. Zatvorte o\u010di a dajte zmes na tv\u00e1r. Vyma\u017ete si tv\u00e1r obr\u00faskom<\/span><\/p>\n<p><span style=\"font-size: 12pt; font-family: verdana, geneva;\">\u010cesanie &#8211;&nbsp;<\/span><span style=\"font-size: 12pt; font-family: verdana, geneva;\">Na zuby hrebe\u0148a naneste 2-3 kvapky \u00e9terick\u00e9ho oleja<\/span><\/p>\n<p><span style=\"font-size: 12pt; font-family: verdana, geneva;\">\u010cistenie miestnosti &#8211;&nbsp;<\/span><span style=\"font-size: 12pt; font-family: verdana, geneva;\">Do \u010distiacich prostriedkov pridajte \u00e9terick\u00fd olej. 30 kvapiek oleja na 5 litrov vody<\/span><\/p>\n<p><span style=\"font-size: 12pt; font-family: verdana, geneva;\">Odpudzovanie &#8211;&nbsp;<\/span><span style=\"font-size: 12pt; font-family: verdana, geneva;\">Ak sa chcete zbavi\u0165 hmyzu, do ar\u00f3my pridajte \u00e9terick\u00fd olej<\/span><\/p>\n<p><img decoding=\"async\" src=\"https:\/\/www.herbatica.sk\/user\/documents\/upload\/zlozenia\/1838.png\" alt=\"1838\" \/><\/p>\n<p><span style=\"font-size: 12pt; font-family: verdana, geneva;\"><strong>Obsah:<\/strong> 10 ml<\/span><\/p>\n<p><span style=\"font-size: 12pt; font-family: verdana, geneva;\"><strong>Krajina p\u00f4vodu:<\/strong> Rusko<\/span><\/p>\n","protected":false},"excerpt":{"rendered":"<p>Z tymi\u00e1nu destil\u00e1ciou v pare sa z\u00edska \u00e9terick\u00fd olej s charakteristickou bylinkovo korenistou ar\u00f3mou bl\u00edzkou ar\u00f3me oregana a major\u00e1nky. Ar\u00f3ma \u00e9terick\u00e9ho oleja tymi\u00e1nu sa vyzna\u010duje \u013eahk\u00fdmi aspektmi citrusov, m\u00e4ty, ovocia a v\u00edna. Hlavnou zlo\u017ekou tymianov\u00e9ho oleja je tymol, m\u00e1 \u0161pecifick\u00fa drevn\u00fa zvl\u00e1\u0161tnu v\u00f4\u0148u a mierne lek\u00e1rsku v\u00f4\u0148u, s jemn\u00fdmi dymov\u00fdmi a k\u00e1vov\u00fdmi nuansami. Bojuje s [&hellip;]<\/p>\n","protected":false},"featured_media":7515,"comment_status":"open","ping_status":"open","template":"","meta":{"site-sidebar-layout":"default","site-content-layout":"","ast-site-content-layout":"default","site-content-style":"default","site-sidebar-style":"default","ast-global-header-display":"","ast-banner-title-visibility":"","ast-main-header-display":"","ast-hfb-above-header-display":"","ast-hfb-below-header-display":"","ast-hfb-mobile-header-display":"","site-post-title":"","ast-breadcrumbs-content":"","ast-featured-img":"","footer-sml-layout":"","ast-disable-related-posts":"","theme-transparent-header-meta":"","adv-header-id-meta":"","stick-header-meta":"","header-above-stick-meta":"","header-main-stick-meta":"","header-below-stick-meta":"","astra-migrate-meta-layouts":"default","ast-page-background-enabled":"default","ast-page-background-meta":{"desktop":{"background-color":"","background-image":"","background-repeat":"repeat","background-position":"center center","background-size":"auto","background-attachment":"scroll","background-type":"","background-media":"","overlay-type":"","overlay-color":"","overlay-opacity":"","overlay-gradient":""},"tablet":{"background-color":"","background-image":"","background-repeat":"repeat","background-position":"center center","background-size":"auto","background-attachment":"scroll","background-type":"","background-media":"","overlay-type":"","overlay-color":"","overlay-opacity":"","overlay-gradient":""},"mobile":{"background-color":"","background-image":"","background-repeat":"repeat","background-position":"center center","background-size":"auto","background-attachment":"scroll","background-type":"","background-media":"","overlay-type":"","overlay-color":"","overlay-opacity":"","overlay-gradient":""}},"ast-content-background-meta":{"desktop":{"background-color":"var(--ast-global-color-5)","background-image":"","background-repeat":"repeat","background-position":"center center","background-size":"auto","background-attachment":"scroll","background-type":"","background-media":"","overlay-type":"","overlay-color":"","overlay-opacity":"","overlay-gradient":""},"tablet":{"background-color":"var(--ast-global-color-5)","background-image":"","background-repeat":"repeat","background-position":"center center","background-size":"auto","background-attachment":"scroll","background-type":"","background-media":"","overlay-type":"","overlay-color":"","overlay-opacity":"","overlay-gradient":""},"mobile":{"background-color":"var(--ast-global-color-5)","background-image":"","background-repeat":"repeat","background-position":"center center","background-size":"auto","background-attachment":"scroll","background-type":"","background-media":"","overlay-type":"","overlay-color":"","overlay-opacity":"","overlay-gradient":""}}},"product_brand":[],"product_cat":[17,26],"product_tag":[],"class_list":{"0":"post-7514","1":"product","2":"type-product","3":"status-publish","4":"has-post-thumbnail","6":"product_cat-eko-domacnost","7":"product_cat-prirodne-esencialne-oleje","8":"pa_cena-dopravy-367","9":"pa_doprava-zasilkovna","10":"pa_ean-702","11":"pa_typ-partnersky-predaj","12":"pa_znacka-botavikos","13":"desktop-align-left","14":"tablet-align-left","15":"mobile-align-left","17":"first","18":"instock","19":"product-type-external"},"yoast_head":"<!-- This site is optimized with the Yoast SEO plugin v27.2 - https:\/\/yoast.com\/product\/yoast-seo-wordpress\/ -->\n<title>100% esenci\u00e1lny olej &quot;Tymi\u00e1n&quot; - Botavikos - 10 ml - EKO-BIO-NATURA BIO OBCHOD<\/title>\n<meta name=\"robots\" content=\"index, follow, max-snippet:-1, max-image-preview:large, max-video-preview:-1\" \/>\n<link rel=\"canonical\" href=\"https:\/\/www.eko-bio-natura.sk\/shop\/produkt\/100-esencialny-olej-tymian-botavikos-10-ml\/\" \/>\n<meta property=\"og:locale\" content=\"sk_SK\" \/>\n<meta property=\"og:type\" content=\"article\" \/>\n<meta property=\"og:title\" content=\"100% esenci\u00e1lny olej &quot;Tymi\u00e1n&quot; - Botavikos - 10 ml - EKO-BIO-NATURA BIO OBCHOD\" \/>\n<meta property=\"og:description\" content=\"Z tymi\u00e1nu destil\u00e1ciou v pare sa z\u00edska \u00e9terick\u00fd olej s charakteristickou bylinkovo korenistou ar\u00f3mou bl\u00edzkou ar\u00f3me oregana a major\u00e1nky. Ar\u00f3ma \u00e9terick\u00e9ho oleja tymi\u00e1nu sa vyzna\u010duje \u013eahk\u00fdmi aspektmi citrusov, m\u00e4ty, ovocia a v\u00edna. Hlavnou zlo\u017ekou tymianov\u00e9ho oleja je tymol, m\u00e1 \u0161pecifick\u00fa drevn\u00fa zvl\u00e1\u0161tnu v\u00f4\u0148u a mierne lek\u00e1rsku v\u00f4\u0148u, s jemn\u00fdmi dymov\u00fdmi a k\u00e1vov\u00fdmi nuansami. Bojuje s [&hellip;]\" \/>\n<meta property=\"og:url\" content=\"https:\/\/www.eko-bio-natura.sk\/shop\/produkt\/100-esencialny-olej-tymian-botavikos-10-ml\/\" \/>\n<meta property=\"og:site_name\" content=\"EKO-BIO-NATURA BIO OBCHOD\" \/>\n<meta property=\"article:modified_time\" content=\"2022-05-04T14:40:17+00:00\" \/>\n<meta property=\"og:image\" content=\"https:\/\/www.eko-bio-natura.sk\/shop\/wp-content\/uploads\/2021\/12\/11543-1_11543-5060c454db00bd7f2100294c.jpg\" \/>\n\t<meta property=\"og:image:width\" content=\"432\" \/>\n\t<meta property=\"og:image:height\" content=\"664\" \/>\n\t<meta property=\"og:image:type\" content=\"image\/jpeg\" \/>\n<meta name=\"twitter:card\" content=\"summary_large_image\" \/>\n<meta name=\"twitter:label1\" content=\"Predpokladan\u00fd \u010das \u010d\u00edtania\" \/>\n\t<meta name=\"twitter:data1\" content=\"2 min\u00faty\" \/>\n<script type=\"application\/ld+json\" class=\"yoast-schema-graph\">{\"@context\":\"https:\/\/schema.org\",\"@graph\":[{\"@type\":\"WebPage\",\"@id\":\"https:\/\/www.eko-bio-natura.sk\/shop\/produkt\/100-esencialny-olej-tymian-botavikos-10-ml\/\",\"url\":\"https:\/\/www.eko-bio-natura.sk\/shop\/produkt\/100-esencialny-olej-tymian-botavikos-10-ml\/\",\"name\":\"100% esenci\u00e1lny olej &quot;Tymi\u00e1n&quot; - Botavikos - 10 ml - EKO-BIO-NATURA BIO OBCHOD\",\"isPartOf\":{\"@id\":\"https:\/\/www.eko-bio-natura.sk\/shop\/#website\"},\"primaryImageOfPage\":{\"@id\":\"https:\/\/www.eko-bio-natura.sk\/shop\/produkt\/100-esencialny-olej-tymian-botavikos-10-ml\/#primaryimage\"},\"image\":{\"@id\":\"https:\/\/www.eko-bio-natura.sk\/shop\/produkt\/100-esencialny-olej-tymian-botavikos-10-ml\/#primaryimage\"},\"thumbnailUrl\":\"https:\/\/www.eko-bio-natura.sk\/shop\/wp-content\/uploads\/2021\/12\/11543-1_11543-5060c454db00bd7f2100294c.jpg\",\"datePublished\":\"2021-12-28T17:12:00+00:00\",\"dateModified\":\"2022-05-04T14:40:17+00:00\",\"breadcrumb\":{\"@id\":\"https:\/\/www.eko-bio-natura.sk\/shop\/produkt\/100-esencialny-olej-tymian-botavikos-10-ml\/#breadcrumb\"},\"inLanguage\":\"sk-SK\",\"potentialAction\":[{\"@type\":\"ReadAction\",\"target\":[\"https:\/\/www.eko-bio-natura.sk\/shop\/produkt\/100-esencialny-olej-tymian-botavikos-10-ml\/\"]}]},{\"@type\":\"ImageObject\",\"inLanguage\":\"sk-SK\",\"@id\":\"https:\/\/www.eko-bio-natura.sk\/shop\/produkt\/100-esencialny-olej-tymian-botavikos-10-ml\/#primaryimage\",\"url\":\"https:\/\/www.eko-bio-natura.sk\/shop\/wp-content\/uploads\/2021\/12\/11543-1_11543-5060c454db00bd7f2100294c.jpg\",\"contentUrl\":\"https:\/\/www.eko-bio-natura.sk\/shop\/wp-content\/uploads\/2021\/12\/11543-1_11543-5060c454db00bd7f2100294c.jpg\",\"width\":432,\"height\":664},{\"@type\":\"BreadcrumbList\",\"@id\":\"https:\/\/www.eko-bio-natura.sk\/shop\/produkt\/100-esencialny-olej-tymian-botavikos-10-ml\/#breadcrumb\",\"itemListElement\":[{\"@type\":\"ListItem\",\"position\":1,\"name\":\"Domovsk\u00e1 str\u00e1nka\",\"item\":\"https:\/\/www.eko-bio-natura.sk\/shop\/\"},{\"@type\":\"ListItem\",\"position\":2,\"name\":\"Obchod\",\"item\":\"https:\/\/www.eko-bio-natura.sk\/shop\/?page_id=6\"},{\"@type\":\"ListItem\",\"position\":3,\"name\":\"100% esenci\u00e1lny olej &quot;Tymi\u00e1n&quot; &#8211; Botavikos &#8211; 10 ml\"}]},{\"@type\":\"WebSite\",\"@id\":\"https:\/\/www.eko-bio-natura.sk\/shop\/#website\",\"url\":\"https:\/\/www.eko-bio-natura.sk\/shop\/\",\"name\":\"EKO-BIO-NATURA BIO OBCHOD\",\"description\":\"\",\"publisher\":{\"@id\":\"https:\/\/www.eko-bio-natura.sk\/shop\/#organization\"},\"potentialAction\":[{\"@type\":\"SearchAction\",\"target\":{\"@type\":\"EntryPoint\",\"urlTemplate\":\"https:\/\/www.eko-bio-natura.sk\/shop\/?s={search_term_string}\"},\"query-input\":{\"@type\":\"PropertyValueSpecification\",\"valueRequired\":true,\"valueName\":\"search_term_string\"}}],\"inLanguage\":\"sk-SK\"},{\"@type\":\"Organization\",\"@id\":\"https:\/\/www.eko-bio-natura.sk\/shop\/#organization\",\"name\":\"EKO-BIO-NATURA BIO OBCHOD\",\"url\":\"https:\/\/www.eko-bio-natura.sk\/shop\/\",\"logo\":{\"@type\":\"ImageObject\",\"inLanguage\":\"sk-SK\",\"@id\":\"https:\/\/www.eko-bio-natura.sk\/shop\/#\/schema\/logo\/image\/\",\"url\":\"https:\/\/www.eko-bio-natura.sk\/shop\/wp-content\/uploads\/2021\/04\/eko-bio-natura_logo.png\",\"contentUrl\":\"https:\/\/www.eko-bio-natura.sk\/shop\/wp-content\/uploads\/2021\/04\/eko-bio-natura_logo.png\",\"width\":552,\"height\":194,\"caption\":\"EKO-BIO-NATURA BIO OBCHOD\"},\"image\":{\"@id\":\"https:\/\/www.eko-bio-natura.sk\/shop\/#\/schema\/logo\/image\/\"}}]}<\/script>\n<!-- \/ Yoast SEO plugin. -->","yoast_head_json":{"title":"100% esenci\u00e1lny olej &quot;Tymi\u00e1n&quot; - Botavikos - 10 ml - EKO-BIO-NATURA BIO OBCHOD","robots":{"index":"index","follow":"follow","max-snippet":"max-snippet:-1","max-image-preview":"max-image-preview:large","max-video-preview":"max-video-preview:-1"},"canonical":"https:\/\/www.eko-bio-natura.sk\/shop\/produkt\/100-esencialny-olej-tymian-botavikos-10-ml\/","og_locale":"sk_SK","og_type":"article","og_title":"100% esenci\u00e1lny olej &quot;Tymi\u00e1n&quot; - Botavikos - 10 ml - EKO-BIO-NATURA BIO OBCHOD","og_description":"Z tymi\u00e1nu destil\u00e1ciou v pare sa z\u00edska \u00e9terick\u00fd olej s charakteristickou bylinkovo korenistou ar\u00f3mou bl\u00edzkou ar\u00f3me oregana a major\u00e1nky. Ar\u00f3ma \u00e9terick\u00e9ho oleja tymi\u00e1nu sa vyzna\u010duje \u013eahk\u00fdmi aspektmi citrusov, m\u00e4ty, ovocia a v\u00edna. Hlavnou zlo\u017ekou tymianov\u00e9ho oleja je tymol, m\u00e1 \u0161pecifick\u00fa drevn\u00fa zvl\u00e1\u0161tnu v\u00f4\u0148u a mierne lek\u00e1rsku v\u00f4\u0148u, s jemn\u00fdmi dymov\u00fdmi a k\u00e1vov\u00fdmi nuansami. Bojuje s [&hellip;]","og_url":"https:\/\/www.eko-bio-natura.sk\/shop\/produkt\/100-esencialny-olej-tymian-botavikos-10-ml\/","og_site_name":"EKO-BIO-NATURA BIO OBCHOD","article_modified_time":"2022-05-04T14:40:17+00:00","og_image":[{"width":432,"height":664,"url":"https:\/\/www.eko-bio-natura.sk\/shop\/wp-content\/uploads\/2021\/12\/11543-1_11543-5060c454db00bd7f2100294c.jpg","type":"image\/jpeg"}],"twitter_card":"summary_large_image","twitter_misc":{"Predpokladan\u00fd \u010das \u010d\u00edtania":"2 min\u00faty"},"schema":{"@context":"https:\/\/schema.org","@graph":[{"@type":"WebPage","@id":"https:\/\/www.eko-bio-natura.sk\/shop\/produkt\/100-esencialny-olej-tymian-botavikos-10-ml\/","url":"https:\/\/www.eko-bio-natura.sk\/shop\/produkt\/100-esencialny-olej-tymian-botavikos-10-ml\/","name":"100% esenci\u00e1lny olej &quot;Tymi\u00e1n&quot; - Botavikos - 10 ml - EKO-BIO-NATURA BIO OBCHOD","isPartOf":{"@id":"https:\/\/www.eko-bio-natura.sk\/shop\/#website"},"primaryImageOfPage":{"@id":"https:\/\/www.eko-bio-natura.sk\/shop\/produkt\/100-esencialny-olej-tymian-botavikos-10-ml\/#primaryimage"},"image":{"@id":"https:\/\/www.eko-bio-natura.sk\/shop\/produkt\/100-esencialny-olej-tymian-botavikos-10-ml\/#primaryimage"},"thumbnailUrl":"https:\/\/www.eko-bio-natura.sk\/shop\/wp-content\/uploads\/2021\/12\/11543-1_11543-5060c454db00bd7f2100294c.jpg","datePublished":"2021-12-28T17:12:00+00:00","dateModified":"2022-05-04T14:40:17+00:00","breadcrumb":{"@id":"https:\/\/www.eko-bio-natura.sk\/shop\/produkt\/100-esencialny-olej-tymian-botavikos-10-ml\/#breadcrumb"},"inLanguage":"sk-SK","potentialAction":[{"@type":"ReadAction","target":["https:\/\/www.eko-bio-natura.sk\/shop\/produkt\/100-esencialny-olej-tymian-botavikos-10-ml\/"]}]},{"@type":"ImageObject","inLanguage":"sk-SK","@id":"https:\/\/www.eko-bio-natura.sk\/shop\/produkt\/100-esencialny-olej-tymian-botavikos-10-ml\/#primaryimage","url":"https:\/\/www.eko-bio-natura.sk\/shop\/wp-content\/uploads\/2021\/12\/11543-1_11543-5060c454db00bd7f2100294c.jpg","contentUrl":"https:\/\/www.eko-bio-natura.sk\/shop\/wp-content\/uploads\/2021\/12\/11543-1_11543-5060c454db00bd7f2100294c.jpg","width":432,"height":664},{"@type":"BreadcrumbList","@id":"https:\/\/www.eko-bio-natura.sk\/shop\/produkt\/100-esencialny-olej-tymian-botavikos-10-ml\/#breadcrumb","itemListElement":[{"@type":"ListItem","position":1,"name":"Domovsk\u00e1 str\u00e1nka","item":"https:\/\/www.eko-bio-natura.sk\/shop\/"},{"@type":"ListItem","position":2,"name":"Obchod","item":"https:\/\/www.eko-bio-natura.sk\/shop\/?page_id=6"},{"@type":"ListItem","position":3,"name":"100% esenci\u00e1lny olej &quot;Tymi\u00e1n&quot; &#8211; Botavikos &#8211; 10 ml"}]},{"@type":"WebSite","@id":"https:\/\/www.eko-bio-natura.sk\/shop\/#website","url":"https:\/\/www.eko-bio-natura.sk\/shop\/","name":"EKO-BIO-NATURA BIO OBCHOD","description":"","publisher":{"@id":"https:\/\/www.eko-bio-natura.sk\/shop\/#organization"},"potentialAction":[{"@type":"SearchAction","target":{"@type":"EntryPoint","urlTemplate":"https:\/\/www.eko-bio-natura.sk\/shop\/?s={search_term_string}"},"query-input":{"@type":"PropertyValueSpecification","valueRequired":true,"valueName":"search_term_string"}}],"inLanguage":"sk-SK"},{"@type":"Organization","@id":"https:\/\/www.eko-bio-natura.sk\/shop\/#organization","name":"EKO-BIO-NATURA BIO OBCHOD","url":"https:\/\/www.eko-bio-natura.sk\/shop\/","logo":{"@type":"ImageObject","inLanguage":"sk-SK","@id":"https:\/\/www.eko-bio-natura.sk\/shop\/#\/schema\/logo\/image\/","url":"https:\/\/www.eko-bio-natura.sk\/shop\/wp-content\/uploads\/2021\/04\/eko-bio-natura_logo.png","contentUrl":"https:\/\/www.eko-bio-natura.sk\/shop\/wp-content\/uploads\/2021\/04\/eko-bio-natura_logo.png","width":552,"height":194,"caption":"EKO-BIO-NATURA BIO OBCHOD"},"image":{"@id":"https:\/\/www.eko-bio-natura.sk\/shop\/#\/schema\/logo\/image\/"}}]}},"_links":{"self":[{"href":"https:\/\/www.eko-bio-natura.sk\/shop\/wp-json\/wp\/v2\/product\/7514","targetHints":{"allow":["GET"]}}],"collection":[{"href":"https:\/\/www.eko-bio-natura.sk\/shop\/wp-json\/wp\/v2\/product"}],"about":[{"href":"https:\/\/www.eko-bio-natura.sk\/shop\/wp-json\/wp\/v2\/types\/product"}],"replies":[{"embeddable":true,"href":"https:\/\/www.eko-bio-natura.sk\/shop\/wp-json\/wp\/v2\/comments?post=7514"}],"wp:featuredmedia":[{"embeddable":true,"href":"https:\/\/www.eko-bio-natura.sk\/shop\/wp-json\/wp\/v2\/media\/7515"}],"wp:attachment":[{"href":"https:\/\/www.eko-bio-natura.sk\/shop\/wp-json\/wp\/v2\/media?parent=7514"}],"wp:term":[{"taxonomy":"product_brand","embeddable":true,"href":"https:\/\/www.eko-bio-natura.sk\/shop\/wp-json\/wp\/v2\/product_brand?post=7514"},{"taxonomy":"product_cat","embeddable":true,"href":"https:\/\/www.eko-bio-natura.sk\/shop\/wp-json\/wp\/v2\/product_cat?post=7514"},{"taxonomy":"product_tag","embeddable":true,"href":"https:\/\/www.eko-bio-natura.sk\/shop\/wp-json\/wp\/v2\/product_tag?post=7514"}],"curies":[{"name":"wp","href":"https:\/\/api.w.org\/{rel}","templated":true}]}}