{"id":7467,"date":"2021-12-28T18:09:33","date_gmt":"2021-12-28T17:09:33","guid":{"rendered":"https:\/\/www.eko-bio-natura.sk\/shop\/index.php\/produkt\/babicka-agafia-kondicioner-pre-svieze-a-leskle-vlasy-vitaminovy-babicka-agafa-280-ml\/"},"modified":"2021-12-28T18:09:41","modified_gmt":"2021-12-28T17:09:41","slug":"babicka-agafia-kondicioner-pre-svieze-a-leskle-vlasy-vitaminovy-babicka-agafa-280-ml","status":"publish","type":"product","link":"https:\/\/www.eko-bio-natura.sk\/shop\/produkt\/babicka-agafia-kondicioner-pre-svieze-a-leskle-vlasy-vitaminovy-babicka-agafa-280-ml\/","title":{"rendered":"Babi\u010dka Agafia Kondicion\u00e9r pre svie\u017ee a leskl\u00e9 vlasy &#8211; vitam\u00ednov\u00fd &#8211; Babi\u010dka Agafa &#8211; 280 ml"},"content":{"rendered":"<p><span style=\"font-family: verdana, geneva; font-size: 12pt;\">Tento vitam\u00ednov\u00fd kondicion\u00e9r <strong>dod\u00e1 va\u0161im vlasom lesk a vitalitu<\/strong> v\u010faka jeho pr\u00edrodn\u00fdm zlo\u017ek\u00e1m. \u0160etrne sa star\u00e1 o vlasy a preto je vhodn\u00fdm pre ka\u017edodenn\u00e9 pou\u017e\u00edvanie.&nbsp;<\/span><span style=\"font-family: verdana, geneva; font-size: 12pt;\"><meta charset=\"UTF-8\" \/><strong><span>Tento kondicion\u00e9r sa \u0161etrne star\u00e1 o vlasy, dod\u00e1va im prirodzen\u00fd lesk, u\u013eah\u010duje roz\u010des\u00e1vanie a styling \u00fa\u010desu. <\/span><\/strong><\/span><\/p>\n<p><span style=\"font-family: verdana, geneva; font-size: 12pt;\"><strong>Akt\u00edvne zlo\u017eky:<\/strong><\/span><\/p>\n<ul>\n<li><span style=\"font-family: verdana, geneva; font-size: 12pt;\"><strong>Extrakt limonika<\/strong>&nbsp;vynikaj\u00faco tonizuje vlasov\u00fa poko\u017eku, napln\u00ed vlasy silou a energiou, vlasy ostan\u00fa poddajn\u00e9, jemn\u00e9 a kr\u00e1sne leskl\u00e9.&nbsp;<\/span><\/li>\n<li><span style=\"font-family: verdana, geneva; font-size: 12pt;\"><strong>Kurilsk\u00fd \u010daj<\/strong> obsahuje flavonidy, sapon\u00edny a triesloviny, ktor\u00e9 zvy\u0161uj\u00fa elasticitu vlasov, v\u010faka \u010domu s\u00fa poddajn\u00e9, \u013eahko roz\u010desate\u013en\u00e9 a jednoduch\u0161ie sa upravuj\u00fa.&nbsp;<\/span><\/li>\n<li><span style=\"font-family: verdana, geneva; font-size: 12pt;\"><strong>Organick\u00fd med<\/strong> h\u013abkovo vy\u017eivuje &nbsp;a dod\u00e1va vlasom aj korienkom potrebn\u00e9 vitam\u00edny.<\/span><\/li>\n<\/ul>\n<p><span style=\"font-family: verdana, geneva; font-size: 12pt;\"><strong>Sp\u00f4sob pou\u017eitia:<\/strong> balzam nanies\u0165 na umyt\u00e9 vlhk\u00e9 vlasy, rozotrie\u0165 po celej d\u013a\u017eke, nechajte p\u00f4sobi\u0165 1-2 min\u00faty a opl\u00e1chnite vodou.<\/span><\/p>\n<p><img decoding=\"async\" src=\"\/user\/documents\/upload\/mceclip0-125.png?1616491064\" \/><\/p>\n<p><span style=\"font-family: verdana, geneva; font-size: 12pt;\"><strong>Upozornenie:<\/strong> nepou\u017e\u00edva\u0165 pri individu\u00e1lnej nezn\u00e1\u0161anlivosti niektorej zo zlo\u017eiek pr\u00edpravku<\/span><\/p>\n<p><span style=\"font-family: verdana, geneva; font-size: 12pt;\"><strong>Objem:<\/strong> 280 ml<\/span><\/p>\n<p><span style=\"font-family: verdana, geneva; font-size: 12pt;\"><strong>Krajina p\u00f4vodu:<\/strong>&nbsp;EU<\/span><\/p>\n<p><span style=\"font-family: verdana, geneva; font-size: 12pt;\"><strong><span style=\"font-family: verdana, geneva;\">Kozmetika spolo\u010dnosti Babi\u010dka Agafa netestuje svoje produkty na zvierat\u00e1ch. Viac inform\u00e1ci\u00ed n\u00e1jdete v <a href=\"http:\/\/www.herbatica.sk\/certifikaty_produktov\/\" target=\"_blank\" rel=\"noopener noreferrer\">\u010dasti Certifik\u00e1ty.<\/a><\/span><\/strong><\/span><\/p>\n<p>&nbsp;<\/p>\n","protected":false},"excerpt":{"rendered":"<p>Tento vitam\u00ednov\u00fd kondicion\u00e9r dod\u00e1 va\u0161im vlasom lesk a vitalitu v\u010faka jeho pr\u00edrodn\u00fdm zlo\u017ek\u00e1m. \u0160etrne sa star\u00e1 o vlasy a preto je vhodn\u00fdm pre ka\u017edodenn\u00e9 pou\u017e\u00edvanie.&nbsp;Tento kondicion\u00e9r sa \u0161etrne star\u00e1 o vlasy, dod\u00e1va im prirodzen\u00fd lesk, u\u013eah\u010duje roz\u010des\u00e1vanie a styling \u00fa\u010desu. Akt\u00edvne zlo\u017eky: Extrakt limonika&nbsp;vynikaj\u00faco tonizuje vlasov\u00fa poko\u017eku, napln\u00ed vlasy silou a energiou, vlasy ostan\u00fa poddajn\u00e9, [&hellip;]<\/p>\n","protected":false},"featured_media":7468,"comment_status":"open","ping_status":"open","template":"","meta":{"site-sidebar-layout":"default","site-content-layout":"","ast-site-content-layout":"default","site-content-style":"default","site-sidebar-style":"default","ast-global-header-display":"","ast-banner-title-visibility":"","ast-main-header-display":"","ast-hfb-above-header-display":"","ast-hfb-below-header-display":"","ast-hfb-mobile-header-display":"","site-post-title":"","ast-breadcrumbs-content":"","ast-featured-img":"","footer-sml-layout":"","ast-disable-related-posts":"","theme-transparent-header-meta":"","adv-header-id-meta":"","stick-header-meta":"","header-above-stick-meta":"","header-main-stick-meta":"","header-below-stick-meta":"","astra-migrate-meta-layouts":"default","ast-page-background-enabled":"default","ast-page-background-meta":{"desktop":{"background-color":"","background-image":"","background-repeat":"repeat","background-position":"center center","background-size":"auto","background-attachment":"scroll","background-type":"","background-media":"","overlay-type":"","overlay-color":"","overlay-opacity":"","overlay-gradient":""},"tablet":{"background-color":"","background-image":"","background-repeat":"repeat","background-position":"center center","background-size":"auto","background-attachment":"scroll","background-type":"","background-media":"","overlay-type":"","overlay-color":"","overlay-opacity":"","overlay-gradient":""},"mobile":{"background-color":"","background-image":"","background-repeat":"repeat","background-position":"center center","background-size":"auto","background-attachment":"scroll","background-type":"","background-media":"","overlay-type":"","overlay-color":"","overlay-opacity":"","overlay-gradient":""}},"ast-content-background-meta":{"desktop":{"background-color":"var(--ast-global-color-5)","background-image":"","background-repeat":"repeat","background-position":"center center","background-size":"auto","background-attachment":"scroll","background-type":"","background-media":"","overlay-type":"","overlay-color":"","overlay-opacity":"","overlay-gradient":""},"tablet":{"background-color":"var(--ast-global-color-5)","background-image":"","background-repeat":"repeat","background-position":"center center","background-size":"auto","background-attachment":"scroll","background-type":"","background-media":"","overlay-type":"","overlay-color":"","overlay-opacity":"","overlay-gradient":""},"mobile":{"background-color":"var(--ast-global-color-5)","background-image":"","background-repeat":"repeat","background-position":"center center","background-size":"auto","background-attachment":"scroll","background-type":"","background-media":"","overlay-type":"","overlay-color":"","overlay-opacity":"","overlay-gradient":""}}},"product_brand":[],"product_cat":[30],"product_tag":[],"class_list":{"0":"post-7467","1":"product","2":"type-product","3":"status-publish","4":"has-post-thumbnail","6":"product_cat-vlasova-kozmetika","7":"pa_cena-dopravy-367","8":"pa_doprava-zasilkovna","9":"pa_ean-581","10":"pa_typ-partnersky-predaj","11":"pa_znacka-babicka-agafia","12":"desktop-align-left","13":"tablet-align-left","14":"mobile-align-left","16":"first","17":"instock","18":"product-type-external"},"yoast_head":"<!-- This site is optimized with the Yoast SEO plugin v27.2 - https:\/\/yoast.com\/product\/yoast-seo-wordpress\/ -->\n<title>Babi\u010dka Agafia Kondicion\u00e9r pre svie\u017ee a leskl\u00e9 vlasy - vitam\u00ednov\u00fd - Babi\u010dka Agafa - 280 ml - EKO-BIO-NATURA BIO OBCHOD<\/title>\n<meta name=\"robots\" content=\"index, follow, max-snippet:-1, max-image-preview:large, max-video-preview:-1\" \/>\n<link rel=\"canonical\" href=\"https:\/\/www.eko-bio-natura.sk\/shop\/produkt\/babicka-agafia-kondicioner-pre-svieze-a-leskle-vlasy-vitaminovy-babicka-agafa-280-ml\/\" \/>\n<meta property=\"og:locale\" content=\"sk_SK\" \/>\n<meta property=\"og:type\" content=\"article\" \/>\n<meta property=\"og:title\" content=\"Babi\u010dka Agafia Kondicion\u00e9r pre svie\u017ee a leskl\u00e9 vlasy - vitam\u00ednov\u00fd - Babi\u010dka Agafa - 280 ml - EKO-BIO-NATURA BIO OBCHOD\" \/>\n<meta property=\"og:description\" content=\"Tento vitam\u00ednov\u00fd kondicion\u00e9r dod\u00e1 va\u0161im vlasom lesk a vitalitu v\u010faka jeho pr\u00edrodn\u00fdm zlo\u017ek\u00e1m. \u0160etrne sa star\u00e1 o vlasy a preto je vhodn\u00fdm pre ka\u017edodenn\u00e9 pou\u017e\u00edvanie.&nbsp;Tento kondicion\u00e9r sa \u0161etrne star\u00e1 o vlasy, dod\u00e1va im prirodzen\u00fd lesk, u\u013eah\u010duje roz\u010des\u00e1vanie a styling \u00fa\u010desu. Akt\u00edvne zlo\u017eky: Extrakt limonika&nbsp;vynikaj\u00faco tonizuje vlasov\u00fa poko\u017eku, napln\u00ed vlasy silou a energiou, vlasy ostan\u00fa poddajn\u00e9, [&hellip;]\" \/>\n<meta property=\"og:url\" content=\"https:\/\/www.eko-bio-natura.sk\/shop\/produkt\/babicka-agafia-kondicioner-pre-svieze-a-leskle-vlasy-vitaminovy-babicka-agafa-280-ml\/\" \/>\n<meta property=\"og:site_name\" content=\"EKO-BIO-NATURA BIO OBCHOD\" \/>\n<meta property=\"article:modified_time\" content=\"2021-12-28T17:09:41+00:00\" \/>\n<meta property=\"og:image\" content=\"https:\/\/www.eko-bio-natura.sk\/shop\/wp-content\/uploads\/2021\/12\/7269-1_kondicioner-pre-svieze-a-leskle-vlasy-vitaminovy-babicka-agafa-280-ml.png\" \/>\n\t<meta property=\"og:image:width\" content=\"141\" \/>\n\t<meta property=\"og:image:height\" content=\"497\" \/>\n\t<meta property=\"og:image:type\" content=\"image\/png\" \/>\n<meta name=\"twitter:card\" content=\"summary_large_image\" \/>\n<meta name=\"twitter:label1\" content=\"Predpokladan\u00fd \u010das \u010d\u00edtania\" \/>\n\t<meta name=\"twitter:data1\" content=\"1 min\u00fata\" \/>\n<script type=\"application\/ld+json\" class=\"yoast-schema-graph\">{\"@context\":\"https:\/\/schema.org\",\"@graph\":[{\"@type\":\"WebPage\",\"@id\":\"https:\/\/www.eko-bio-natura.sk\/shop\/produkt\/babicka-agafia-kondicioner-pre-svieze-a-leskle-vlasy-vitaminovy-babicka-agafa-280-ml\/\",\"url\":\"https:\/\/www.eko-bio-natura.sk\/shop\/produkt\/babicka-agafia-kondicioner-pre-svieze-a-leskle-vlasy-vitaminovy-babicka-agafa-280-ml\/\",\"name\":\"Babi\u010dka Agafia Kondicion\u00e9r pre svie\u017ee a leskl\u00e9 vlasy - vitam\u00ednov\u00fd - Babi\u010dka Agafa - 280 ml - EKO-BIO-NATURA BIO OBCHOD\",\"isPartOf\":{\"@id\":\"https:\/\/www.eko-bio-natura.sk\/shop\/#website\"},\"primaryImageOfPage\":{\"@id\":\"https:\/\/www.eko-bio-natura.sk\/shop\/produkt\/babicka-agafia-kondicioner-pre-svieze-a-leskle-vlasy-vitaminovy-babicka-agafa-280-ml\/#primaryimage\"},\"image\":{\"@id\":\"https:\/\/www.eko-bio-natura.sk\/shop\/produkt\/babicka-agafia-kondicioner-pre-svieze-a-leskle-vlasy-vitaminovy-babicka-agafa-280-ml\/#primaryimage\"},\"thumbnailUrl\":\"https:\/\/www.eko-bio-natura.sk\/shop\/wp-content\/uploads\/2021\/12\/7269-1_kondicioner-pre-svieze-a-leskle-vlasy-vitaminovy-babicka-agafa-280-ml.png\",\"datePublished\":\"2021-12-28T17:09:33+00:00\",\"dateModified\":\"2021-12-28T17:09:41+00:00\",\"breadcrumb\":{\"@id\":\"https:\/\/www.eko-bio-natura.sk\/shop\/produkt\/babicka-agafia-kondicioner-pre-svieze-a-leskle-vlasy-vitaminovy-babicka-agafa-280-ml\/#breadcrumb\"},\"inLanguage\":\"sk-SK\",\"potentialAction\":[{\"@type\":\"ReadAction\",\"target\":[\"https:\/\/www.eko-bio-natura.sk\/shop\/produkt\/babicka-agafia-kondicioner-pre-svieze-a-leskle-vlasy-vitaminovy-babicka-agafa-280-ml\/\"]}]},{\"@type\":\"ImageObject\",\"inLanguage\":\"sk-SK\",\"@id\":\"https:\/\/www.eko-bio-natura.sk\/shop\/produkt\/babicka-agafia-kondicioner-pre-svieze-a-leskle-vlasy-vitaminovy-babicka-agafa-280-ml\/#primaryimage\",\"url\":\"https:\/\/www.eko-bio-natura.sk\/shop\/wp-content\/uploads\/2021\/12\/7269-1_kondicioner-pre-svieze-a-leskle-vlasy-vitaminovy-babicka-agafa-280-ml.png\",\"contentUrl\":\"https:\/\/www.eko-bio-natura.sk\/shop\/wp-content\/uploads\/2021\/12\/7269-1_kondicioner-pre-svieze-a-leskle-vlasy-vitaminovy-babicka-agafa-280-ml.png\",\"width\":141,\"height\":497},{\"@type\":\"BreadcrumbList\",\"@id\":\"https:\/\/www.eko-bio-natura.sk\/shop\/produkt\/babicka-agafia-kondicioner-pre-svieze-a-leskle-vlasy-vitaminovy-babicka-agafa-280-ml\/#breadcrumb\",\"itemListElement\":[{\"@type\":\"ListItem\",\"position\":1,\"name\":\"Domovsk\u00e1 str\u00e1nka\",\"item\":\"https:\/\/www.eko-bio-natura.sk\/shop\/\"},{\"@type\":\"ListItem\",\"position\":2,\"name\":\"Obchod\",\"item\":\"https:\/\/www.eko-bio-natura.sk\/shop\/?page_id=6\"},{\"@type\":\"ListItem\",\"position\":3,\"name\":\"Babi\u010dka Agafia Kondicion\u00e9r pre svie\u017ee a leskl\u00e9 vlasy &#8211; vitam\u00ednov\u00fd &#8211; Babi\u010dka Agafa &#8211; 280 ml\"}]},{\"@type\":\"WebSite\",\"@id\":\"https:\/\/www.eko-bio-natura.sk\/shop\/#website\",\"url\":\"https:\/\/www.eko-bio-natura.sk\/shop\/\",\"name\":\"EKO-BIO-NATURA BIO OBCHOD\",\"description\":\"\",\"publisher\":{\"@id\":\"https:\/\/www.eko-bio-natura.sk\/shop\/#organization\"},\"potentialAction\":[{\"@type\":\"SearchAction\",\"target\":{\"@type\":\"EntryPoint\",\"urlTemplate\":\"https:\/\/www.eko-bio-natura.sk\/shop\/?s={search_term_string}\"},\"query-input\":{\"@type\":\"PropertyValueSpecification\",\"valueRequired\":true,\"valueName\":\"search_term_string\"}}],\"inLanguage\":\"sk-SK\"},{\"@type\":\"Organization\",\"@id\":\"https:\/\/www.eko-bio-natura.sk\/shop\/#organization\",\"name\":\"EKO-BIO-NATURA BIO OBCHOD\",\"url\":\"https:\/\/www.eko-bio-natura.sk\/shop\/\",\"logo\":{\"@type\":\"ImageObject\",\"inLanguage\":\"sk-SK\",\"@id\":\"https:\/\/www.eko-bio-natura.sk\/shop\/#\/schema\/logo\/image\/\",\"url\":\"https:\/\/www.eko-bio-natura.sk\/shop\/wp-content\/uploads\/2021\/04\/eko-bio-natura_logo.png\",\"contentUrl\":\"https:\/\/www.eko-bio-natura.sk\/shop\/wp-content\/uploads\/2021\/04\/eko-bio-natura_logo.png\",\"width\":552,\"height\":194,\"caption\":\"EKO-BIO-NATURA BIO OBCHOD\"},\"image\":{\"@id\":\"https:\/\/www.eko-bio-natura.sk\/shop\/#\/schema\/logo\/image\/\"}}]}<\/script>\n<!-- \/ Yoast SEO plugin. -->","yoast_head_json":{"title":"Babi\u010dka Agafia Kondicion\u00e9r pre svie\u017ee a leskl\u00e9 vlasy - vitam\u00ednov\u00fd - Babi\u010dka Agafa - 280 ml - EKO-BIO-NATURA BIO OBCHOD","robots":{"index":"index","follow":"follow","max-snippet":"max-snippet:-1","max-image-preview":"max-image-preview:large","max-video-preview":"max-video-preview:-1"},"canonical":"https:\/\/www.eko-bio-natura.sk\/shop\/produkt\/babicka-agafia-kondicioner-pre-svieze-a-leskle-vlasy-vitaminovy-babicka-agafa-280-ml\/","og_locale":"sk_SK","og_type":"article","og_title":"Babi\u010dka Agafia Kondicion\u00e9r pre svie\u017ee a leskl\u00e9 vlasy - vitam\u00ednov\u00fd - Babi\u010dka Agafa - 280 ml - EKO-BIO-NATURA BIO OBCHOD","og_description":"Tento vitam\u00ednov\u00fd kondicion\u00e9r dod\u00e1 va\u0161im vlasom lesk a vitalitu v\u010faka jeho pr\u00edrodn\u00fdm zlo\u017ek\u00e1m. \u0160etrne sa star\u00e1 o vlasy a preto je vhodn\u00fdm pre ka\u017edodenn\u00e9 pou\u017e\u00edvanie.&nbsp;Tento kondicion\u00e9r sa \u0161etrne star\u00e1 o vlasy, dod\u00e1va im prirodzen\u00fd lesk, u\u013eah\u010duje roz\u010des\u00e1vanie a styling \u00fa\u010desu. Akt\u00edvne zlo\u017eky: Extrakt limonika&nbsp;vynikaj\u00faco tonizuje vlasov\u00fa poko\u017eku, napln\u00ed vlasy silou a energiou, vlasy ostan\u00fa poddajn\u00e9, [&hellip;]","og_url":"https:\/\/www.eko-bio-natura.sk\/shop\/produkt\/babicka-agafia-kondicioner-pre-svieze-a-leskle-vlasy-vitaminovy-babicka-agafa-280-ml\/","og_site_name":"EKO-BIO-NATURA BIO OBCHOD","article_modified_time":"2021-12-28T17:09:41+00:00","og_image":[{"width":141,"height":497,"url":"https:\/\/www.eko-bio-natura.sk\/shop\/wp-content\/uploads\/2021\/12\/7269-1_kondicioner-pre-svieze-a-leskle-vlasy-vitaminovy-babicka-agafa-280-ml.png","type":"image\/png"}],"twitter_card":"summary_large_image","twitter_misc":{"Predpokladan\u00fd \u010das \u010d\u00edtania":"1 min\u00fata"},"schema":{"@context":"https:\/\/schema.org","@graph":[{"@type":"WebPage","@id":"https:\/\/www.eko-bio-natura.sk\/shop\/produkt\/babicka-agafia-kondicioner-pre-svieze-a-leskle-vlasy-vitaminovy-babicka-agafa-280-ml\/","url":"https:\/\/www.eko-bio-natura.sk\/shop\/produkt\/babicka-agafia-kondicioner-pre-svieze-a-leskle-vlasy-vitaminovy-babicka-agafa-280-ml\/","name":"Babi\u010dka Agafia Kondicion\u00e9r pre svie\u017ee a leskl\u00e9 vlasy - vitam\u00ednov\u00fd - Babi\u010dka Agafa - 280 ml - EKO-BIO-NATURA BIO OBCHOD","isPartOf":{"@id":"https:\/\/www.eko-bio-natura.sk\/shop\/#website"},"primaryImageOfPage":{"@id":"https:\/\/www.eko-bio-natura.sk\/shop\/produkt\/babicka-agafia-kondicioner-pre-svieze-a-leskle-vlasy-vitaminovy-babicka-agafa-280-ml\/#primaryimage"},"image":{"@id":"https:\/\/www.eko-bio-natura.sk\/shop\/produkt\/babicka-agafia-kondicioner-pre-svieze-a-leskle-vlasy-vitaminovy-babicka-agafa-280-ml\/#primaryimage"},"thumbnailUrl":"https:\/\/www.eko-bio-natura.sk\/shop\/wp-content\/uploads\/2021\/12\/7269-1_kondicioner-pre-svieze-a-leskle-vlasy-vitaminovy-babicka-agafa-280-ml.png","datePublished":"2021-12-28T17:09:33+00:00","dateModified":"2021-12-28T17:09:41+00:00","breadcrumb":{"@id":"https:\/\/www.eko-bio-natura.sk\/shop\/produkt\/babicka-agafia-kondicioner-pre-svieze-a-leskle-vlasy-vitaminovy-babicka-agafa-280-ml\/#breadcrumb"},"inLanguage":"sk-SK","potentialAction":[{"@type":"ReadAction","target":["https:\/\/www.eko-bio-natura.sk\/shop\/produkt\/babicka-agafia-kondicioner-pre-svieze-a-leskle-vlasy-vitaminovy-babicka-agafa-280-ml\/"]}]},{"@type":"ImageObject","inLanguage":"sk-SK","@id":"https:\/\/www.eko-bio-natura.sk\/shop\/produkt\/babicka-agafia-kondicioner-pre-svieze-a-leskle-vlasy-vitaminovy-babicka-agafa-280-ml\/#primaryimage","url":"https:\/\/www.eko-bio-natura.sk\/shop\/wp-content\/uploads\/2021\/12\/7269-1_kondicioner-pre-svieze-a-leskle-vlasy-vitaminovy-babicka-agafa-280-ml.png","contentUrl":"https:\/\/www.eko-bio-natura.sk\/shop\/wp-content\/uploads\/2021\/12\/7269-1_kondicioner-pre-svieze-a-leskle-vlasy-vitaminovy-babicka-agafa-280-ml.png","width":141,"height":497},{"@type":"BreadcrumbList","@id":"https:\/\/www.eko-bio-natura.sk\/shop\/produkt\/babicka-agafia-kondicioner-pre-svieze-a-leskle-vlasy-vitaminovy-babicka-agafa-280-ml\/#breadcrumb","itemListElement":[{"@type":"ListItem","position":1,"name":"Domovsk\u00e1 str\u00e1nka","item":"https:\/\/www.eko-bio-natura.sk\/shop\/"},{"@type":"ListItem","position":2,"name":"Obchod","item":"https:\/\/www.eko-bio-natura.sk\/shop\/?page_id=6"},{"@type":"ListItem","position":3,"name":"Babi\u010dka Agafia Kondicion\u00e9r pre svie\u017ee a leskl\u00e9 vlasy &#8211; vitam\u00ednov\u00fd &#8211; Babi\u010dka Agafa &#8211; 280 ml"}]},{"@type":"WebSite","@id":"https:\/\/www.eko-bio-natura.sk\/shop\/#website","url":"https:\/\/www.eko-bio-natura.sk\/shop\/","name":"EKO-BIO-NATURA BIO OBCHOD","description":"","publisher":{"@id":"https:\/\/www.eko-bio-natura.sk\/shop\/#organization"},"potentialAction":[{"@type":"SearchAction","target":{"@type":"EntryPoint","urlTemplate":"https:\/\/www.eko-bio-natura.sk\/shop\/?s={search_term_string}"},"query-input":{"@type":"PropertyValueSpecification","valueRequired":true,"valueName":"search_term_string"}}],"inLanguage":"sk-SK"},{"@type":"Organization","@id":"https:\/\/www.eko-bio-natura.sk\/shop\/#organization","name":"EKO-BIO-NATURA BIO OBCHOD","url":"https:\/\/www.eko-bio-natura.sk\/shop\/","logo":{"@type":"ImageObject","inLanguage":"sk-SK","@id":"https:\/\/www.eko-bio-natura.sk\/shop\/#\/schema\/logo\/image\/","url":"https:\/\/www.eko-bio-natura.sk\/shop\/wp-content\/uploads\/2021\/04\/eko-bio-natura_logo.png","contentUrl":"https:\/\/www.eko-bio-natura.sk\/shop\/wp-content\/uploads\/2021\/04\/eko-bio-natura_logo.png","width":552,"height":194,"caption":"EKO-BIO-NATURA BIO OBCHOD"},"image":{"@id":"https:\/\/www.eko-bio-natura.sk\/shop\/#\/schema\/logo\/image\/"}}]}},"_links":{"self":[{"href":"https:\/\/www.eko-bio-natura.sk\/shop\/wp-json\/wp\/v2\/product\/7467","targetHints":{"allow":["GET"]}}],"collection":[{"href":"https:\/\/www.eko-bio-natura.sk\/shop\/wp-json\/wp\/v2\/product"}],"about":[{"href":"https:\/\/www.eko-bio-natura.sk\/shop\/wp-json\/wp\/v2\/types\/product"}],"replies":[{"embeddable":true,"href":"https:\/\/www.eko-bio-natura.sk\/shop\/wp-json\/wp\/v2\/comments?post=7467"}],"wp:featuredmedia":[{"embeddable":true,"href":"https:\/\/www.eko-bio-natura.sk\/shop\/wp-json\/wp\/v2\/media\/7468"}],"wp:attachment":[{"href":"https:\/\/www.eko-bio-natura.sk\/shop\/wp-json\/wp\/v2\/media?parent=7467"}],"wp:term":[{"taxonomy":"product_brand","embeddable":true,"href":"https:\/\/www.eko-bio-natura.sk\/shop\/wp-json\/wp\/v2\/product_brand?post=7467"},{"taxonomy":"product_cat","embeddable":true,"href":"https:\/\/www.eko-bio-natura.sk\/shop\/wp-json\/wp\/v2\/product_cat?post=7467"},{"taxonomy":"product_tag","embeddable":true,"href":"https:\/\/www.eko-bio-natura.sk\/shop\/wp-json\/wp\/v2\/product_tag?post=7467"}],"curies":[{"name":"wp","href":"https:\/\/api.w.org\/{rel}","templated":true}]}}