{"id":7461,"date":"2021-12-28T18:08:43","date_gmt":"2021-12-28T17:08:43","guid":{"rendered":"https:\/\/www.eko-bio-natura.sk\/shop\/index.php\/produkt\/omladzujuca-maska-na-tvar-a-krk-s-ovocnymi-kyselinami-s-peelingovym-efektom-dizao\/"},"modified":"2021-12-28T18:09:17","modified_gmt":"2021-12-28T17:09:17","slug":"omladzujuca-maska-na-tvar-a-krk-s-ovocnymi-kyselinami-s-peelingovym-efektom-dizao","status":"publish","type":"product","link":"https:\/\/www.eko-bio-natura.sk\/shop\/produkt\/omladzujuca-maska-na-tvar-a-krk-s-ovocnymi-kyselinami-s-peelingovym-efektom-dizao\/","title":{"rendered":"Omladzuj\u00faca maska na tv\u00e1r a krk s ovocn\u00fdmi kyselinami s peelingov\u00fdm efektom &#8211; Dizao"},"content":{"rendered":"<p><span style=\"font-family: verdana, geneva; font-size: 12pt;\"><strong>ANTI-AGE<\/strong><\/span><\/p>\n<p><span style=\"font-family: verdana, geneva; font-size: 12pt;\"><strong>&#8212;&#8212;&#8212;-1 etapa: OVOCN\u00c9 KYSELINY&#8212;&#8212;&#8212;<\/strong><\/span><\/p>\n<p><span style=\"font-family: verdana, geneva; font-size: 12pt;\"><strong>Ako maska \u00fa\u010dinkuje:<\/strong><\/span><\/p>\n<ul>\n<li><span style=\"font-family: verdana, geneva; font-size: 12pt;\">Odstra\u0148uje vrchn\u00fa vrstvu odumret\u00fdch poko\u017ekov\u00fdch buniek<\/span><\/li>\n<li><span style=\"font-family: verdana, geneva; font-size: 12pt;\">Stimuluje mno\u017eenie a&nbsp;rast nov\u00fdch poko\u017ekov\u00fdch buniek<\/span><\/li>\n<li><span style=\"font-family: verdana, geneva; font-size: 12pt;\">Zlep\u0161uje krvn\u00fd obeh<\/span><\/li>\n<li><span style=\"font-family: verdana, geneva; font-size: 12pt;\">Aktivizuje tvorbu kolag\u00e9nu a&nbsp;elast\u00ednu<\/span><\/li>\n<li><span style=\"font-family: verdana, geneva; font-size: 12pt;\">Predch\u00e1dza upch\u00e1vaniu tukov\u00fdch \u017eliazok<\/span><\/li>\n<\/ul>\n<p><span style=\"font-family: verdana, geneva; font-size: 12pt;\"><strong>V\u00fdsledok: <\/strong>zlep\u0161uje sa farba poko\u017eky, poko\u017eka je obnoven\u00e1 je svie\u017ea a mlad\u0161ia<\/span><\/p>\n<p><span style=\"font-family: verdana, geneva; font-size: 12pt;\"><strong>Sp\u00f4sob pou\u017eitia: <\/strong>Na o\u010disten\u00fa poko\u017eku tv\u00e1re a&nbsp;krku&nbsp; nanies\u0165 masku, necha\u0165 p\u00f4sobi\u016515 min\u00fat, masku odstr\u00e1ni\u0165. Umy\u0165 tv\u00e1r vodou.<\/span><\/p>\n<p><span style=\"font-family: verdana, geneva; font-size: 12pt;\"><strong>Odpor\u00fa\u010dan\u00e9 pou\u017eitie:<\/strong> 12 dn\u00ed 1x denne, potom 1-2x t\u00fd\u017edenne.<\/span><\/p>\n<p><span style=\"font-family: verdana, geneva; font-size: 12pt;\">&nbsp;<\/span><\/p>\n<p><span style=\"font-family: verdana, geneva; font-size: 12pt;\"><strong>&#8212;&#8212;&#8212;-2 etapa: PR\u00cdRODN\u00c9 CERAMIDY S&nbsp;KYSELINOU HYALUR\u00d3NOVOU&#8212;&#8212;&#8212;<\/strong><\/span><\/p>\n<p><span style=\"font-family: verdana, geneva; font-size: 12pt;\"><strong>\u00da\u010dinky:<\/strong> intenz\u00edvne hydratuj\u00fa a&nbsp;v\u010faka vysok\u00e9mu obsahu kyseliny hyalur\u00f3novej zvy\u0161uj\u00fa pevnos\u0165 poko\u017eky<\/span><\/p>\n<p><span style=\"font-family: verdana, geneva; font-size: 12pt;\"><strong>Sp\u00f4sob pou\u017eitia:<\/strong> po pou\u017eit\u00ed masky nanies\u0165 ceramidy v&nbsp;tenkej vrstve a&nbsp;vmas\u00edrova\u0165 a\u017e do \u00fapln\u00e9ho vstrebania. V&nbsp;pr\u00edpade vzniku podr\u00e1\u017edenia treba preru\u0161i\u0165 pou\u017e\u00edvanie<\/span><\/p>\n<p>&nbsp;<\/p>\n<p><span style=\"font-family: verdana, geneva; font-size: 12pt;\"><strong>Zlo\u017eenie: 1.etapa- maska:<\/strong> <span class=\"catGreen\" data-tooltip=\"Malic Acid: Deriv\u00e1ty p\u0159\u00edrodn\u00edch l\u00e1tek\">Malic Acid<\/span>, <span class=\"catGray\" data-tooltip=\"Citric Acid: Potenci\u00e1ln\u00ed alergeny\">Citric Acid<\/span>, <span class=\"catOrange1\" data-tooltip=\"Clycolic Acid: Chemick\u00e9 l\u00e1tky bez negativn\u00edch \u00fa\u010dink\u016f na zdrav\u00ed\">Clycolic Acid<\/span>, <span class=\"catGreen\" data-tooltip=\"Hyaluronic Acid: Deriv\u00e1ty p\u0159\u00edrodn\u00edch l\u00e1tek\">Hyaluronic Acid<\/span>, <span class=\"catGreen\" data-tooltip=\"Tocopherol: Deriv\u00e1ty p\u0159\u00edrodn\u00edch l\u00e1tek\">Tocopherol<\/span>,<span class=\"catGreen\" data-tooltip=\"Glycerin: Deriv\u00e1ty p\u0159\u00edrodn\u00edch l\u00e1tek\">Glycerin<\/span>, <span class=\"catGreen\" data-tooltip=\"Tremella Fuciformis Polysaccharide: Deriv\u00e1ty p\u0159\u00edrodn\u00edch l\u00e1tek\">Tremella Fuciformis Polysaccharide<\/span>, <span class=\"catGreen1\" data-tooltip=\"Tremella Fuciformis Extract: \u010cist\u011b p\u0159\u00edrodn\u00ed l\u00e1tky\">Tremella Fuciformis Extract<\/span>, <span class=\"catGreen\" data-tooltip=\"Plant Collagen Protein: Deriv\u00e1ty p\u0159\u00edrodn\u00edch l\u00e1tek\">Plant Collagen Protein<\/span>, <span class=\"catGreen\" data-tooltip=\"Hydrolyzed Wheat Protein: Deriv\u00e1ty p\u0159\u00edrodn\u00edch l\u00e1tek\">Hydrolyzed Wheat Protein<\/span>, <span class=\"catGray\" data-tooltip=\"Phenoxyethanol: Potenci\u00e1ln\u00ed alergeny\">Phenoxyethanol<\/span>, <span class=\"catGreen\" data-tooltip=\"Butyl Benzoate: Deriv\u00e1ty p\u0159\u00edrodn\u00edch l\u00e1tek\">Butyl Benzoate<\/span>, <span class=\"catGreen\" data-tooltip=\"Ethyl Benzoate: Deriv\u00e1ty p\u0159\u00edrodn\u00edch l\u00e1tek\">Ethyl Benzoate<\/span>, <span class=\"catOrange1\" data-tooltip=\"Isopropyl Benzoate: Chemick\u00e9 l\u00e1tky bez negativn\u00edch \u00fa\u010dink\u016f na zdrav\u00ed\">Isopropyl Benzoate<\/span>, <span class=\"catGreen\" data-tooltip=\"Methyl Benzoate: Deriv\u00e1ty p\u0159\u00edrodn\u00edch l\u00e1tek\">Methyl Benzoate<\/span>, <span class=\"catGray\" data-tooltip=\"Parfum: Potenci\u00e1ln\u00ed alergeny\">Parfum<\/span> <\/span><\/p>\n<p><span style=\"font-family: verdana, geneva; font-size: 12pt;\"><strong>&nbsp; &nbsp; &nbsp; &nbsp; &nbsp; &nbsp; &nbsp; &nbsp;2.etapa- ceramidy:<\/strong> <span class=\"catGreen1\" data-tooltip=\"Aqua: \u010cist\u011b p\u0159\u00edrodn\u00ed l\u00e1tky\">Aqua<\/span>,<span class=\"catGreen\" data-tooltip=\"Glycerin: Deriv\u00e1ty p\u0159\u00edrodn\u00edch l\u00e1tek\">Glycerin<\/span>, <span class=\"catGreen1\" data-tooltip=\"Rosa Canina Fruit Oil: \u010cist\u011b p\u0159\u00edrodn\u00ed l\u00e1tky\">Rosa Canina Fruit Oil<\/span>, <span class=\"catGreen1\" data-tooltip=\"Collagen: \u010cist\u011b p\u0159\u00edrodn\u00ed l\u00e1tky\">Collagen<\/span>, <span class=\"catGreen\" data-tooltip=\"Hydroxyethylcellulose: Deriv\u00e1ty p\u0159\u00edrodn\u00edch l\u00e1tek\">Hydroxyethylcellulose<\/span>, <span class=\"catGreen1\" data-tooltip=\"Solanum Lycopersicum Fruit Extract: \u010cist\u011b p\u0159\u00edrodn\u00ed l\u00e1tky\">Solanum Lycopersicum Fruit Extract<\/span>, <span class=\"catGreen\" data-tooltip=\"Vitis Vinifera Extract: Deriv\u00e1ty p\u0159\u00edrodn\u00edch l\u00e1tek\">Vitis Vinifera Extract<\/span>, <span class=\"catGreen1\" data-tooltip=\"Prunus Serotina Extract: \u010cist\u011b p\u0159\u00edrodn\u00ed l\u00e1tky\">Prunus Serotina Extract<\/span>, <span class=\"catGreen1\" data-tooltip=\" Lonicera Caprifolium Extract : \u010cist\u011b p\u0159\u00edrodn\u00ed l\u00e1tky\">Lonicera Caprifolium Extract <\/span>, <span class=\"catGreen1\" data-tooltip=\"Diospyros Kaki Extract: \u010cist\u011b p\u0159\u00edrodn\u00ed l\u00e1tky\">Diospyros Kaki Extract<\/span>, <span class=\"catGreen\" data-tooltip=\"Hyaluronic Acid: Deriv\u00e1ty p\u0159\u00edrodn\u00edch l\u00e1tek\">Hyaluronic Acid<\/span>, <span class=\"catGreen\" data-tooltip=\"Tremella Fuciformis Polysaccharide: Deriv\u00e1ty p\u0159\u00edrodn\u00edch l\u00e1tek\">Tremella Fuciformis Polysaccharide<\/span>, <span class=\"catGreen1\" data-tooltip=\"Tremella Fuciformis Extract: \u010cist\u011b p\u0159\u00edrodn\u00ed l\u00e1tky\">Tremella Fuciformis Extract<\/span>, <span class=\"catGreen\" data-tooltip=\"Plant Collagen Protein: Deriv\u00e1ty p\u0159\u00edrodn\u00edch l\u00e1tek\">Plant Collagen Protein<\/span>, <span class=\"catGreen\" data-tooltip=\"Hydrolyzed Wheat Protein: Deriv\u00e1ty p\u0159\u00edrodn\u00edch l\u00e1tek\">Hydrolyzed Wheat Protein<\/span>, <span class=\"catOrange1\" data-tooltip=\"Panthenol: Chemick\u00e9 l\u00e1tky bez negativn\u00edch \u00fa\u010dink\u016f na zdrav\u00ed\">Panthenol<\/span>, <span class=\"catGreen1\" data-tooltip=\"Ascorbic Acid: \u010cist\u011b p\u0159\u00edrodn\u00ed l\u00e1tky\">Ascorbic Acid<\/span>, <span class=\"catGray\" data-tooltip=\"Phenoxyethanol: Potenci\u00e1ln\u00ed alergeny\">Phenoxyethanol<\/span>, <span class=\"catGreen\" data-tooltip=\"Phospholipids: Deriv\u00e1ty p\u0159\u00edrodn\u00edch l\u00e1tek\">Phospholipids<\/span>,<span class=\"catGreen\" data-tooltip=\"Tocopherol: Deriv\u00e1ty p\u0159\u00edrodn\u00edch l\u00e1tek\">Tocopherol<\/span>, <span class=\"catGreen\" data-tooltip=\"Butyl Benzoate: Deriv\u00e1ty p\u0159\u00edrodn\u00edch l\u00e1tek\">Butyl Benzoate<\/span>, <span class=\"catGreen\" data-tooltip=\"Ethyl Benzoate: Deriv\u00e1ty p\u0159\u00edrodn\u00edch l\u00e1tek\">Ethyl Benzoate<\/span>, <span class=\"catOrange1\" data-tooltip=\"Isopropyl Benzoate: Chemick\u00e9 l\u00e1tky bez negativn\u00edch \u00fa\u010dink\u016f na zdrav\u00ed\">Isopropyl Benzoate<\/span>, <span class=\"catGreen\" data-tooltip=\"Methyl Benzoate: Deriv\u00e1ty p\u0159\u00edrodn\u00edch l\u00e1tek\">Methyl Benzoate<\/span>,<span class=\"catGreen\" data-tooltip=\"Ceramide 3: Deriv\u00e1ty p\u0159\u00edrodn\u00edch l\u00e1tek\">Ceramide 3<\/span>, <span class=\"catGray\" data-tooltip=\"Parfum: Potenci\u00e1ln\u00ed alergeny\">Parfum<\/p>\n<p><\/span><\/span><\/p>\n<p><span style=\"font-family: verdana, geneva; font-size: 12pt;\"><strong>Obsah balenia: <\/strong>&nbsp;masky 36g, ceramidy 6g<\/span><\/p>\n<p><span style=\"font-family: verdana, geneva; font-size: 12pt;\"><strong>Krajina p\u00f4vodu:&nbsp;<\/strong>Rusko<\/span><\/p>\n","protected":false},"excerpt":{"rendered":"<p>ANTI-AGE &#8212;&#8212;&#8212;-1 etapa: OVOCN\u00c9 KYSELINY&#8212;&#8212;&#8212; Ako maska \u00fa\u010dinkuje: Odstra\u0148uje vrchn\u00fa vrstvu odumret\u00fdch poko\u017ekov\u00fdch buniek Stimuluje mno\u017eenie a&nbsp;rast nov\u00fdch poko\u017ekov\u00fdch buniek Zlep\u0161uje krvn\u00fd obeh Aktivizuje tvorbu kolag\u00e9nu a&nbsp;elast\u00ednu Predch\u00e1dza upch\u00e1vaniu tukov\u00fdch \u017eliazok V\u00fdsledok: zlep\u0161uje sa farba poko\u017eky, poko\u017eka je obnoven\u00e1 je svie\u017ea a mlad\u0161ia Sp\u00f4sob pou\u017eitia: Na o\u010disten\u00fa poko\u017eku tv\u00e1re a&nbsp;krku&nbsp; nanies\u0165 masku, necha\u0165 p\u00f4sobi\u016515 min\u00fat, [&hellip;]<\/p>\n","protected":false},"featured_media":7462,"comment_status":"open","ping_status":"open","template":"","meta":{"site-sidebar-layout":"default","site-content-layout":"","ast-site-content-layout":"default","site-content-style":"default","site-sidebar-style":"default","ast-global-header-display":"","ast-banner-title-visibility":"","ast-main-header-display":"","ast-hfb-above-header-display":"","ast-hfb-below-header-display":"","ast-hfb-mobile-header-display":"","site-post-title":"","ast-breadcrumbs-content":"","ast-featured-img":"","footer-sml-layout":"","ast-disable-related-posts":"","theme-transparent-header-meta":"","adv-header-id-meta":"","stick-header-meta":"","header-above-stick-meta":"","header-main-stick-meta":"","header-below-stick-meta":"","astra-migrate-meta-layouts":"default","ast-page-background-enabled":"default","ast-page-background-meta":{"desktop":{"background-color":"","background-image":"","background-repeat":"repeat","background-position":"center center","background-size":"auto","background-attachment":"scroll","background-type":"","background-media":"","overlay-type":"","overlay-color":"","overlay-opacity":"","overlay-gradient":""},"tablet":{"background-color":"","background-image":"","background-repeat":"repeat","background-position":"center center","background-size":"auto","background-attachment":"scroll","background-type":"","background-media":"","overlay-type":"","overlay-color":"","overlay-opacity":"","overlay-gradient":""},"mobile":{"background-color":"","background-image":"","background-repeat":"repeat","background-position":"center center","background-size":"auto","background-attachment":"scroll","background-type":"","background-media":"","overlay-type":"","overlay-color":"","overlay-opacity":"","overlay-gradient":""}},"ast-content-background-meta":{"desktop":{"background-color":"var(--ast-global-color-5)","background-image":"","background-repeat":"repeat","background-position":"center center","background-size":"auto","background-attachment":"scroll","background-type":"","background-media":"","overlay-type":"","overlay-color":"","overlay-opacity":"","overlay-gradient":""},"tablet":{"background-color":"var(--ast-global-color-5)","background-image":"","background-repeat":"repeat","background-position":"center center","background-size":"auto","background-attachment":"scroll","background-type":"","background-media":"","overlay-type":"","overlay-color":"","overlay-opacity":"","overlay-gradient":""},"mobile":{"background-color":"var(--ast-global-color-5)","background-image":"","background-repeat":"repeat","background-position":"center center","background-size":"auto","background-attachment":"scroll","background-type":"","background-media":"","overlay-type":"","overlay-color":"","overlay-opacity":"","overlay-gradient":""}}},"product_brand":[],"product_cat":[31],"product_tag":[],"class_list":{"0":"post-7461","1":"product","2":"type-product","3":"status-publish","4":"has-post-thumbnail","6":"product_cat-pletova-kozmetika","7":"pa_cena-dopravy-367","8":"pa_doprava-zasilkovna","9":"pa_ean-573","10":"pa_typ-partnersky-predaj","11":"pa_znacka-dizao","12":"desktop-align-left","13":"tablet-align-left","14":"mobile-align-left","16":"first","17":"instock","18":"product-type-external"},"yoast_head":"<!-- This site is optimized with the Yoast SEO plugin v27.2 - https:\/\/yoast.com\/product\/yoast-seo-wordpress\/ -->\n<title>Omladzuj\u00faca maska na tv\u00e1r a krk s ovocn\u00fdmi kyselinami s peelingov\u00fdm efektom - Dizao - EKO-BIO-NATURA BIO OBCHOD<\/title>\n<meta name=\"robots\" content=\"index, follow, max-snippet:-1, max-image-preview:large, max-video-preview:-1\" \/>\n<link rel=\"canonical\" href=\"https:\/\/www.eko-bio-natura.sk\/shop\/produkt\/omladzujuca-maska-na-tvar-a-krk-s-ovocnymi-kyselinami-s-peelingovym-efektom-dizao\/\" \/>\n<meta property=\"og:locale\" content=\"sk_SK\" \/>\n<meta property=\"og:type\" content=\"article\" \/>\n<meta property=\"og:title\" content=\"Omladzuj\u00faca maska na tv\u00e1r a krk s ovocn\u00fdmi kyselinami s peelingov\u00fdm efektom - Dizao - EKO-BIO-NATURA BIO OBCHOD\" \/>\n<meta property=\"og:description\" content=\"ANTI-AGE &#8212;&#8212;&#8212;-1 etapa: OVOCN\u00c9 KYSELINY&#8212;&#8212;&#8212; Ako maska \u00fa\u010dinkuje: Odstra\u0148uje vrchn\u00fa vrstvu odumret\u00fdch poko\u017ekov\u00fdch buniek Stimuluje mno\u017eenie a&nbsp;rast nov\u00fdch poko\u017ekov\u00fdch buniek Zlep\u0161uje krvn\u00fd obeh Aktivizuje tvorbu kolag\u00e9nu a&nbsp;elast\u00ednu Predch\u00e1dza upch\u00e1vaniu tukov\u00fdch \u017eliazok V\u00fdsledok: zlep\u0161uje sa farba poko\u017eky, poko\u017eka je obnoven\u00e1 je svie\u017ea a mlad\u0161ia Sp\u00f4sob pou\u017eitia: Na o\u010disten\u00fa poko\u017eku tv\u00e1re a&nbsp;krku&nbsp; nanies\u0165 masku, necha\u0165 p\u00f4sobi\u016515 min\u00fat, [&hellip;]\" \/>\n<meta property=\"og:url\" content=\"https:\/\/www.eko-bio-natura.sk\/shop\/produkt\/omladzujuca-maska-na-tvar-a-krk-s-ovocnymi-kyselinami-s-peelingovym-efektom-dizao\/\" \/>\n<meta property=\"og:site_name\" content=\"EKO-BIO-NATURA BIO OBCHOD\" \/>\n<meta property=\"article:modified_time\" content=\"2021-12-28T17:09:17+00:00\" \/>\n<meta property=\"og:image\" content=\"https:\/\/www.eko-bio-natura.sk\/shop\/wp-content\/uploads\/2021\/12\/7044-2_omladzujuca-maska-na-tvar-a-krk-s-ovocnymi-kyselinami-s-peelingovym-efektom-dizao-scaled.jpg\" \/>\n\t<meta property=\"og:image:width\" content=\"2560\" \/>\n\t<meta property=\"og:image:height\" content=\"2560\" \/>\n\t<meta property=\"og:image:type\" content=\"image\/jpeg\" \/>\n<meta name=\"twitter:card\" content=\"summary_large_image\" \/>\n<meta name=\"twitter:label1\" content=\"Predpokladan\u00fd \u010das \u010d\u00edtania\" \/>\n\t<meta name=\"twitter:data1\" content=\"1 min\u00fata\" \/>\n<script type=\"application\/ld+json\" class=\"yoast-schema-graph\">{\"@context\":\"https:\/\/schema.org\",\"@graph\":[{\"@type\":\"WebPage\",\"@id\":\"https:\/\/www.eko-bio-natura.sk\/shop\/produkt\/omladzujuca-maska-na-tvar-a-krk-s-ovocnymi-kyselinami-s-peelingovym-efektom-dizao\/\",\"url\":\"https:\/\/www.eko-bio-natura.sk\/shop\/produkt\/omladzujuca-maska-na-tvar-a-krk-s-ovocnymi-kyselinami-s-peelingovym-efektom-dizao\/\",\"name\":\"Omladzuj\u00faca maska na tv\u00e1r a krk s ovocn\u00fdmi kyselinami s peelingov\u00fdm efektom - Dizao - EKO-BIO-NATURA BIO OBCHOD\",\"isPartOf\":{\"@id\":\"https:\/\/www.eko-bio-natura.sk\/shop\/#website\"},\"primaryImageOfPage\":{\"@id\":\"https:\/\/www.eko-bio-natura.sk\/shop\/produkt\/omladzujuca-maska-na-tvar-a-krk-s-ovocnymi-kyselinami-s-peelingovym-efektom-dizao\/#primaryimage\"},\"image\":{\"@id\":\"https:\/\/www.eko-bio-natura.sk\/shop\/produkt\/omladzujuca-maska-na-tvar-a-krk-s-ovocnymi-kyselinami-s-peelingovym-efektom-dizao\/#primaryimage\"},\"thumbnailUrl\":\"https:\/\/www.eko-bio-natura.sk\/shop\/wp-content\/uploads\/2021\/12\/7044-2_omladzujuca-maska-na-tvar-a-krk-s-ovocnymi-kyselinami-s-peelingovym-efektom-dizao-scaled.jpg\",\"datePublished\":\"2021-12-28T17:08:43+00:00\",\"dateModified\":\"2021-12-28T17:09:17+00:00\",\"breadcrumb\":{\"@id\":\"https:\/\/www.eko-bio-natura.sk\/shop\/produkt\/omladzujuca-maska-na-tvar-a-krk-s-ovocnymi-kyselinami-s-peelingovym-efektom-dizao\/#breadcrumb\"},\"inLanguage\":\"sk-SK\",\"potentialAction\":[{\"@type\":\"ReadAction\",\"target\":[\"https:\/\/www.eko-bio-natura.sk\/shop\/produkt\/omladzujuca-maska-na-tvar-a-krk-s-ovocnymi-kyselinami-s-peelingovym-efektom-dizao\/\"]}]},{\"@type\":\"ImageObject\",\"inLanguage\":\"sk-SK\",\"@id\":\"https:\/\/www.eko-bio-natura.sk\/shop\/produkt\/omladzujuca-maska-na-tvar-a-krk-s-ovocnymi-kyselinami-s-peelingovym-efektom-dizao\/#primaryimage\",\"url\":\"https:\/\/www.eko-bio-natura.sk\/shop\/wp-content\/uploads\/2021\/12\/7044-2_omladzujuca-maska-na-tvar-a-krk-s-ovocnymi-kyselinami-s-peelingovym-efektom-dizao-scaled.jpg\",\"contentUrl\":\"https:\/\/www.eko-bio-natura.sk\/shop\/wp-content\/uploads\/2021\/12\/7044-2_omladzujuca-maska-na-tvar-a-krk-s-ovocnymi-kyselinami-s-peelingovym-efektom-dizao-scaled.jpg\",\"width\":2560,\"height\":2560},{\"@type\":\"BreadcrumbList\",\"@id\":\"https:\/\/www.eko-bio-natura.sk\/shop\/produkt\/omladzujuca-maska-na-tvar-a-krk-s-ovocnymi-kyselinami-s-peelingovym-efektom-dizao\/#breadcrumb\",\"itemListElement\":[{\"@type\":\"ListItem\",\"position\":1,\"name\":\"Domovsk\u00e1 str\u00e1nka\",\"item\":\"https:\/\/www.eko-bio-natura.sk\/shop\/\"},{\"@type\":\"ListItem\",\"position\":2,\"name\":\"Obchod\",\"item\":\"https:\/\/www.eko-bio-natura.sk\/shop\/?page_id=6\"},{\"@type\":\"ListItem\",\"position\":3,\"name\":\"Omladzuj\u00faca maska na tv\u00e1r a krk s ovocn\u00fdmi kyselinami s peelingov\u00fdm efektom &#8211; Dizao\"}]},{\"@type\":\"WebSite\",\"@id\":\"https:\/\/www.eko-bio-natura.sk\/shop\/#website\",\"url\":\"https:\/\/www.eko-bio-natura.sk\/shop\/\",\"name\":\"EKO-BIO-NATURA BIO OBCHOD\",\"description\":\"\",\"publisher\":{\"@id\":\"https:\/\/www.eko-bio-natura.sk\/shop\/#organization\"},\"potentialAction\":[{\"@type\":\"SearchAction\",\"target\":{\"@type\":\"EntryPoint\",\"urlTemplate\":\"https:\/\/www.eko-bio-natura.sk\/shop\/?s={search_term_string}\"},\"query-input\":{\"@type\":\"PropertyValueSpecification\",\"valueRequired\":true,\"valueName\":\"search_term_string\"}}],\"inLanguage\":\"sk-SK\"},{\"@type\":\"Organization\",\"@id\":\"https:\/\/www.eko-bio-natura.sk\/shop\/#organization\",\"name\":\"EKO-BIO-NATURA BIO OBCHOD\",\"url\":\"https:\/\/www.eko-bio-natura.sk\/shop\/\",\"logo\":{\"@type\":\"ImageObject\",\"inLanguage\":\"sk-SK\",\"@id\":\"https:\/\/www.eko-bio-natura.sk\/shop\/#\/schema\/logo\/image\/\",\"url\":\"https:\/\/www.eko-bio-natura.sk\/shop\/wp-content\/uploads\/2021\/04\/eko-bio-natura_logo.png\",\"contentUrl\":\"https:\/\/www.eko-bio-natura.sk\/shop\/wp-content\/uploads\/2021\/04\/eko-bio-natura_logo.png\",\"width\":552,\"height\":194,\"caption\":\"EKO-BIO-NATURA BIO OBCHOD\"},\"image\":{\"@id\":\"https:\/\/www.eko-bio-natura.sk\/shop\/#\/schema\/logo\/image\/\"}}]}<\/script>\n<!-- \/ Yoast SEO plugin. -->","yoast_head_json":{"title":"Omladzuj\u00faca maska na tv\u00e1r a krk s ovocn\u00fdmi kyselinami s peelingov\u00fdm efektom - Dizao - EKO-BIO-NATURA BIO OBCHOD","robots":{"index":"index","follow":"follow","max-snippet":"max-snippet:-1","max-image-preview":"max-image-preview:large","max-video-preview":"max-video-preview:-1"},"canonical":"https:\/\/www.eko-bio-natura.sk\/shop\/produkt\/omladzujuca-maska-na-tvar-a-krk-s-ovocnymi-kyselinami-s-peelingovym-efektom-dizao\/","og_locale":"sk_SK","og_type":"article","og_title":"Omladzuj\u00faca maska na tv\u00e1r a krk s ovocn\u00fdmi kyselinami s peelingov\u00fdm efektom - Dizao - EKO-BIO-NATURA BIO OBCHOD","og_description":"ANTI-AGE &#8212;&#8212;&#8212;-1 etapa: OVOCN\u00c9 KYSELINY&#8212;&#8212;&#8212; Ako maska \u00fa\u010dinkuje: Odstra\u0148uje vrchn\u00fa vrstvu odumret\u00fdch poko\u017ekov\u00fdch buniek Stimuluje mno\u017eenie a&nbsp;rast nov\u00fdch poko\u017ekov\u00fdch buniek Zlep\u0161uje krvn\u00fd obeh Aktivizuje tvorbu kolag\u00e9nu a&nbsp;elast\u00ednu Predch\u00e1dza upch\u00e1vaniu tukov\u00fdch \u017eliazok V\u00fdsledok: zlep\u0161uje sa farba poko\u017eky, poko\u017eka je obnoven\u00e1 je svie\u017ea a mlad\u0161ia Sp\u00f4sob pou\u017eitia: Na o\u010disten\u00fa poko\u017eku tv\u00e1re a&nbsp;krku&nbsp; nanies\u0165 masku, necha\u0165 p\u00f4sobi\u016515 min\u00fat, [&hellip;]","og_url":"https:\/\/www.eko-bio-natura.sk\/shop\/produkt\/omladzujuca-maska-na-tvar-a-krk-s-ovocnymi-kyselinami-s-peelingovym-efektom-dizao\/","og_site_name":"EKO-BIO-NATURA BIO OBCHOD","article_modified_time":"2021-12-28T17:09:17+00:00","og_image":[{"width":2560,"height":2560,"url":"https:\/\/www.eko-bio-natura.sk\/shop\/wp-content\/uploads\/2021\/12\/7044-2_omladzujuca-maska-na-tvar-a-krk-s-ovocnymi-kyselinami-s-peelingovym-efektom-dizao-scaled.jpg","type":"image\/jpeg"}],"twitter_card":"summary_large_image","twitter_misc":{"Predpokladan\u00fd \u010das \u010d\u00edtania":"1 min\u00fata"},"schema":{"@context":"https:\/\/schema.org","@graph":[{"@type":"WebPage","@id":"https:\/\/www.eko-bio-natura.sk\/shop\/produkt\/omladzujuca-maska-na-tvar-a-krk-s-ovocnymi-kyselinami-s-peelingovym-efektom-dizao\/","url":"https:\/\/www.eko-bio-natura.sk\/shop\/produkt\/omladzujuca-maska-na-tvar-a-krk-s-ovocnymi-kyselinami-s-peelingovym-efektom-dizao\/","name":"Omladzuj\u00faca maska na tv\u00e1r a krk s ovocn\u00fdmi kyselinami s peelingov\u00fdm efektom - Dizao - EKO-BIO-NATURA BIO OBCHOD","isPartOf":{"@id":"https:\/\/www.eko-bio-natura.sk\/shop\/#website"},"primaryImageOfPage":{"@id":"https:\/\/www.eko-bio-natura.sk\/shop\/produkt\/omladzujuca-maska-na-tvar-a-krk-s-ovocnymi-kyselinami-s-peelingovym-efektom-dizao\/#primaryimage"},"image":{"@id":"https:\/\/www.eko-bio-natura.sk\/shop\/produkt\/omladzujuca-maska-na-tvar-a-krk-s-ovocnymi-kyselinami-s-peelingovym-efektom-dizao\/#primaryimage"},"thumbnailUrl":"https:\/\/www.eko-bio-natura.sk\/shop\/wp-content\/uploads\/2021\/12\/7044-2_omladzujuca-maska-na-tvar-a-krk-s-ovocnymi-kyselinami-s-peelingovym-efektom-dizao-scaled.jpg","datePublished":"2021-12-28T17:08:43+00:00","dateModified":"2021-12-28T17:09:17+00:00","breadcrumb":{"@id":"https:\/\/www.eko-bio-natura.sk\/shop\/produkt\/omladzujuca-maska-na-tvar-a-krk-s-ovocnymi-kyselinami-s-peelingovym-efektom-dizao\/#breadcrumb"},"inLanguage":"sk-SK","potentialAction":[{"@type":"ReadAction","target":["https:\/\/www.eko-bio-natura.sk\/shop\/produkt\/omladzujuca-maska-na-tvar-a-krk-s-ovocnymi-kyselinami-s-peelingovym-efektom-dizao\/"]}]},{"@type":"ImageObject","inLanguage":"sk-SK","@id":"https:\/\/www.eko-bio-natura.sk\/shop\/produkt\/omladzujuca-maska-na-tvar-a-krk-s-ovocnymi-kyselinami-s-peelingovym-efektom-dizao\/#primaryimage","url":"https:\/\/www.eko-bio-natura.sk\/shop\/wp-content\/uploads\/2021\/12\/7044-2_omladzujuca-maska-na-tvar-a-krk-s-ovocnymi-kyselinami-s-peelingovym-efektom-dizao-scaled.jpg","contentUrl":"https:\/\/www.eko-bio-natura.sk\/shop\/wp-content\/uploads\/2021\/12\/7044-2_omladzujuca-maska-na-tvar-a-krk-s-ovocnymi-kyselinami-s-peelingovym-efektom-dizao-scaled.jpg","width":2560,"height":2560},{"@type":"BreadcrumbList","@id":"https:\/\/www.eko-bio-natura.sk\/shop\/produkt\/omladzujuca-maska-na-tvar-a-krk-s-ovocnymi-kyselinami-s-peelingovym-efektom-dizao\/#breadcrumb","itemListElement":[{"@type":"ListItem","position":1,"name":"Domovsk\u00e1 str\u00e1nka","item":"https:\/\/www.eko-bio-natura.sk\/shop\/"},{"@type":"ListItem","position":2,"name":"Obchod","item":"https:\/\/www.eko-bio-natura.sk\/shop\/?page_id=6"},{"@type":"ListItem","position":3,"name":"Omladzuj\u00faca maska na tv\u00e1r a krk s ovocn\u00fdmi kyselinami s peelingov\u00fdm efektom &#8211; Dizao"}]},{"@type":"WebSite","@id":"https:\/\/www.eko-bio-natura.sk\/shop\/#website","url":"https:\/\/www.eko-bio-natura.sk\/shop\/","name":"EKO-BIO-NATURA BIO OBCHOD","description":"","publisher":{"@id":"https:\/\/www.eko-bio-natura.sk\/shop\/#organization"},"potentialAction":[{"@type":"SearchAction","target":{"@type":"EntryPoint","urlTemplate":"https:\/\/www.eko-bio-natura.sk\/shop\/?s={search_term_string}"},"query-input":{"@type":"PropertyValueSpecification","valueRequired":true,"valueName":"search_term_string"}}],"inLanguage":"sk-SK"},{"@type":"Organization","@id":"https:\/\/www.eko-bio-natura.sk\/shop\/#organization","name":"EKO-BIO-NATURA BIO OBCHOD","url":"https:\/\/www.eko-bio-natura.sk\/shop\/","logo":{"@type":"ImageObject","inLanguage":"sk-SK","@id":"https:\/\/www.eko-bio-natura.sk\/shop\/#\/schema\/logo\/image\/","url":"https:\/\/www.eko-bio-natura.sk\/shop\/wp-content\/uploads\/2021\/04\/eko-bio-natura_logo.png","contentUrl":"https:\/\/www.eko-bio-natura.sk\/shop\/wp-content\/uploads\/2021\/04\/eko-bio-natura_logo.png","width":552,"height":194,"caption":"EKO-BIO-NATURA BIO OBCHOD"},"image":{"@id":"https:\/\/www.eko-bio-natura.sk\/shop\/#\/schema\/logo\/image\/"}}]}},"_links":{"self":[{"href":"https:\/\/www.eko-bio-natura.sk\/shop\/wp-json\/wp\/v2\/product\/7461","targetHints":{"allow":["GET"]}}],"collection":[{"href":"https:\/\/www.eko-bio-natura.sk\/shop\/wp-json\/wp\/v2\/product"}],"about":[{"href":"https:\/\/www.eko-bio-natura.sk\/shop\/wp-json\/wp\/v2\/types\/product"}],"replies":[{"embeddable":true,"href":"https:\/\/www.eko-bio-natura.sk\/shop\/wp-json\/wp\/v2\/comments?post=7461"}],"wp:featuredmedia":[{"embeddable":true,"href":"https:\/\/www.eko-bio-natura.sk\/shop\/wp-json\/wp\/v2\/media\/7462"}],"wp:attachment":[{"href":"https:\/\/www.eko-bio-natura.sk\/shop\/wp-json\/wp\/v2\/media?parent=7461"}],"wp:term":[{"taxonomy":"product_brand","embeddable":true,"href":"https:\/\/www.eko-bio-natura.sk\/shop\/wp-json\/wp\/v2\/product_brand?post=7461"},{"taxonomy":"product_cat","embeddable":true,"href":"https:\/\/www.eko-bio-natura.sk\/shop\/wp-json\/wp\/v2\/product_cat?post=7461"},{"taxonomy":"product_tag","embeddable":true,"href":"https:\/\/www.eko-bio-natura.sk\/shop\/wp-json\/wp\/v2\/product_tag?post=7461"}],"curies":[{"name":"wp","href":"https:\/\/api.w.org\/{rel}","templated":true}]}}