{"id":7396,"date":"2021-12-28T18:05:44","date_gmt":"2021-12-28T17:05:44","guid":{"rendered":"https:\/\/www.eko-bio-natura.sk\/shop\/index.php\/produkt\/serum-proti-celulitide-odstranuje-pomarancovu-kozu-pred-a-po-130-ml\/"},"modified":"2021-12-28T18:06:04","modified_gmt":"2021-12-28T17:06:04","slug":"serum-proti-celulitide-odstranuje-pomarancovu-kozu-pred-a-po-130-ml","status":"publish","type":"product","link":"https:\/\/www.eko-bio-natura.sk\/shop\/produkt\/serum-proti-celulitide-odstranuje-pomarancovu-kozu-pred-a-po-130-ml\/","title":{"rendered":"S\u00e9rum proti celulit\u00edde odstra\u0148uje pomaran\u010dov\u00fa ko\u017eu &#8211; &quot;Pred a Po&quot;  130 ml"},"content":{"rendered":"<p><span style=\"font-size: 12pt; font-family: verdana, geneva;\"><span>S\u00e9rum \u201ePred a po\u201c s vysokou koncentr\u00e1ciou lipolitick\u00fdch zlo\u017eiek spoma\u013euj\u00facich synt\u00e9zu tukov r\u00fdchlo&nbsp;<\/span><strong>odstra\u0148uje efekt tzv. pomaran\u010dovej ko\u017ee, opuchnutos\u0165 a ochabnutos\u0165 poko\u017eky, prevent\u00edvne p\u00f4sob\u00ed proti prev\u00edsaniu ko\u017ee a vzniku tzv. cievnych metli\u010diek.<\/strong><span>&nbsp;Kofe\u00edn, extrakty z riasy Laminaria a bre\u010dtanu, ktor\u00e9 sa nach\u00e1dzaj\u00fa v \u010dasticiach LPDs SLIMMINGTM spolu s fosfolipidmi predl\u017euj\u00fa a zlep\u0161uj\u00fa vyu\u017eitie a dostupnos\u0165 zlo\u017eiek komplexu LANARCHYSTM2B bunkami.&nbsp;<\/span><\/span><\/p>\n<p><span style=\"font-size: 12pt; font-family: verdana, geneva;\"><strong>Dopl\u0148uj\u00face inform\u00e1cie k produktu:<\/strong>&nbsp;Zlep\u0161uje&nbsp;obeh lymfy, \u010d\u00edm p\u00f4sobia proti opuchom, odv\u00e1dzaj\u00fa z buniek cholesterol a triglyceridy, spev\u0148uj\u00fa \u017eilov\u00e9 steny a aktivizuj\u00fa prirodzen\u00e9 \u0161tiepenie tukov v bunk\u00e1ch. PROVISLIMTM zabra\u0148uje ukladaniu tukov a adenocytoch pri pr\u00edjme potravy. S\u00e9rum m\u00e1 r\u00fdchly a dlhotrvaj\u00faci liftingov\u00fd efekt, \u010do je ve\u013emi d\u00f4le\u017eit\u00e9 pre osoby s n\u00edzkym turgorom (nap\u00e4t\u00edm) poko\u017eky.<\/span><\/p>\n<p><span style=\"font-size: 12pt; font-family: verdana, geneva;\"><strong>Sp\u00f4sob pou\u017eitia:<\/strong>&nbsp;S\u00e9rum nanies\u0165 na \u010dist\u00fa poko\u017eku problematick\u00fdch parti\u00ed 2x denne a&nbsp;kr\u00fa\u017eiv\u00fdmi pohybmi vmas\u00edrova\u0165 a\u017e do \u00fapln\u00e9ho vstrebania.<\/span><\/p>\n<p><span style=\"font-size: 12pt; font-family: verdana, geneva;\">Pre dosiahnutie maxim\u00e1lneho \u00fa\u010dinku sa odpor\u00fa\u010da pou\u017e\u00edva\u0165 spolu s&nbsp;<strong>anticelulit\u00eddnym kr\u00e9mom rady \u201ePred a&nbsp;po\u201c<\/strong><\/span><\/p>\n<p><span style=\"font-size: 12pt; font-family: verdana, geneva;\"><strong>Upozornenie:&nbsp;<\/strong>Nepou\u017e\u00edva\u0165 pri nezn\u00e1\u0161anlivosti niektorej zo zlo\u017eiek. Nepou\u017e\u00edva\u0165 na otvoren\u00e9 rany a&nbsp;odreniny.<br \/><meta charset=\"UTF-8\" \/><strong><br \/><\/strong><img decoding=\"async\" src=\"\/user\/documents\/upload\/mceclip0-218.png?1630424131\" \/><br \/><\/span><\/p>\n<p><span style=\"font-size: 12pt; font-family: verdana, geneva;\"><strong>Obsah balenia<\/strong>: 130 ml<\/span>&nbsp;<\/p>\n<p><span style=\"font-size: 12pt; font-family: verdana, geneva;\"><strong>Krajina p\u00f4vodu:&nbsp;<\/strong>Rusk\u00e1 Feder\u00e1cia<\/span><\/p>\n<p>&nbsp;<\/p>\n","protected":false},"excerpt":{"rendered":"<p>S\u00e9rum \u201ePred a po\u201c s vysokou koncentr\u00e1ciou lipolitick\u00fdch zlo\u017eiek spoma\u013euj\u00facich synt\u00e9zu tukov r\u00fdchlo&nbsp;odstra\u0148uje efekt tzv. pomaran\u010dovej ko\u017ee, opuchnutos\u0165 a ochabnutos\u0165 poko\u017eky, prevent\u00edvne p\u00f4sob\u00ed proti prev\u00edsaniu ko\u017ee a vzniku tzv. cievnych metli\u010diek.&nbsp;Kofe\u00edn, extrakty z riasy Laminaria a bre\u010dtanu, ktor\u00e9 sa nach\u00e1dzaj\u00fa v \u010dasticiach LPDs SLIMMINGTM spolu s fosfolipidmi predl\u017euj\u00fa a zlep\u0161uj\u00fa vyu\u017eitie a dostupnos\u0165 zlo\u017eiek komplexu [&hellip;]<\/p>\n","protected":false},"featured_media":7397,"comment_status":"open","ping_status":"open","template":"","meta":{"site-sidebar-layout":"default","site-content-layout":"","ast-site-content-layout":"default","site-content-style":"default","site-sidebar-style":"default","ast-global-header-display":"","ast-banner-title-visibility":"","ast-main-header-display":"","ast-hfb-above-header-display":"","ast-hfb-below-header-display":"","ast-hfb-mobile-header-display":"","site-post-title":"","ast-breadcrumbs-content":"","ast-featured-img":"","footer-sml-layout":"","ast-disable-related-posts":"","theme-transparent-header-meta":"","adv-header-id-meta":"","stick-header-meta":"","header-above-stick-meta":"","header-main-stick-meta":"","header-below-stick-meta":"","astra-migrate-meta-layouts":"default","ast-page-background-enabled":"default","ast-page-background-meta":{"desktop":{"background-color":"","background-image":"","background-repeat":"repeat","background-position":"center center","background-size":"auto","background-attachment":"scroll","background-type":"","background-media":"","overlay-type":"","overlay-color":"","overlay-opacity":"","overlay-gradient":""},"tablet":{"background-color":"","background-image":"","background-repeat":"repeat","background-position":"center center","background-size":"auto","background-attachment":"scroll","background-type":"","background-media":"","overlay-type":"","overlay-color":"","overlay-opacity":"","overlay-gradient":""},"mobile":{"background-color":"","background-image":"","background-repeat":"repeat","background-position":"center center","background-size":"auto","background-attachment":"scroll","background-type":"","background-media":"","overlay-type":"","overlay-color":"","overlay-opacity":"","overlay-gradient":""}},"ast-content-background-meta":{"desktop":{"background-color":"var(--ast-global-color-5)","background-image":"","background-repeat":"repeat","background-position":"center center","background-size":"auto","background-attachment":"scroll","background-type":"","background-media":"","overlay-type":"","overlay-color":"","overlay-opacity":"","overlay-gradient":""},"tablet":{"background-color":"var(--ast-global-color-5)","background-image":"","background-repeat":"repeat","background-position":"center center","background-size":"auto","background-attachment":"scroll","background-type":"","background-media":"","overlay-type":"","overlay-color":"","overlay-opacity":"","overlay-gradient":""},"mobile":{"background-color":"var(--ast-global-color-5)","background-image":"","background-repeat":"repeat","background-position":"center center","background-size":"auto","background-attachment":"scroll","background-type":"","background-media":"","overlay-type":"","overlay-color":"","overlay-opacity":"","overlay-gradient":""}}},"product_brand":[],"product_cat":[39],"product_tag":[],"class_list":{"0":"post-7396","1":"product","2":"type-product","3":"status-publish","4":"has-post-thumbnail","6":"product_cat-telova-kozmetika","7":"pa_cena-dopravy-367","8":"pa_doprava-zasilkovna","9":"pa_ean-483","10":"pa_typ-partnersky-predaj","11":"pa_znacka-pred-a-po","12":"desktop-align-left","13":"tablet-align-left","14":"mobile-align-left","16":"first","17":"instock","18":"product-type-external"},"yoast_head":"<!-- This site is optimized with the Yoast SEO plugin v27.2 - https:\/\/yoast.com\/product\/yoast-seo-wordpress\/ -->\n<title>S\u00e9rum proti celulit\u00edde odstra\u0148uje pomaran\u010dov\u00fa ko\u017eu - &quot;Pred a Po&quot; 130 ml - EKO-BIO-NATURA BIO OBCHOD<\/title>\n<meta name=\"robots\" content=\"index, follow, max-snippet:-1, max-image-preview:large, max-video-preview:-1\" \/>\n<link rel=\"canonical\" href=\"https:\/\/www.eko-bio-natura.sk\/shop\/produkt\/serum-proti-celulitide-odstranuje-pomarancovu-kozu-pred-a-po-130-ml\/\" \/>\n<meta property=\"og:locale\" content=\"sk_SK\" \/>\n<meta property=\"og:type\" content=\"article\" \/>\n<meta property=\"og:title\" content=\"S\u00e9rum proti celulit\u00edde odstra\u0148uje pomaran\u010dov\u00fa ko\u017eu - &quot;Pred a Po&quot; 130 ml - EKO-BIO-NATURA BIO OBCHOD\" \/>\n<meta property=\"og:description\" content=\"S\u00e9rum \u201ePred a po\u201c s vysokou koncentr\u00e1ciou lipolitick\u00fdch zlo\u017eiek spoma\u013euj\u00facich synt\u00e9zu tukov r\u00fdchlo&nbsp;odstra\u0148uje efekt tzv. pomaran\u010dovej ko\u017ee, opuchnutos\u0165 a ochabnutos\u0165 poko\u017eky, prevent\u00edvne p\u00f4sob\u00ed proti prev\u00edsaniu ko\u017ee a vzniku tzv. cievnych metli\u010diek.&nbsp;Kofe\u00edn, extrakty z riasy Laminaria a bre\u010dtanu, ktor\u00e9 sa nach\u00e1dzaj\u00fa v \u010dasticiach LPDs SLIMMINGTM spolu s fosfolipidmi predl\u017euj\u00fa a zlep\u0161uj\u00fa vyu\u017eitie a dostupnos\u0165 zlo\u017eiek komplexu [&hellip;]\" \/>\n<meta property=\"og:url\" content=\"https:\/\/www.eko-bio-natura.sk\/shop\/produkt\/serum-proti-celulitide-odstranuje-pomarancovu-kozu-pred-a-po-130-ml\/\" \/>\n<meta property=\"og:site_name\" content=\"EKO-BIO-NATURA BIO OBCHOD\" \/>\n<meta property=\"article:modified_time\" content=\"2021-12-28T17:06:04+00:00\" \/>\n<meta property=\"og:image\" content=\"https:\/\/www.eko-bio-natura.sk\/shop\/wp-content\/uploads\/2021\/12\/4920_0462-pred-a-po-celulitida.jpg\" \/>\n\t<meta property=\"og:image:width\" content=\"600\" \/>\n\t<meta property=\"og:image:height\" content=\"600\" \/>\n\t<meta property=\"og:image:type\" content=\"image\/jpeg\" \/>\n<meta name=\"twitter:card\" content=\"summary_large_image\" \/>\n<meta name=\"twitter:label1\" content=\"Predpokladan\u00fd \u010das \u010d\u00edtania\" \/>\n\t<meta name=\"twitter:data1\" content=\"1 min\u00fata\" \/>\n<script type=\"application\/ld+json\" class=\"yoast-schema-graph\">{\"@context\":\"https:\/\/schema.org\",\"@graph\":[{\"@type\":\"WebPage\",\"@id\":\"https:\/\/www.eko-bio-natura.sk\/shop\/produkt\/serum-proti-celulitide-odstranuje-pomarancovu-kozu-pred-a-po-130-ml\/\",\"url\":\"https:\/\/www.eko-bio-natura.sk\/shop\/produkt\/serum-proti-celulitide-odstranuje-pomarancovu-kozu-pred-a-po-130-ml\/\",\"name\":\"S\u00e9rum proti celulit\u00edde odstra\u0148uje pomaran\u010dov\u00fa ko\u017eu - &quot;Pred a Po&quot; 130 ml - EKO-BIO-NATURA BIO OBCHOD\",\"isPartOf\":{\"@id\":\"https:\/\/www.eko-bio-natura.sk\/shop\/#website\"},\"primaryImageOfPage\":{\"@id\":\"https:\/\/www.eko-bio-natura.sk\/shop\/produkt\/serum-proti-celulitide-odstranuje-pomarancovu-kozu-pred-a-po-130-ml\/#primaryimage\"},\"image\":{\"@id\":\"https:\/\/www.eko-bio-natura.sk\/shop\/produkt\/serum-proti-celulitide-odstranuje-pomarancovu-kozu-pred-a-po-130-ml\/#primaryimage\"},\"thumbnailUrl\":\"https:\/\/www.eko-bio-natura.sk\/shop\/wp-content\/uploads\/2021\/12\/4920_0462-pred-a-po-celulitida.jpg\",\"datePublished\":\"2021-12-28T17:05:44+00:00\",\"dateModified\":\"2021-12-28T17:06:04+00:00\",\"breadcrumb\":{\"@id\":\"https:\/\/www.eko-bio-natura.sk\/shop\/produkt\/serum-proti-celulitide-odstranuje-pomarancovu-kozu-pred-a-po-130-ml\/#breadcrumb\"},\"inLanguage\":\"sk-SK\",\"potentialAction\":[{\"@type\":\"ReadAction\",\"target\":[\"https:\/\/www.eko-bio-natura.sk\/shop\/produkt\/serum-proti-celulitide-odstranuje-pomarancovu-kozu-pred-a-po-130-ml\/\"]}]},{\"@type\":\"ImageObject\",\"inLanguage\":\"sk-SK\",\"@id\":\"https:\/\/www.eko-bio-natura.sk\/shop\/produkt\/serum-proti-celulitide-odstranuje-pomarancovu-kozu-pred-a-po-130-ml\/#primaryimage\",\"url\":\"https:\/\/www.eko-bio-natura.sk\/shop\/wp-content\/uploads\/2021\/12\/4920_0462-pred-a-po-celulitida.jpg\",\"contentUrl\":\"https:\/\/www.eko-bio-natura.sk\/shop\/wp-content\/uploads\/2021\/12\/4920_0462-pred-a-po-celulitida.jpg\",\"width\":600,\"height\":600},{\"@type\":\"BreadcrumbList\",\"@id\":\"https:\/\/www.eko-bio-natura.sk\/shop\/produkt\/serum-proti-celulitide-odstranuje-pomarancovu-kozu-pred-a-po-130-ml\/#breadcrumb\",\"itemListElement\":[{\"@type\":\"ListItem\",\"position\":1,\"name\":\"Domovsk\u00e1 str\u00e1nka\",\"item\":\"https:\/\/www.eko-bio-natura.sk\/shop\/\"},{\"@type\":\"ListItem\",\"position\":2,\"name\":\"Obchod\",\"item\":\"https:\/\/www.eko-bio-natura.sk\/shop\/?page_id=6\"},{\"@type\":\"ListItem\",\"position\":3,\"name\":\"S\u00e9rum proti celulit\u00edde odstra\u0148uje pomaran\u010dov\u00fa ko\u017eu &#8211; &quot;Pred a Po&quot; 130 ml\"}]},{\"@type\":\"WebSite\",\"@id\":\"https:\/\/www.eko-bio-natura.sk\/shop\/#website\",\"url\":\"https:\/\/www.eko-bio-natura.sk\/shop\/\",\"name\":\"EKO-BIO-NATURA BIO OBCHOD\",\"description\":\"\",\"publisher\":{\"@id\":\"https:\/\/www.eko-bio-natura.sk\/shop\/#organization\"},\"potentialAction\":[{\"@type\":\"SearchAction\",\"target\":{\"@type\":\"EntryPoint\",\"urlTemplate\":\"https:\/\/www.eko-bio-natura.sk\/shop\/?s={search_term_string}\"},\"query-input\":{\"@type\":\"PropertyValueSpecification\",\"valueRequired\":true,\"valueName\":\"search_term_string\"}}],\"inLanguage\":\"sk-SK\"},{\"@type\":\"Organization\",\"@id\":\"https:\/\/www.eko-bio-natura.sk\/shop\/#organization\",\"name\":\"EKO-BIO-NATURA BIO OBCHOD\",\"url\":\"https:\/\/www.eko-bio-natura.sk\/shop\/\",\"logo\":{\"@type\":\"ImageObject\",\"inLanguage\":\"sk-SK\",\"@id\":\"https:\/\/www.eko-bio-natura.sk\/shop\/#\/schema\/logo\/image\/\",\"url\":\"https:\/\/www.eko-bio-natura.sk\/shop\/wp-content\/uploads\/2021\/04\/eko-bio-natura_logo.png\",\"contentUrl\":\"https:\/\/www.eko-bio-natura.sk\/shop\/wp-content\/uploads\/2021\/04\/eko-bio-natura_logo.png\",\"width\":552,\"height\":194,\"caption\":\"EKO-BIO-NATURA BIO OBCHOD\"},\"image\":{\"@id\":\"https:\/\/www.eko-bio-natura.sk\/shop\/#\/schema\/logo\/image\/\"}}]}<\/script>\n<!-- \/ Yoast SEO plugin. -->","yoast_head_json":{"title":"S\u00e9rum proti celulit\u00edde odstra\u0148uje pomaran\u010dov\u00fa ko\u017eu - &quot;Pred a Po&quot; 130 ml - EKO-BIO-NATURA BIO OBCHOD","robots":{"index":"index","follow":"follow","max-snippet":"max-snippet:-1","max-image-preview":"max-image-preview:large","max-video-preview":"max-video-preview:-1"},"canonical":"https:\/\/www.eko-bio-natura.sk\/shop\/produkt\/serum-proti-celulitide-odstranuje-pomarancovu-kozu-pred-a-po-130-ml\/","og_locale":"sk_SK","og_type":"article","og_title":"S\u00e9rum proti celulit\u00edde odstra\u0148uje pomaran\u010dov\u00fa ko\u017eu - &quot;Pred a Po&quot; 130 ml - EKO-BIO-NATURA BIO OBCHOD","og_description":"S\u00e9rum \u201ePred a po\u201c s vysokou koncentr\u00e1ciou lipolitick\u00fdch zlo\u017eiek spoma\u013euj\u00facich synt\u00e9zu tukov r\u00fdchlo&nbsp;odstra\u0148uje efekt tzv. pomaran\u010dovej ko\u017ee, opuchnutos\u0165 a ochabnutos\u0165 poko\u017eky, prevent\u00edvne p\u00f4sob\u00ed proti prev\u00edsaniu ko\u017ee a vzniku tzv. cievnych metli\u010diek.&nbsp;Kofe\u00edn, extrakty z riasy Laminaria a bre\u010dtanu, ktor\u00e9 sa nach\u00e1dzaj\u00fa v \u010dasticiach LPDs SLIMMINGTM spolu s fosfolipidmi predl\u017euj\u00fa a zlep\u0161uj\u00fa vyu\u017eitie a dostupnos\u0165 zlo\u017eiek komplexu [&hellip;]","og_url":"https:\/\/www.eko-bio-natura.sk\/shop\/produkt\/serum-proti-celulitide-odstranuje-pomarancovu-kozu-pred-a-po-130-ml\/","og_site_name":"EKO-BIO-NATURA BIO OBCHOD","article_modified_time":"2021-12-28T17:06:04+00:00","og_image":[{"width":600,"height":600,"url":"https:\/\/www.eko-bio-natura.sk\/shop\/wp-content\/uploads\/2021\/12\/4920_0462-pred-a-po-celulitida.jpg","type":"image\/jpeg"}],"twitter_card":"summary_large_image","twitter_misc":{"Predpokladan\u00fd \u010das \u010d\u00edtania":"1 min\u00fata"},"schema":{"@context":"https:\/\/schema.org","@graph":[{"@type":"WebPage","@id":"https:\/\/www.eko-bio-natura.sk\/shop\/produkt\/serum-proti-celulitide-odstranuje-pomarancovu-kozu-pred-a-po-130-ml\/","url":"https:\/\/www.eko-bio-natura.sk\/shop\/produkt\/serum-proti-celulitide-odstranuje-pomarancovu-kozu-pred-a-po-130-ml\/","name":"S\u00e9rum proti celulit\u00edde odstra\u0148uje pomaran\u010dov\u00fa ko\u017eu - &quot;Pred a Po&quot; 130 ml - EKO-BIO-NATURA BIO OBCHOD","isPartOf":{"@id":"https:\/\/www.eko-bio-natura.sk\/shop\/#website"},"primaryImageOfPage":{"@id":"https:\/\/www.eko-bio-natura.sk\/shop\/produkt\/serum-proti-celulitide-odstranuje-pomarancovu-kozu-pred-a-po-130-ml\/#primaryimage"},"image":{"@id":"https:\/\/www.eko-bio-natura.sk\/shop\/produkt\/serum-proti-celulitide-odstranuje-pomarancovu-kozu-pred-a-po-130-ml\/#primaryimage"},"thumbnailUrl":"https:\/\/www.eko-bio-natura.sk\/shop\/wp-content\/uploads\/2021\/12\/4920_0462-pred-a-po-celulitida.jpg","datePublished":"2021-12-28T17:05:44+00:00","dateModified":"2021-12-28T17:06:04+00:00","breadcrumb":{"@id":"https:\/\/www.eko-bio-natura.sk\/shop\/produkt\/serum-proti-celulitide-odstranuje-pomarancovu-kozu-pred-a-po-130-ml\/#breadcrumb"},"inLanguage":"sk-SK","potentialAction":[{"@type":"ReadAction","target":["https:\/\/www.eko-bio-natura.sk\/shop\/produkt\/serum-proti-celulitide-odstranuje-pomarancovu-kozu-pred-a-po-130-ml\/"]}]},{"@type":"ImageObject","inLanguage":"sk-SK","@id":"https:\/\/www.eko-bio-natura.sk\/shop\/produkt\/serum-proti-celulitide-odstranuje-pomarancovu-kozu-pred-a-po-130-ml\/#primaryimage","url":"https:\/\/www.eko-bio-natura.sk\/shop\/wp-content\/uploads\/2021\/12\/4920_0462-pred-a-po-celulitida.jpg","contentUrl":"https:\/\/www.eko-bio-natura.sk\/shop\/wp-content\/uploads\/2021\/12\/4920_0462-pred-a-po-celulitida.jpg","width":600,"height":600},{"@type":"BreadcrumbList","@id":"https:\/\/www.eko-bio-natura.sk\/shop\/produkt\/serum-proti-celulitide-odstranuje-pomarancovu-kozu-pred-a-po-130-ml\/#breadcrumb","itemListElement":[{"@type":"ListItem","position":1,"name":"Domovsk\u00e1 str\u00e1nka","item":"https:\/\/www.eko-bio-natura.sk\/shop\/"},{"@type":"ListItem","position":2,"name":"Obchod","item":"https:\/\/www.eko-bio-natura.sk\/shop\/?page_id=6"},{"@type":"ListItem","position":3,"name":"S\u00e9rum proti celulit\u00edde odstra\u0148uje pomaran\u010dov\u00fa ko\u017eu &#8211; &quot;Pred a Po&quot; 130 ml"}]},{"@type":"WebSite","@id":"https:\/\/www.eko-bio-natura.sk\/shop\/#website","url":"https:\/\/www.eko-bio-natura.sk\/shop\/","name":"EKO-BIO-NATURA BIO OBCHOD","description":"","publisher":{"@id":"https:\/\/www.eko-bio-natura.sk\/shop\/#organization"},"potentialAction":[{"@type":"SearchAction","target":{"@type":"EntryPoint","urlTemplate":"https:\/\/www.eko-bio-natura.sk\/shop\/?s={search_term_string}"},"query-input":{"@type":"PropertyValueSpecification","valueRequired":true,"valueName":"search_term_string"}}],"inLanguage":"sk-SK"},{"@type":"Organization","@id":"https:\/\/www.eko-bio-natura.sk\/shop\/#organization","name":"EKO-BIO-NATURA BIO OBCHOD","url":"https:\/\/www.eko-bio-natura.sk\/shop\/","logo":{"@type":"ImageObject","inLanguage":"sk-SK","@id":"https:\/\/www.eko-bio-natura.sk\/shop\/#\/schema\/logo\/image\/","url":"https:\/\/www.eko-bio-natura.sk\/shop\/wp-content\/uploads\/2021\/04\/eko-bio-natura_logo.png","contentUrl":"https:\/\/www.eko-bio-natura.sk\/shop\/wp-content\/uploads\/2021\/04\/eko-bio-natura_logo.png","width":552,"height":194,"caption":"EKO-BIO-NATURA BIO OBCHOD"},"image":{"@id":"https:\/\/www.eko-bio-natura.sk\/shop\/#\/schema\/logo\/image\/"}}]}},"_links":{"self":[{"href":"https:\/\/www.eko-bio-natura.sk\/shop\/wp-json\/wp\/v2\/product\/7396","targetHints":{"allow":["GET"]}}],"collection":[{"href":"https:\/\/www.eko-bio-natura.sk\/shop\/wp-json\/wp\/v2\/product"}],"about":[{"href":"https:\/\/www.eko-bio-natura.sk\/shop\/wp-json\/wp\/v2\/types\/product"}],"replies":[{"embeddable":true,"href":"https:\/\/www.eko-bio-natura.sk\/shop\/wp-json\/wp\/v2\/comments?post=7396"}],"wp:featuredmedia":[{"embeddable":true,"href":"https:\/\/www.eko-bio-natura.sk\/shop\/wp-json\/wp\/v2\/media\/7397"}],"wp:attachment":[{"href":"https:\/\/www.eko-bio-natura.sk\/shop\/wp-json\/wp\/v2\/media?parent=7396"}],"wp:term":[{"taxonomy":"product_brand","embeddable":true,"href":"https:\/\/www.eko-bio-natura.sk\/shop\/wp-json\/wp\/v2\/product_brand?post=7396"},{"taxonomy":"product_cat","embeddable":true,"href":"https:\/\/www.eko-bio-natura.sk\/shop\/wp-json\/wp\/v2\/product_cat?post=7396"},{"taxonomy":"product_tag","embeddable":true,"href":"https:\/\/www.eko-bio-natura.sk\/shop\/wp-json\/wp\/v2\/product_tag?post=7396"}],"curies":[{"name":"wp","href":"https:\/\/api.w.org\/{rel}","templated":true}]}}