{"id":7371,"date":"2021-12-28T18:04:35","date_gmt":"2021-12-28T17:04:35","guid":{"rendered":"https:\/\/www.eko-bio-natura.sk\/shop\/index.php\/produkt\/100-tekvicovy-olej-za-studena-lisovany-panensky-specialist-objem-250-ml\/"},"modified":"2022-01-02T16:43:32","modified_gmt":"2022-01-02T15:43:32","slug":"100-tekvicovy-olej-za-studena-lisovany-panensky-specialist-objem-250-ml","status":"publish","type":"product","link":"https:\/\/www.eko-bio-natura.sk\/shop\/produkt\/100-tekvicovy-olej-za-studena-lisovany-panensky-specialist-objem-250-ml\/","title":{"rendered":"100% Tekvicov\u00fd olej, za studena lisovan\u00fd, panensk\u00fd &#8211; Specialist Objem: 250 ml"},"content":{"rendered":"<p><span style=\"font-size: 12pt; font-family: verdana, geneva;\"><a href=\"http:\/\/www.herbatica.sk\/doplnky_stravy\/100--tekvicovy-olej\/?utm_source=Blog_Herbatica_SK&amp;utm_campaign=Olej_zo_semienok_tekvice\" target=\"_blank\" rel=\"noopener noreferrer\">Tekvicov\u00fd olej<\/a>&nbsp;sa z\u00edskava lisovan\u00edm tekvicov\u00fdch jadier a&nbsp;vyzna\u010duje sa predov\u0161etk\u00fdm svojou nezamenite\u013enou farbou, ar\u00f3mou a&nbsp;pr\u00edjemnou chu\u0165ou.<\/span><\/p>\n<p><span style=\"font-size: 12pt; font-family: verdana, geneva;\">Z&nbsp;tohto d\u00f4vodu by nemal ch\u00fdba\u0165 v&nbsp;\u017eiadnej modernej kuchyni a&nbsp;ak ste to doteraz neurobili, ur\u010dite ho zara\u010fte do svojho jed\u00e1lni\u010dka.<\/span><\/p>\n<p><span style=\"font-size: 12pt; font-family: verdana, geneva;\">Okrem toho m\u00e1 tekvicov\u00fd olej mimoriadne prospe\u0161n\u00fd vplyv na zdravie, ktor\u00fd sa prejavuje najm\u00e4 v&nbsp;<strong>posil\u0148uj\u00facich \u00fa\u010dinkoch na pe\u010de\u0148ov\u00e9 bunky,&nbsp;zamedzuje vzniku cirh\u00f3zy<\/strong>,&nbsp;<strong>\u00fapravuje metabolizmu tukov<\/strong>&nbsp;a&nbsp;zni\u017euje cholesterol v&nbsp;krvi.<\/span><\/p>\n<p><span style=\"font-size: 12pt; font-family: verdana, geneva;\">Zn\u00e1my je aj jeho&nbsp;<strong>protiz\u00e1palov\u00fd \u00fa\u010dinok<\/strong>, kladn\u00fd vplyv na&nbsp;<strong>regener\u00e1ciu tkan\u00edv a<\/strong>&nbsp;<strong>spoma\u013eovanie rozvoja art\u00e9rioskler\u00f3zy.<\/strong><\/span><\/p>\n<p><span style=\"font-size: 12pt; font-family: verdana, geneva;\">Pozit\u00edvne<strong>&nbsp;ovplyv\u0148uje \u010dinnos\u0165 prostaty a&nbsp;zamedzuje vzniku aden\u00f3mov (nezhubn\u00fdch n\u00e1dorov)&nbsp;<\/strong>.<\/span><\/p>\n<p><span style=\"font-size: 12pt; font-family: verdana, geneva;\">Svoje lie\u010div\u00e9 uplatnenie tekvicov\u00fd olej n\u00e1jde aj pri&nbsp;<strong>lie\u010dbe vredov\u00fdch ochoren\u00ed \u017eal\u00fadka a&nbsp;dvan\u00e1stnika, z\u00e1paloch tenk\u00e9ho a hrub\u00e9ho \u010dreva, hepatit\u00eddach, nepriechodnosti \u017el\u010dovodov, nezhubnom bujnen\u00ed prostaty a er\u00f3zii kr\u010dku maternice<\/strong>.<\/span><\/p>\n<p><span style=\"font-size: 12pt; font-family: verdana, geneva;\">Olej m\u00f4\u017eete aplikova\u0165 aj pri&nbsp;<strong>r\u00f4znych ko\u017en\u00fdch ochoreniach<\/strong>,&nbsp;<strong>dermatit\u00eddach, herpese, psori\u00e1ze, ekz\u00e9me&nbsp;<\/strong>a&nbsp;vonkaj\u0161\u00edch<strong>&nbsp;pop\u00e1lenin\u00e1ch ko\u017ee<\/strong>.<\/span><\/p>\n<p><span style=\"font-size: 12pt; font-family: verdana, geneva;\"><strong>Sp\u00f4sob pou\u017eitia:<\/strong> U\u017e\u00edvajte pravidelne 1 \u010dajov\u00fa ly\u017ei\u010dku 3x za de\u0148 po\u010das jedla alebo po jedle.<\/span><\/p>\n<p><span style=\"font-size: 12pt; font-family: verdana, geneva;\">Olej taktie\u017e m\u00f4\u017eete prid\u00e1va\u0165 do \u0161al\u00e1tov.<\/span><\/p>\n<p><span style=\"font-size: 12pt; font-family: verdana, geneva;\"><strong>Upozornenie:<\/strong> Nie je ur\u010den\u00e9 de\u0165om do 3 rokov! Dodr\u017eujte denn\u00fa odpor\u00fa\u010dan\u00fa d\u00e1vku. Nepou\u017e\u00edvajte ako n\u00e1hradu pestrej stravy. Neu\u017e\u00edvajte pri individu\u00e1lnej alergii na zlo\u017eky oleja. Vyroben\u00e9 bez GMO<\/span><\/p>\n<p><span style=\"font-size: 12pt; font-family: verdana, geneva;\"><strong>Podmienky skladovania:<\/strong> Skladujte na suchom a tmavom mieste pri teplote do 20\u00b0C. Po otvoren\u00ed skladujte v chladni\u010dke.<\/span><\/p>\n<p><span style=\"font-size: 12pt; font-family: verdana, geneva;\"><strong>Zlo\u017eenie:<\/strong> Za studena lisovan\u00fd tekvicov\u00fd olej- 100%.&nbsp;<\/span><\/p>\n<p><span style=\"font-size: 12pt; font-family: verdana, geneva;\"><strong>Obsah:<\/strong> 100ml&nbsp;&nbsp;&nbsp;&nbsp;&nbsp;&nbsp;&nbsp;&nbsp;&nbsp;&nbsp;&nbsp;&nbsp;&nbsp;&nbsp;<\/span><\/p>\n<p><span style=\"font-size: 12pt; font-family: verdana, geneva;\"><strong>Krajina p\u00f4vodu:<\/strong> Rusko<\/span><\/p>\n","protected":false},"excerpt":{"rendered":"<p>Tekvicov\u00fd olej&nbsp;sa z\u00edskava lisovan\u00edm tekvicov\u00fdch jadier a&nbsp;vyzna\u010duje sa predov\u0161etk\u00fdm svojou nezamenite\u013enou farbou, ar\u00f3mou a&nbsp;pr\u00edjemnou chu\u0165ou. Z&nbsp;tohto d\u00f4vodu by nemal ch\u00fdba\u0165 v&nbsp;\u017eiadnej modernej kuchyni a&nbsp;ak ste to doteraz neurobili, ur\u010dite ho zara\u010fte do svojho jed\u00e1lni\u010dka. Okrem toho m\u00e1 tekvicov\u00fd olej mimoriadne prospe\u0161n\u00fd vplyv na zdravie, ktor\u00fd sa prejavuje najm\u00e4 v&nbsp;posil\u0148uj\u00facich \u00fa\u010dinkoch na pe\u010de\u0148ov\u00e9 bunky,&nbsp;zamedzuje vzniku cirh\u00f3zy,&nbsp;\u00fapravuje [&hellip;]<\/p>\n","protected":false},"featured_media":7372,"comment_status":"open","ping_status":"open","template":"","meta":{"site-sidebar-layout":"default","site-content-layout":"","ast-site-content-layout":"default","site-content-style":"default","site-sidebar-style":"default","ast-global-header-display":"","ast-banner-title-visibility":"","ast-main-header-display":"","ast-hfb-above-header-display":"","ast-hfb-below-header-display":"","ast-hfb-mobile-header-display":"","site-post-title":"","ast-breadcrumbs-content":"","ast-featured-img":"","footer-sml-layout":"","ast-disable-related-posts":"","theme-transparent-header-meta":"","adv-header-id-meta":"","stick-header-meta":"","header-above-stick-meta":"","header-main-stick-meta":"","header-below-stick-meta":"","astra-migrate-meta-layouts":"default","ast-page-background-enabled":"default","ast-page-background-meta":{"desktop":{"background-color":"","background-image":"","background-repeat":"repeat","background-position":"center center","background-size":"auto","background-attachment":"scroll","background-type":"","background-media":"","overlay-type":"","overlay-color":"","overlay-opacity":"","overlay-gradient":""},"tablet":{"background-color":"","background-image":"","background-repeat":"repeat","background-position":"center center","background-size":"auto","background-attachment":"scroll","background-type":"","background-media":"","overlay-type":"","overlay-color":"","overlay-opacity":"","overlay-gradient":""},"mobile":{"background-color":"","background-image":"","background-repeat":"repeat","background-position":"center center","background-size":"auto","background-attachment":"scroll","background-type":"","background-media":"","overlay-type":"","overlay-color":"","overlay-opacity":"","overlay-gradient":""}},"ast-content-background-meta":{"desktop":{"background-color":"var(--ast-global-color-5)","background-image":"","background-repeat":"repeat","background-position":"center center","background-size":"auto","background-attachment":"scroll","background-type":"","background-media":"","overlay-type":"","overlay-color":"","overlay-opacity":"","overlay-gradient":""},"tablet":{"background-color":"var(--ast-global-color-5)","background-image":"","background-repeat":"repeat","background-position":"center center","background-size":"auto","background-attachment":"scroll","background-type":"","background-media":"","overlay-type":"","overlay-color":"","overlay-opacity":"","overlay-gradient":""},"mobile":{"background-color":"var(--ast-global-color-5)","background-image":"","background-repeat":"repeat","background-position":"center center","background-size":"auto","background-attachment":"scroll","background-type":"","background-media":"","overlay-type":"","overlay-color":"","overlay-opacity":"","overlay-gradient":""}}},"product_brand":[],"product_cat":[217,204,211,18,187,184],"product_tag":[],"class_list":{"0":"post-7371","1":"product","2":"type-product","3":"status-publish","4":"has-post-thumbnail","6":"product_cat-cholesterol-a-obezita","7":"product_cat-kozne-problemy","8":"product_cat-muzske-problemy","9":"product_cat-prirodna-lekaren","10":"product_cat-tradicna-ruska-medicina","11":"product_cat-zdrave-oleje","12":"pa_cena-dopravy-367","13":"pa_doprava-zasilkovna","14":"pa_ean-435","15":"pa_typ-partnersky-predaj","16":"pa_znacka-specialist","17":"desktop-align-left","18":"tablet-align-left","19":"mobile-align-left","21":"first","22":"instock","23":"product-type-external"},"yoast_head":"<!-- This site is optimized with the Yoast SEO plugin v27.2 - https:\/\/yoast.com\/product\/yoast-seo-wordpress\/ -->\n<title>100% Tekvicov\u00fd olej, za studena lisovan\u00fd, panensk\u00fd - Specialist Objem: 250 ml - EKO-BIO-NATURA BIO OBCHOD<\/title>\n<meta name=\"robots\" content=\"index, follow, max-snippet:-1, max-image-preview:large, max-video-preview:-1\" \/>\n<link rel=\"canonical\" href=\"https:\/\/www.eko-bio-natura.sk\/shop\/produkt\/100-tekvicovy-olej-za-studena-lisovany-panensky-specialist-objem-250-ml\/\" \/>\n<meta property=\"og:locale\" content=\"sk_SK\" \/>\n<meta property=\"og:type\" content=\"article\" \/>\n<meta property=\"og:title\" content=\"100% Tekvicov\u00fd olej, za studena lisovan\u00fd, panensk\u00fd - Specialist Objem: 250 ml - EKO-BIO-NATURA BIO OBCHOD\" \/>\n<meta property=\"og:description\" content=\"Tekvicov\u00fd olej&nbsp;sa z\u00edskava lisovan\u00edm tekvicov\u00fdch jadier a&nbsp;vyzna\u010duje sa predov\u0161etk\u00fdm svojou nezamenite\u013enou farbou, ar\u00f3mou a&nbsp;pr\u00edjemnou chu\u0165ou. Z&nbsp;tohto d\u00f4vodu by nemal ch\u00fdba\u0165 v&nbsp;\u017eiadnej modernej kuchyni a&nbsp;ak ste to doteraz neurobili, ur\u010dite ho zara\u010fte do svojho jed\u00e1lni\u010dka. Okrem toho m\u00e1 tekvicov\u00fd olej mimoriadne prospe\u0161n\u00fd vplyv na zdravie, ktor\u00fd sa prejavuje najm\u00e4 v&nbsp;posil\u0148uj\u00facich \u00fa\u010dinkoch na pe\u010de\u0148ov\u00e9 bunky,&nbsp;zamedzuje vzniku cirh\u00f3zy,&nbsp;\u00fapravuje [&hellip;]\" \/>\n<meta property=\"og:url\" content=\"https:\/\/www.eko-bio-natura.sk\/shop\/produkt\/100-tekvicovy-olej-za-studena-lisovany-panensky-specialist-objem-250-ml\/\" \/>\n<meta property=\"og:site_name\" content=\"EKO-BIO-NATURA BIO OBCHOD\" \/>\n<meta property=\"article:modified_time\" content=\"2022-01-02T15:43:32+00:00\" \/>\n<meta property=\"og:image\" content=\"https:\/\/www.eko-bio-natura.sk\/shop\/wp-content\/uploads\/2021\/12\/4362-1_100-tekvicovy-olej-za-studena-lisovany-panensky-specialist.jpg\" \/>\n\t<meta property=\"og:image:width\" content=\"1024\" \/>\n\t<meta property=\"og:image:height\" content=\"768\" \/>\n\t<meta property=\"og:image:type\" content=\"image\/jpeg\" \/>\n<meta name=\"twitter:card\" content=\"summary_large_image\" \/>\n<meta name=\"twitter:label1\" content=\"Predpokladan\u00fd \u010das \u010d\u00edtania\" \/>\n\t<meta name=\"twitter:data1\" content=\"2 min\u00faty\" \/>\n<script type=\"application\/ld+json\" class=\"yoast-schema-graph\">{\"@context\":\"https:\/\/schema.org\",\"@graph\":[{\"@type\":\"WebPage\",\"@id\":\"https:\/\/www.eko-bio-natura.sk\/shop\/produkt\/100-tekvicovy-olej-za-studena-lisovany-panensky-specialist-objem-250-ml\/\",\"url\":\"https:\/\/www.eko-bio-natura.sk\/shop\/produkt\/100-tekvicovy-olej-za-studena-lisovany-panensky-specialist-objem-250-ml\/\",\"name\":\"100% Tekvicov\u00fd olej, za studena lisovan\u00fd, panensk\u00fd - Specialist Objem: 250 ml - EKO-BIO-NATURA BIO OBCHOD\",\"isPartOf\":{\"@id\":\"https:\/\/www.eko-bio-natura.sk\/shop\/#website\"},\"primaryImageOfPage\":{\"@id\":\"https:\/\/www.eko-bio-natura.sk\/shop\/produkt\/100-tekvicovy-olej-za-studena-lisovany-panensky-specialist-objem-250-ml\/#primaryimage\"},\"image\":{\"@id\":\"https:\/\/www.eko-bio-natura.sk\/shop\/produkt\/100-tekvicovy-olej-za-studena-lisovany-panensky-specialist-objem-250-ml\/#primaryimage\"},\"thumbnailUrl\":\"https:\/\/www.eko-bio-natura.sk\/shop\/wp-content\/uploads\/2021\/12\/4362-1_100-tekvicovy-olej-za-studena-lisovany-panensky-specialist.jpg\",\"datePublished\":\"2021-12-28T17:04:35+00:00\",\"dateModified\":\"2022-01-02T15:43:32+00:00\",\"breadcrumb\":{\"@id\":\"https:\/\/www.eko-bio-natura.sk\/shop\/produkt\/100-tekvicovy-olej-za-studena-lisovany-panensky-specialist-objem-250-ml\/#breadcrumb\"},\"inLanguage\":\"sk-SK\",\"potentialAction\":[{\"@type\":\"ReadAction\",\"target\":[\"https:\/\/www.eko-bio-natura.sk\/shop\/produkt\/100-tekvicovy-olej-za-studena-lisovany-panensky-specialist-objem-250-ml\/\"]}]},{\"@type\":\"ImageObject\",\"inLanguage\":\"sk-SK\",\"@id\":\"https:\/\/www.eko-bio-natura.sk\/shop\/produkt\/100-tekvicovy-olej-za-studena-lisovany-panensky-specialist-objem-250-ml\/#primaryimage\",\"url\":\"https:\/\/www.eko-bio-natura.sk\/shop\/wp-content\/uploads\/2021\/12\/4362-1_100-tekvicovy-olej-za-studena-lisovany-panensky-specialist.jpg\",\"contentUrl\":\"https:\/\/www.eko-bio-natura.sk\/shop\/wp-content\/uploads\/2021\/12\/4362-1_100-tekvicovy-olej-za-studena-lisovany-panensky-specialist.jpg\",\"width\":1024,\"height\":768},{\"@type\":\"BreadcrumbList\",\"@id\":\"https:\/\/www.eko-bio-natura.sk\/shop\/produkt\/100-tekvicovy-olej-za-studena-lisovany-panensky-specialist-objem-250-ml\/#breadcrumb\",\"itemListElement\":[{\"@type\":\"ListItem\",\"position\":1,\"name\":\"Domovsk\u00e1 str\u00e1nka\",\"item\":\"https:\/\/www.eko-bio-natura.sk\/shop\/\"},{\"@type\":\"ListItem\",\"position\":2,\"name\":\"Obchod\",\"item\":\"https:\/\/www.eko-bio-natura.sk\/shop\/?page_id=6\"},{\"@type\":\"ListItem\",\"position\":3,\"name\":\"100% Tekvicov\u00fd olej, za studena lisovan\u00fd, panensk\u00fd &#8211; Specialist Objem: 250 ml\"}]},{\"@type\":\"WebSite\",\"@id\":\"https:\/\/www.eko-bio-natura.sk\/shop\/#website\",\"url\":\"https:\/\/www.eko-bio-natura.sk\/shop\/\",\"name\":\"EKO-BIO-NATURA BIO OBCHOD\",\"description\":\"\",\"publisher\":{\"@id\":\"https:\/\/www.eko-bio-natura.sk\/shop\/#organization\"},\"potentialAction\":[{\"@type\":\"SearchAction\",\"target\":{\"@type\":\"EntryPoint\",\"urlTemplate\":\"https:\/\/www.eko-bio-natura.sk\/shop\/?s={search_term_string}\"},\"query-input\":{\"@type\":\"PropertyValueSpecification\",\"valueRequired\":true,\"valueName\":\"search_term_string\"}}],\"inLanguage\":\"sk-SK\"},{\"@type\":\"Organization\",\"@id\":\"https:\/\/www.eko-bio-natura.sk\/shop\/#organization\",\"name\":\"EKO-BIO-NATURA BIO OBCHOD\",\"url\":\"https:\/\/www.eko-bio-natura.sk\/shop\/\",\"logo\":{\"@type\":\"ImageObject\",\"inLanguage\":\"sk-SK\",\"@id\":\"https:\/\/www.eko-bio-natura.sk\/shop\/#\/schema\/logo\/image\/\",\"url\":\"https:\/\/www.eko-bio-natura.sk\/shop\/wp-content\/uploads\/2021\/04\/eko-bio-natura_logo.png\",\"contentUrl\":\"https:\/\/www.eko-bio-natura.sk\/shop\/wp-content\/uploads\/2021\/04\/eko-bio-natura_logo.png\",\"width\":552,\"height\":194,\"caption\":\"EKO-BIO-NATURA BIO OBCHOD\"},\"image\":{\"@id\":\"https:\/\/www.eko-bio-natura.sk\/shop\/#\/schema\/logo\/image\/\"}}]}<\/script>\n<!-- \/ Yoast SEO plugin. -->","yoast_head_json":{"title":"100% Tekvicov\u00fd olej, za studena lisovan\u00fd, panensk\u00fd - Specialist Objem: 250 ml - EKO-BIO-NATURA BIO OBCHOD","robots":{"index":"index","follow":"follow","max-snippet":"max-snippet:-1","max-image-preview":"max-image-preview:large","max-video-preview":"max-video-preview:-1"},"canonical":"https:\/\/www.eko-bio-natura.sk\/shop\/produkt\/100-tekvicovy-olej-za-studena-lisovany-panensky-specialist-objem-250-ml\/","og_locale":"sk_SK","og_type":"article","og_title":"100% Tekvicov\u00fd olej, za studena lisovan\u00fd, panensk\u00fd - Specialist Objem: 250 ml - EKO-BIO-NATURA BIO OBCHOD","og_description":"Tekvicov\u00fd olej&nbsp;sa z\u00edskava lisovan\u00edm tekvicov\u00fdch jadier a&nbsp;vyzna\u010duje sa predov\u0161etk\u00fdm svojou nezamenite\u013enou farbou, ar\u00f3mou a&nbsp;pr\u00edjemnou chu\u0165ou. Z&nbsp;tohto d\u00f4vodu by nemal ch\u00fdba\u0165 v&nbsp;\u017eiadnej modernej kuchyni a&nbsp;ak ste to doteraz neurobili, ur\u010dite ho zara\u010fte do svojho jed\u00e1lni\u010dka. Okrem toho m\u00e1 tekvicov\u00fd olej mimoriadne prospe\u0161n\u00fd vplyv na zdravie, ktor\u00fd sa prejavuje najm\u00e4 v&nbsp;posil\u0148uj\u00facich \u00fa\u010dinkoch na pe\u010de\u0148ov\u00e9 bunky,&nbsp;zamedzuje vzniku cirh\u00f3zy,&nbsp;\u00fapravuje [&hellip;]","og_url":"https:\/\/www.eko-bio-natura.sk\/shop\/produkt\/100-tekvicovy-olej-za-studena-lisovany-panensky-specialist-objem-250-ml\/","og_site_name":"EKO-BIO-NATURA BIO OBCHOD","article_modified_time":"2022-01-02T15:43:32+00:00","og_image":[{"width":1024,"height":768,"url":"https:\/\/www.eko-bio-natura.sk\/shop\/wp-content\/uploads\/2021\/12\/4362-1_100-tekvicovy-olej-za-studena-lisovany-panensky-specialist.jpg","type":"image\/jpeg"}],"twitter_card":"summary_large_image","twitter_misc":{"Predpokladan\u00fd \u010das \u010d\u00edtania":"2 min\u00faty"},"schema":{"@context":"https:\/\/schema.org","@graph":[{"@type":"WebPage","@id":"https:\/\/www.eko-bio-natura.sk\/shop\/produkt\/100-tekvicovy-olej-za-studena-lisovany-panensky-specialist-objem-250-ml\/","url":"https:\/\/www.eko-bio-natura.sk\/shop\/produkt\/100-tekvicovy-olej-za-studena-lisovany-panensky-specialist-objem-250-ml\/","name":"100% Tekvicov\u00fd olej, za studena lisovan\u00fd, panensk\u00fd - Specialist Objem: 250 ml - EKO-BIO-NATURA BIO OBCHOD","isPartOf":{"@id":"https:\/\/www.eko-bio-natura.sk\/shop\/#website"},"primaryImageOfPage":{"@id":"https:\/\/www.eko-bio-natura.sk\/shop\/produkt\/100-tekvicovy-olej-za-studena-lisovany-panensky-specialist-objem-250-ml\/#primaryimage"},"image":{"@id":"https:\/\/www.eko-bio-natura.sk\/shop\/produkt\/100-tekvicovy-olej-za-studena-lisovany-panensky-specialist-objem-250-ml\/#primaryimage"},"thumbnailUrl":"https:\/\/www.eko-bio-natura.sk\/shop\/wp-content\/uploads\/2021\/12\/4362-1_100-tekvicovy-olej-za-studena-lisovany-panensky-specialist.jpg","datePublished":"2021-12-28T17:04:35+00:00","dateModified":"2022-01-02T15:43:32+00:00","breadcrumb":{"@id":"https:\/\/www.eko-bio-natura.sk\/shop\/produkt\/100-tekvicovy-olej-za-studena-lisovany-panensky-specialist-objem-250-ml\/#breadcrumb"},"inLanguage":"sk-SK","potentialAction":[{"@type":"ReadAction","target":["https:\/\/www.eko-bio-natura.sk\/shop\/produkt\/100-tekvicovy-olej-za-studena-lisovany-panensky-specialist-objem-250-ml\/"]}]},{"@type":"ImageObject","inLanguage":"sk-SK","@id":"https:\/\/www.eko-bio-natura.sk\/shop\/produkt\/100-tekvicovy-olej-za-studena-lisovany-panensky-specialist-objem-250-ml\/#primaryimage","url":"https:\/\/www.eko-bio-natura.sk\/shop\/wp-content\/uploads\/2021\/12\/4362-1_100-tekvicovy-olej-za-studena-lisovany-panensky-specialist.jpg","contentUrl":"https:\/\/www.eko-bio-natura.sk\/shop\/wp-content\/uploads\/2021\/12\/4362-1_100-tekvicovy-olej-za-studena-lisovany-panensky-specialist.jpg","width":1024,"height":768},{"@type":"BreadcrumbList","@id":"https:\/\/www.eko-bio-natura.sk\/shop\/produkt\/100-tekvicovy-olej-za-studena-lisovany-panensky-specialist-objem-250-ml\/#breadcrumb","itemListElement":[{"@type":"ListItem","position":1,"name":"Domovsk\u00e1 str\u00e1nka","item":"https:\/\/www.eko-bio-natura.sk\/shop\/"},{"@type":"ListItem","position":2,"name":"Obchod","item":"https:\/\/www.eko-bio-natura.sk\/shop\/?page_id=6"},{"@type":"ListItem","position":3,"name":"100% Tekvicov\u00fd olej, za studena lisovan\u00fd, panensk\u00fd &#8211; Specialist Objem: 250 ml"}]},{"@type":"WebSite","@id":"https:\/\/www.eko-bio-natura.sk\/shop\/#website","url":"https:\/\/www.eko-bio-natura.sk\/shop\/","name":"EKO-BIO-NATURA BIO OBCHOD","description":"","publisher":{"@id":"https:\/\/www.eko-bio-natura.sk\/shop\/#organization"},"potentialAction":[{"@type":"SearchAction","target":{"@type":"EntryPoint","urlTemplate":"https:\/\/www.eko-bio-natura.sk\/shop\/?s={search_term_string}"},"query-input":{"@type":"PropertyValueSpecification","valueRequired":true,"valueName":"search_term_string"}}],"inLanguage":"sk-SK"},{"@type":"Organization","@id":"https:\/\/www.eko-bio-natura.sk\/shop\/#organization","name":"EKO-BIO-NATURA BIO OBCHOD","url":"https:\/\/www.eko-bio-natura.sk\/shop\/","logo":{"@type":"ImageObject","inLanguage":"sk-SK","@id":"https:\/\/www.eko-bio-natura.sk\/shop\/#\/schema\/logo\/image\/","url":"https:\/\/www.eko-bio-natura.sk\/shop\/wp-content\/uploads\/2021\/04\/eko-bio-natura_logo.png","contentUrl":"https:\/\/www.eko-bio-natura.sk\/shop\/wp-content\/uploads\/2021\/04\/eko-bio-natura_logo.png","width":552,"height":194,"caption":"EKO-BIO-NATURA BIO OBCHOD"},"image":{"@id":"https:\/\/www.eko-bio-natura.sk\/shop\/#\/schema\/logo\/image\/"}}]}},"_links":{"self":[{"href":"https:\/\/www.eko-bio-natura.sk\/shop\/wp-json\/wp\/v2\/product\/7371","targetHints":{"allow":["GET"]}}],"collection":[{"href":"https:\/\/www.eko-bio-natura.sk\/shop\/wp-json\/wp\/v2\/product"}],"about":[{"href":"https:\/\/www.eko-bio-natura.sk\/shop\/wp-json\/wp\/v2\/types\/product"}],"replies":[{"embeddable":true,"href":"https:\/\/www.eko-bio-natura.sk\/shop\/wp-json\/wp\/v2\/comments?post=7371"}],"wp:featuredmedia":[{"embeddable":true,"href":"https:\/\/www.eko-bio-natura.sk\/shop\/wp-json\/wp\/v2\/media\/7372"}],"wp:attachment":[{"href":"https:\/\/www.eko-bio-natura.sk\/shop\/wp-json\/wp\/v2\/media?parent=7371"}],"wp:term":[{"taxonomy":"product_brand","embeddable":true,"href":"https:\/\/www.eko-bio-natura.sk\/shop\/wp-json\/wp\/v2\/product_brand?post=7371"},{"taxonomy":"product_cat","embeddable":true,"href":"https:\/\/www.eko-bio-natura.sk\/shop\/wp-json\/wp\/v2\/product_cat?post=7371"},{"taxonomy":"product_tag","embeddable":true,"href":"https:\/\/www.eko-bio-natura.sk\/shop\/wp-json\/wp\/v2\/product_tag?post=7371"}],"curies":[{"name":"wp","href":"https:\/\/api.w.org\/{rel}","templated":true}]}}