{"id":187,"date":"2025-04-17T17:29:05","date_gmt":"2025-04-17T15:29:05","guid":{"rendered":"https:\/\/www.eko-bio-natura.sk\/shop\/index.php\/produkt\/krem-na-tvar-herbal-bouquet-boro-plus-25-ml\/"},"modified":"2025-04-17T17:29:05","modified_gmt":"2025-04-17T15:29:05","slug":"krem-na-tvar-herbal-bouquet-boro-plus-25-ml","status":"publish","type":"product","link":"https:\/\/www.eko-bio-natura.sk\/shop\/produkt\/krem-na-tvar-herbal-bouquet-boro-plus-25-ml\/","title":{"rendered":"Kr\u00e9m na tv\u00e1r &#8211; Herbal bouquet &#8211; Boro Plus &#8211; 25 ml"},"content":{"rendered":"<p><span style=\"font-size: 12pt; font-family: verdana, geneva;\">Vhodn\u00e9 pre ka\u017edodenn\u00e9 pou\u017eitie na such\u00fa a\u017e ve\u013emi such\u00fa ple\u0165, \u010diasto\u010dne na upokojenie podr\u00e1\u017edenej pleti, na popraskan\u00fa oblas\u0165 ko\u017ee, <strong>na drobn\u00e9 vyr\u00e1\u017eky n\u00e1sledkom u\u0161tipnutia hmyzom a\u00a0drobn\u00e9 \u0161krabance<\/strong>. Udr\u017euje poko\u017eku zdrav\u00fa a\u00a0jemn\u00fa.<\/span><\/p>\n<p><span style=\"font-size: 12pt; font-family: verdana, geneva;\"><strong>Akt\u00edvne zlo\u017eky:<\/strong> <\/span><\/p>\n<ul>\n<li><span style=\"font-size: 12pt; font-family: verdana, geneva;\"><strong>Santal<\/strong> dod\u00e1va kr\u00e9mu kr\u00e1snu v\u00f4\u0148u a uk\u013eud\u0148uje poko\u017eku.<\/span><\/li>\n<li><span style=\"font-size: 12pt; font-family: verdana, geneva;\"><strong> Aloe vera<\/strong> m\u00e1 siln\u00e9 antioxida\u010dn\u00e9 a hojace \u00fa\u010dinky.<\/span><\/li>\n<li><span style=\"font-size: 12pt; font-family: verdana, geneva;\"><strong>Kurkuma<\/strong> lie\u010di chronick\u00e9 ko\u017en\u00e9 ochorenia, zmier\u0148uje mastnotu poko\u017eky a je prevenciou rakoviny ko\u017ee.<\/span><span style=\"font-size: 12pt; font-family: verdana, geneva;\"><\/span><\/li>\n<\/ul>\n<p><span style=\"font-size: 12pt; font-family: verdana, geneva;\"><strong>Sp\u00f4sob pou\u017eitia:<\/strong> Aplikujte na ruky a\u00a0vmas\u00edrujte do poko\u017eky.<\/span><\/p>\n<p><span style=\"font-size: 12pt; font-family: verdana, geneva;\"><strong>Upozornenie:<\/strong> Nie je vhodn\u00e9 pre deti do 3 rokov. Len na vonkaj\u0161ie pou\u017eitie.<\/span><\/p>\n<p><span style=\"font-size: 12pt; font-family: verdana, geneva;\"><strong>Podmienky skladovania:<\/strong> Skladujte mimo dosahu det\u00ed, pri teplote do 30\u00b0C, mimo priameho slne\u010dn\u00e9ho \u017eiarenia.<\/span><\/p>\n<p><img fetchpriority=\"high\" decoding=\"async\" src=\"\/user\/documents\/upload\/mceclip0-197.png?1627455196\" width=\"977\" height=\"125\" \/><\/p>\n<p><span style=\"font-size: 12pt; font-family: verdana, geneva;\"><strong>Obsah:<\/strong> 25 ml<\/span><\/p>\n<p><span style=\"font-size: 12pt; font-family: verdana, geneva;\"><strong>Krajina p\u00f4vodu:<\/strong> India<\/span><\/p>\n<p><span style=\"font-size: 12pt; font-family: verdana, geneva;\">\u00a0<\/span><\/p>\n","protected":false},"excerpt":{"rendered":"<p>Vhodn\u00e9 pre ka\u017edodenn\u00e9 pou\u017eitie na such\u00fa a\u017e ve\u013emi such\u00fa ple\u0165, \u010diasto\u010dne na upokojenie podr\u00e1\u017edenej pleti, na popraskan\u00fa oblas\u0165 ko\u017ee, na drobn\u00e9 vyr\u00e1\u017eky n\u00e1sledkom u\u0161tipnutia hmyzom a\u00a0drobn\u00e9 \u0161krabance. Udr\u017euje poko\u017eku zdrav\u00fa a\u00a0jemn\u00fa. Akt\u00edvne zlo\u017eky: Santal dod\u00e1va kr\u00e9mu kr\u00e1snu v\u00f4\u0148u a uk\u013eud\u0148uje poko\u017eku. Aloe vera m\u00e1 siln\u00e9 antioxida\u010dn\u00e9 a hojace \u00fa\u010dinky. Kurkuma lie\u010di chronick\u00e9 ko\u017en\u00e9 ochorenia, zmier\u0148uje [&hellip;]<\/p>\n","protected":false},"featured_media":14127,"comment_status":"open","ping_status":"open","template":"","meta":{"site-sidebar-layout":"default","site-content-layout":"","ast-site-content-layout":"default","site-content-style":"default","site-sidebar-style":"default","ast-global-header-display":"","ast-banner-title-visibility":"","ast-main-header-display":"","ast-hfb-above-header-display":"","ast-hfb-below-header-display":"","ast-hfb-mobile-header-display":"","site-post-title":"","ast-breadcrumbs-content":"","ast-featured-img":"","footer-sml-layout":"","ast-disable-related-posts":"","theme-transparent-header-meta":"","adv-header-id-meta":"","stick-header-meta":"","header-above-stick-meta":"","header-main-stick-meta":"","header-below-stick-meta":"","astra-migrate-meta-layouts":"default","ast-page-background-enabled":"default","ast-page-background-meta":{"desktop":{"background-color":"","background-image":"","background-repeat":"repeat","background-position":"center center","background-size":"auto","background-attachment":"scroll","background-type":"","background-media":"","overlay-type":"","overlay-color":"","overlay-opacity":"","overlay-gradient":""},"tablet":{"background-color":"","background-image":"","background-repeat":"repeat","background-position":"center center","background-size":"auto","background-attachment":"scroll","background-type":"","background-media":"","overlay-type":"","overlay-color":"","overlay-opacity":"","overlay-gradient":""},"mobile":{"background-color":"","background-image":"","background-repeat":"repeat","background-position":"center center","background-size":"auto","background-attachment":"scroll","background-type":"","background-media":"","overlay-type":"","overlay-color":"","overlay-opacity":"","overlay-gradient":""}},"ast-content-background-meta":{"desktop":{"background-color":"var(--ast-global-color-5)","background-image":"","background-repeat":"repeat","background-position":"center center","background-size":"auto","background-attachment":"scroll","background-type":"","background-media":"","overlay-type":"","overlay-color":"","overlay-opacity":"","overlay-gradient":""},"tablet":{"background-color":"var(--ast-global-color-5)","background-image":"","background-repeat":"repeat","background-position":"center center","background-size":"auto","background-attachment":"scroll","background-type":"","background-media":"","overlay-type":"","overlay-color":"","overlay-opacity":"","overlay-gradient":""},"mobile":{"background-color":"var(--ast-global-color-5)","background-image":"","background-repeat":"repeat","background-position":"center center","background-size":"auto","background-attachment":"scroll","background-type":"","background-media":"","overlay-type":"","overlay-color":"","overlay-opacity":"","overlay-gradient":""}}},"product_brand":[],"product_cat":[31,19],"product_tag":[],"class_list":{"0":"post-187","1":"product","2":"type-product","3":"status-publish","4":"has-post-thumbnail","6":"product_cat-pletova-kozmetika","7":"product_cat-prirodna-kozmetika","8":"pa_cena-dopravy-367","9":"pa_doprava-zasilkovna","10":"pa_ean-486","11":"pa_typ-partnersky-predaj","12":"pa_znacka-boro-plus","13":"desktop-align-left","14":"tablet-align-left","15":"mobile-align-left","17":"first","18":"instock","19":"product-type-external"},"yoast_head":"<!-- This site is optimized with the Yoast SEO plugin v27.2 - https:\/\/yoast.com\/product\/yoast-seo-wordpress\/ -->\n<title>Kr\u00e9m na tv\u00e1r - Herbal bouquet - Boro Plus - 25 ml - EKO-BIO-NATURA BIO OBCHOD<\/title>\n<meta name=\"robots\" content=\"index, follow, max-snippet:-1, max-image-preview:large, max-video-preview:-1\" \/>\n<link rel=\"canonical\" href=\"https:\/\/www.eko-bio-natura.sk\/shop\/produkt\/krem-na-tvar-herbal-bouquet-boro-plus-25-ml\/\" \/>\n<meta property=\"og:locale\" content=\"sk_SK\" \/>\n<meta property=\"og:type\" content=\"article\" \/>\n<meta property=\"og:title\" content=\"Kr\u00e9m na tv\u00e1r - Herbal bouquet - Boro Plus - 25 ml - EKO-BIO-NATURA BIO OBCHOD\" \/>\n<meta property=\"og:description\" content=\"Vhodn\u00e9 pre ka\u017edodenn\u00e9 pou\u017eitie na such\u00fa a\u017e ve\u013emi such\u00fa ple\u0165, \u010diasto\u010dne na upokojenie podr\u00e1\u017edenej pleti, na popraskan\u00fa oblas\u0165 ko\u017ee, na drobn\u00e9 vyr\u00e1\u017eky n\u00e1sledkom u\u0161tipnutia hmyzom a\u00a0drobn\u00e9 \u0161krabance. Udr\u017euje poko\u017eku zdrav\u00fa a\u00a0jemn\u00fa. Akt\u00edvne zlo\u017eky: Santal dod\u00e1va kr\u00e9mu kr\u00e1snu v\u00f4\u0148u a uk\u013eud\u0148uje poko\u017eku. Aloe vera m\u00e1 siln\u00e9 antioxida\u010dn\u00e9 a hojace \u00fa\u010dinky. Kurkuma lie\u010di chronick\u00e9 ko\u017en\u00e9 ochorenia, zmier\u0148uje [&hellip;]\" \/>\n<meta property=\"og:url\" content=\"https:\/\/www.eko-bio-natura.sk\/shop\/produkt\/krem-na-tvar-herbal-bouquet-boro-plus-25-ml\/\" \/>\n<meta property=\"og:site_name\" content=\"EKO-BIO-NATURA BIO OBCHOD\" \/>\n<meta property=\"og:image\" content=\"https:\/\/www.eko-bio-natura.sk\/shop\/wp-content\/uploads\/2023\/07\/4941_krem-na-tvar-herbal-bouquet-boro-plus-25-ml.jpg\" \/>\n\t<meta property=\"og:image:width\" content=\"1024\" \/>\n\t<meta property=\"og:image:height\" content=\"768\" \/>\n\t<meta property=\"og:image:type\" content=\"image\/jpeg\" \/>\n<meta name=\"twitter:card\" content=\"summary_large_image\" \/>\n<meta name=\"twitter:label1\" content=\"Predpokladan\u00fd \u010das \u010d\u00edtania\" \/>\n\t<meta name=\"twitter:data1\" content=\"1 min\u00fata\" \/>\n<script type=\"application\/ld+json\" class=\"yoast-schema-graph\">{\"@context\":\"https:\/\/schema.org\",\"@graph\":[{\"@type\":\"WebPage\",\"@id\":\"https:\/\/www.eko-bio-natura.sk\/shop\/produkt\/krem-na-tvar-herbal-bouquet-boro-plus-25-ml\/\",\"url\":\"https:\/\/www.eko-bio-natura.sk\/shop\/produkt\/krem-na-tvar-herbal-bouquet-boro-plus-25-ml\/\",\"name\":\"Kr\u00e9m na tv\u00e1r - Herbal bouquet - Boro Plus - 25 ml - EKO-BIO-NATURA BIO OBCHOD\",\"isPartOf\":{\"@id\":\"https:\/\/www.eko-bio-natura.sk\/shop\/#website\"},\"primaryImageOfPage\":{\"@id\":\"https:\/\/www.eko-bio-natura.sk\/shop\/produkt\/krem-na-tvar-herbal-bouquet-boro-plus-25-ml\/#primaryimage\"},\"image\":{\"@id\":\"https:\/\/www.eko-bio-natura.sk\/shop\/produkt\/krem-na-tvar-herbal-bouquet-boro-plus-25-ml\/#primaryimage\"},\"thumbnailUrl\":\"https:\/\/www.eko-bio-natura.sk\/shop\/wp-content\/uploads\/2023\/07\/4941_krem-na-tvar-herbal-bouquet-boro-plus-25-ml.jpg\",\"datePublished\":\"2025-04-17T15:29:05+00:00\",\"breadcrumb\":{\"@id\":\"https:\/\/www.eko-bio-natura.sk\/shop\/produkt\/krem-na-tvar-herbal-bouquet-boro-plus-25-ml\/#breadcrumb\"},\"inLanguage\":\"sk-SK\",\"potentialAction\":[{\"@type\":\"ReadAction\",\"target\":[\"https:\/\/www.eko-bio-natura.sk\/shop\/produkt\/krem-na-tvar-herbal-bouquet-boro-plus-25-ml\/\"]}]},{\"@type\":\"ImageObject\",\"inLanguage\":\"sk-SK\",\"@id\":\"https:\/\/www.eko-bio-natura.sk\/shop\/produkt\/krem-na-tvar-herbal-bouquet-boro-plus-25-ml\/#primaryimage\",\"url\":\"https:\/\/www.eko-bio-natura.sk\/shop\/wp-content\/uploads\/2023\/07\/4941_krem-na-tvar-herbal-bouquet-boro-plus-25-ml.jpg\",\"contentUrl\":\"https:\/\/www.eko-bio-natura.sk\/shop\/wp-content\/uploads\/2023\/07\/4941_krem-na-tvar-herbal-bouquet-boro-plus-25-ml.jpg\",\"width\":1024,\"height\":768},{\"@type\":\"BreadcrumbList\",\"@id\":\"https:\/\/www.eko-bio-natura.sk\/shop\/produkt\/krem-na-tvar-herbal-bouquet-boro-plus-25-ml\/#breadcrumb\",\"itemListElement\":[{\"@type\":\"ListItem\",\"position\":1,\"name\":\"Domovsk\u00e1 str\u00e1nka\",\"item\":\"https:\/\/www.eko-bio-natura.sk\/shop\/\"},{\"@type\":\"ListItem\",\"position\":2,\"name\":\"Obchod\",\"item\":\"https:\/\/www.eko-bio-natura.sk\/shop\/?page_id=6\"},{\"@type\":\"ListItem\",\"position\":3,\"name\":\"Kr\u00e9m na tv\u00e1r &#8211; Herbal bouquet &#8211; Boro Plus &#8211; 25 ml\"}]},{\"@type\":\"WebSite\",\"@id\":\"https:\/\/www.eko-bio-natura.sk\/shop\/#website\",\"url\":\"https:\/\/www.eko-bio-natura.sk\/shop\/\",\"name\":\"EKO-BIO-NATURA BIO OBCHOD\",\"description\":\"\",\"publisher\":{\"@id\":\"https:\/\/www.eko-bio-natura.sk\/shop\/#organization\"},\"potentialAction\":[{\"@type\":\"SearchAction\",\"target\":{\"@type\":\"EntryPoint\",\"urlTemplate\":\"https:\/\/www.eko-bio-natura.sk\/shop\/?s={search_term_string}\"},\"query-input\":{\"@type\":\"PropertyValueSpecification\",\"valueRequired\":true,\"valueName\":\"search_term_string\"}}],\"inLanguage\":\"sk-SK\"},{\"@type\":\"Organization\",\"@id\":\"https:\/\/www.eko-bio-natura.sk\/shop\/#organization\",\"name\":\"EKO-BIO-NATURA BIO OBCHOD\",\"url\":\"https:\/\/www.eko-bio-natura.sk\/shop\/\",\"logo\":{\"@type\":\"ImageObject\",\"inLanguage\":\"sk-SK\",\"@id\":\"https:\/\/www.eko-bio-natura.sk\/shop\/#\/schema\/logo\/image\/\",\"url\":\"https:\/\/www.eko-bio-natura.sk\/shop\/wp-content\/uploads\/2021\/04\/eko-bio-natura_logo.png\",\"contentUrl\":\"https:\/\/www.eko-bio-natura.sk\/shop\/wp-content\/uploads\/2021\/04\/eko-bio-natura_logo.png\",\"width\":552,\"height\":194,\"caption\":\"EKO-BIO-NATURA BIO OBCHOD\"},\"image\":{\"@id\":\"https:\/\/www.eko-bio-natura.sk\/shop\/#\/schema\/logo\/image\/\"}}]}<\/script>\n<!-- \/ Yoast SEO plugin. -->","yoast_head_json":{"title":"Kr\u00e9m na tv\u00e1r - Herbal bouquet - Boro Plus - 25 ml - EKO-BIO-NATURA BIO OBCHOD","robots":{"index":"index","follow":"follow","max-snippet":"max-snippet:-1","max-image-preview":"max-image-preview:large","max-video-preview":"max-video-preview:-1"},"canonical":"https:\/\/www.eko-bio-natura.sk\/shop\/produkt\/krem-na-tvar-herbal-bouquet-boro-plus-25-ml\/","og_locale":"sk_SK","og_type":"article","og_title":"Kr\u00e9m na tv\u00e1r - Herbal bouquet - Boro Plus - 25 ml - EKO-BIO-NATURA BIO OBCHOD","og_description":"Vhodn\u00e9 pre ka\u017edodenn\u00e9 pou\u017eitie na such\u00fa a\u017e ve\u013emi such\u00fa ple\u0165, \u010diasto\u010dne na upokojenie podr\u00e1\u017edenej pleti, na popraskan\u00fa oblas\u0165 ko\u017ee, na drobn\u00e9 vyr\u00e1\u017eky n\u00e1sledkom u\u0161tipnutia hmyzom a\u00a0drobn\u00e9 \u0161krabance. Udr\u017euje poko\u017eku zdrav\u00fa a\u00a0jemn\u00fa. Akt\u00edvne zlo\u017eky: Santal dod\u00e1va kr\u00e9mu kr\u00e1snu v\u00f4\u0148u a uk\u013eud\u0148uje poko\u017eku. Aloe vera m\u00e1 siln\u00e9 antioxida\u010dn\u00e9 a hojace \u00fa\u010dinky. Kurkuma lie\u010di chronick\u00e9 ko\u017en\u00e9 ochorenia, zmier\u0148uje [&hellip;]","og_url":"https:\/\/www.eko-bio-natura.sk\/shop\/produkt\/krem-na-tvar-herbal-bouquet-boro-plus-25-ml\/","og_site_name":"EKO-BIO-NATURA BIO OBCHOD","og_image":[{"width":1024,"height":768,"url":"https:\/\/www.eko-bio-natura.sk\/shop\/wp-content\/uploads\/2023\/07\/4941_krem-na-tvar-herbal-bouquet-boro-plus-25-ml.jpg","type":"image\/jpeg"}],"twitter_card":"summary_large_image","twitter_misc":{"Predpokladan\u00fd \u010das \u010d\u00edtania":"1 min\u00fata"},"schema":{"@context":"https:\/\/schema.org","@graph":[{"@type":"WebPage","@id":"https:\/\/www.eko-bio-natura.sk\/shop\/produkt\/krem-na-tvar-herbal-bouquet-boro-plus-25-ml\/","url":"https:\/\/www.eko-bio-natura.sk\/shop\/produkt\/krem-na-tvar-herbal-bouquet-boro-plus-25-ml\/","name":"Kr\u00e9m na tv\u00e1r - Herbal bouquet - Boro Plus - 25 ml - EKO-BIO-NATURA BIO OBCHOD","isPartOf":{"@id":"https:\/\/www.eko-bio-natura.sk\/shop\/#website"},"primaryImageOfPage":{"@id":"https:\/\/www.eko-bio-natura.sk\/shop\/produkt\/krem-na-tvar-herbal-bouquet-boro-plus-25-ml\/#primaryimage"},"image":{"@id":"https:\/\/www.eko-bio-natura.sk\/shop\/produkt\/krem-na-tvar-herbal-bouquet-boro-plus-25-ml\/#primaryimage"},"thumbnailUrl":"https:\/\/www.eko-bio-natura.sk\/shop\/wp-content\/uploads\/2023\/07\/4941_krem-na-tvar-herbal-bouquet-boro-plus-25-ml.jpg","datePublished":"2025-04-17T15:29:05+00:00","breadcrumb":{"@id":"https:\/\/www.eko-bio-natura.sk\/shop\/produkt\/krem-na-tvar-herbal-bouquet-boro-plus-25-ml\/#breadcrumb"},"inLanguage":"sk-SK","potentialAction":[{"@type":"ReadAction","target":["https:\/\/www.eko-bio-natura.sk\/shop\/produkt\/krem-na-tvar-herbal-bouquet-boro-plus-25-ml\/"]}]},{"@type":"ImageObject","inLanguage":"sk-SK","@id":"https:\/\/www.eko-bio-natura.sk\/shop\/produkt\/krem-na-tvar-herbal-bouquet-boro-plus-25-ml\/#primaryimage","url":"https:\/\/www.eko-bio-natura.sk\/shop\/wp-content\/uploads\/2023\/07\/4941_krem-na-tvar-herbal-bouquet-boro-plus-25-ml.jpg","contentUrl":"https:\/\/www.eko-bio-natura.sk\/shop\/wp-content\/uploads\/2023\/07\/4941_krem-na-tvar-herbal-bouquet-boro-plus-25-ml.jpg","width":1024,"height":768},{"@type":"BreadcrumbList","@id":"https:\/\/www.eko-bio-natura.sk\/shop\/produkt\/krem-na-tvar-herbal-bouquet-boro-plus-25-ml\/#breadcrumb","itemListElement":[{"@type":"ListItem","position":1,"name":"Domovsk\u00e1 str\u00e1nka","item":"https:\/\/www.eko-bio-natura.sk\/shop\/"},{"@type":"ListItem","position":2,"name":"Obchod","item":"https:\/\/www.eko-bio-natura.sk\/shop\/?page_id=6"},{"@type":"ListItem","position":3,"name":"Kr\u00e9m na tv\u00e1r &#8211; Herbal bouquet &#8211; Boro Plus &#8211; 25 ml"}]},{"@type":"WebSite","@id":"https:\/\/www.eko-bio-natura.sk\/shop\/#website","url":"https:\/\/www.eko-bio-natura.sk\/shop\/","name":"EKO-BIO-NATURA BIO OBCHOD","description":"","publisher":{"@id":"https:\/\/www.eko-bio-natura.sk\/shop\/#organization"},"potentialAction":[{"@type":"SearchAction","target":{"@type":"EntryPoint","urlTemplate":"https:\/\/www.eko-bio-natura.sk\/shop\/?s={search_term_string}"},"query-input":{"@type":"PropertyValueSpecification","valueRequired":true,"valueName":"search_term_string"}}],"inLanguage":"sk-SK"},{"@type":"Organization","@id":"https:\/\/www.eko-bio-natura.sk\/shop\/#organization","name":"EKO-BIO-NATURA BIO OBCHOD","url":"https:\/\/www.eko-bio-natura.sk\/shop\/","logo":{"@type":"ImageObject","inLanguage":"sk-SK","@id":"https:\/\/www.eko-bio-natura.sk\/shop\/#\/schema\/logo\/image\/","url":"https:\/\/www.eko-bio-natura.sk\/shop\/wp-content\/uploads\/2021\/04\/eko-bio-natura_logo.png","contentUrl":"https:\/\/www.eko-bio-natura.sk\/shop\/wp-content\/uploads\/2021\/04\/eko-bio-natura_logo.png","width":552,"height":194,"caption":"EKO-BIO-NATURA BIO OBCHOD"},"image":{"@id":"https:\/\/www.eko-bio-natura.sk\/shop\/#\/schema\/logo\/image\/"}}]}},"_links":{"self":[{"href":"https:\/\/www.eko-bio-natura.sk\/shop\/wp-json\/wp\/v2\/product\/187","targetHints":{"allow":["GET"]}}],"collection":[{"href":"https:\/\/www.eko-bio-natura.sk\/shop\/wp-json\/wp\/v2\/product"}],"about":[{"href":"https:\/\/www.eko-bio-natura.sk\/shop\/wp-json\/wp\/v2\/types\/product"}],"replies":[{"embeddable":true,"href":"https:\/\/www.eko-bio-natura.sk\/shop\/wp-json\/wp\/v2\/comments?post=187"}],"wp:featuredmedia":[{"embeddable":true,"href":"https:\/\/www.eko-bio-natura.sk\/shop\/wp-json\/wp\/v2\/media\/14127"}],"wp:attachment":[{"href":"https:\/\/www.eko-bio-natura.sk\/shop\/wp-json\/wp\/v2\/media?parent=187"}],"wp:term":[{"taxonomy":"product_brand","embeddable":true,"href":"https:\/\/www.eko-bio-natura.sk\/shop\/wp-json\/wp\/v2\/product_brand?post=187"},{"taxonomy":"product_cat","embeddable":true,"href":"https:\/\/www.eko-bio-natura.sk\/shop\/wp-json\/wp\/v2\/product_cat?post=187"},{"taxonomy":"product_tag","embeddable":true,"href":"https:\/\/www.eko-bio-natura.sk\/shop\/wp-json\/wp\/v2\/product_tag?post=187"}],"curies":[{"name":"wp","href":"https:\/\/api.w.org\/{rel}","templated":true}]}}