{"id":1334,"date":"2025-04-17T17:29:42","date_gmt":"2025-04-17T15:29:42","guid":{"rendered":"https:\/\/www.eko-bio-natura.sk\/shop\/index.php\/produkt\/100-horcicovy-olej-lisovany-za-studena-specialist-objem-100-ml\/"},"modified":"2025-04-17T23:13:00","modified_gmt":"2025-04-17T21:13:00","slug":"100-horcicovy-olej-lisovany-za-studena-specialist-objem-100-ml","status":"publish","type":"product","link":"https:\/\/www.eko-bio-natura.sk\/shop\/produkt\/100-horcicovy-olej-lisovany-za-studena-specialist-objem-100-ml\/","title":{"rendered":"100% hor\u010dicov\u00fd olej lisovan\u00fd za studena &#8211; Specialist Objem: 100 ml"},"content":{"rendered":"<p><span style=\"font-size: 12pt;\"><span style=\"font-family: verdana, geneva;\">Olej z\u00edskavan\u00fd z hor\u010di\u010dn\u00fdch semien je zn\u00e1my svojou bohatos\u0165ou na antioxidanty, omega-3 mastn\u00e9 kyseliny a omega-6 mastn\u00e9 kyseliny.<\/span><\/span><\/p>\n<p><span style=\"font-size: 12pt;\"><span style=\"font-family: verdana, geneva;\"><strong>Hor\u010di\u010dn\u00fd olej<\/strong> :<\/span><\/span><\/p>\n<ul>\n<li><span style=\"font-size: 12pt;\"><span style=\"font-family: verdana, geneva;\">pom\u00e1ha stimulova\u0165 v\u0161etky \u017eivotn\u00e9 funkcie vn\u00fatorn\u00fdch syst\u00e9mov<\/span><\/span><\/li>\n<li><span style=\"font-size: 12pt;\"><span style=\"font-family: verdana, geneva;\">zlep\u0161uje tr\u00e1venie<\/span><\/span><\/li>\n<li><span face=\"verdana, geneva\" size=\"3\" style=\"font-family: verdana, geneva; font-size: medium;\">posil\u0148uje ochrann\u00e9 funkcie<\/span><\/li>\n<li><span face=\"verdana, geneva\" size=\"3\" style=\"font-family: verdana, geneva; font-size: medium;\">nab\u00edja telo energiou a vitalitou<\/span><\/li>\n<\/ul>\n<p><img decoding=\"async\" src=\"\/user\/documents\/upload\/mceclip0-5.png?1611133826\" \/><\/p>\n<p><span style=\"font-family: verdana, geneva; font-size: 12pt;\"><strong>Pou\u017eitie:<\/strong> Prehltn\u00fa\u0165 1 \u010dajov\u00fa ly\u017ei\u010dku 2-3 kr\u00e1t denne. Skladovanie: Skladova\u0165 pri tepltore 5-25\u00b0C. Po otvoren\u00ed skladova\u0165 na tmavom mieste.<\/span><\/p>\n<p>&nbsp;<span style=\"font-family: verdana, geneva; font-size: 12pt;\"><strong>Krajina p\u00f4vodu:&nbsp;<\/strong>Rusko<\/span><\/p>\n","protected":false},"excerpt":{"rendered":"<p>Olej z\u00edskavan\u00fd z hor\u010di\u010dn\u00fdch semien je zn\u00e1my svojou bohatos\u0165ou na antioxidanty, omega-3 mastn\u00e9 kyseliny a omega-6 mastn\u00e9 kyseliny. Hor\u010di\u010dn\u00fd olej : pom\u00e1ha stimulova\u0165 v\u0161etky \u017eivotn\u00e9 funkcie vn\u00fatorn\u00fdch syst\u00e9mov zlep\u0161uje tr\u00e1venie posil\u0148uje ochrann\u00e9 funkcie nab\u00edja telo energiou a vitalitou Pou\u017eitie: Prehltn\u00fa\u0165 1 \u010dajov\u00fa ly\u017ei\u010dku 2-3 kr\u00e1t denne. Skladovanie: Skladova\u0165 pri tepltore 5-25\u00b0C. Po otvoren\u00ed skladova\u0165 na [&hellip;]<\/p>\n","protected":false},"featured_media":14023,"comment_status":"open","ping_status":"open","template":"","meta":{"site-sidebar-layout":"default","site-content-layout":"","ast-site-content-layout":"default","site-content-style":"default","site-sidebar-style":"default","ast-global-header-display":"","ast-banner-title-visibility":"","ast-main-header-display":"","ast-hfb-above-header-display":"","ast-hfb-below-header-display":"","ast-hfb-mobile-header-display":"","site-post-title":"","ast-breadcrumbs-content":"","ast-featured-img":"","footer-sml-layout":"","ast-disable-related-posts":"","theme-transparent-header-meta":"","adv-header-id-meta":"","stick-header-meta":"","header-above-stick-meta":"","header-main-stick-meta":"","header-below-stick-meta":"","astra-migrate-meta-layouts":"default","ast-page-background-enabled":"default","ast-page-background-meta":{"desktop":{"background-color":"","background-image":"","background-repeat":"repeat","background-position":"center center","background-size":"auto","background-attachment":"scroll","background-type":"","background-media":"","overlay-type":"","overlay-color":"","overlay-opacity":"","overlay-gradient":""},"tablet":{"background-color":"","background-image":"","background-repeat":"repeat","background-position":"center center","background-size":"auto","background-attachment":"scroll","background-type":"","background-media":"","overlay-type":"","overlay-color":"","overlay-opacity":"","overlay-gradient":""},"mobile":{"background-color":"","background-image":"","background-repeat":"repeat","background-position":"center center","background-size":"auto","background-attachment":"scroll","background-type":"","background-media":"","overlay-type":"","overlay-color":"","overlay-opacity":"","overlay-gradient":""}},"ast-content-background-meta":{"desktop":{"background-color":"var(--ast-global-color-5)","background-image":"","background-repeat":"repeat","background-position":"center center","background-size":"auto","background-attachment":"scroll","background-type":"","background-media":"","overlay-type":"","overlay-color":"","overlay-opacity":"","overlay-gradient":""},"tablet":{"background-color":"var(--ast-global-color-5)","background-image":"","background-repeat":"repeat","background-position":"center center","background-size":"auto","background-attachment":"scroll","background-type":"","background-media":"","overlay-type":"","overlay-color":"","overlay-opacity":"","overlay-gradient":""},"mobile":{"background-color":"var(--ast-global-color-5)","background-image":"","background-repeat":"repeat","background-position":"center center","background-size":"auto","background-attachment":"scroll","background-type":"","background-media":"","overlay-type":"","overlay-color":"","overlay-opacity":"","overlay-gradient":""}}},"product_brand":[],"product_cat":[16,46,107,187,208,184],"product_tag":[],"class_list":{"0":"post-1334","1":"product","2":"type-product","3":"status-publish","4":"has-post-thumbnail","6":"product_cat-bio-potraviny","7":"product_cat-oleje-a-octy","8":"product_cat-specialne-oleje-a-tuky","9":"product_cat-tradicna-ruska-medicina","10":"product_cat-traviaca-sustava","11":"product_cat-zdrave-oleje","12":"pa_cena-dopravy-367","13":"pa_doprava-zasilkovna","14":"pa_ean-909","15":"pa_typ-partnersky-predaj","16":"pa_znacka-specialist","17":"desktop-align-left","18":"tablet-align-left","19":"mobile-align-left","21":"first","22":"instock","23":"product-type-external"},"yoast_head":"<!-- This site is optimized with the Yoast SEO plugin v27.2 - https:\/\/yoast.com\/product\/yoast-seo-wordpress\/ -->\n<title>100% hor\u010dicov\u00fd olej lisovan\u00fd za studena - Specialist Objem: 100 ml - EKO-BIO-NATURA BIO OBCHOD<\/title>\n<meta name=\"robots\" content=\"index, follow, max-snippet:-1, max-image-preview:large, max-video-preview:-1\" \/>\n<link rel=\"canonical\" href=\"https:\/\/www.eko-bio-natura.sk\/shop\/produkt\/100-horcicovy-olej-lisovany-za-studena-specialist-objem-100-ml\/\" \/>\n<meta property=\"og:locale\" content=\"sk_SK\" \/>\n<meta property=\"og:type\" content=\"article\" \/>\n<meta property=\"og:title\" content=\"100% hor\u010dicov\u00fd olej lisovan\u00fd za studena - Specialist Objem: 100 ml - EKO-BIO-NATURA BIO OBCHOD\" \/>\n<meta property=\"og:description\" content=\"Olej z\u00edskavan\u00fd z hor\u010di\u010dn\u00fdch semien je zn\u00e1my svojou bohatos\u0165ou na antioxidanty, omega-3 mastn\u00e9 kyseliny a omega-6 mastn\u00e9 kyseliny. Hor\u010di\u010dn\u00fd olej : pom\u00e1ha stimulova\u0165 v\u0161etky \u017eivotn\u00e9 funkcie vn\u00fatorn\u00fdch syst\u00e9mov zlep\u0161uje tr\u00e1venie posil\u0148uje ochrann\u00e9 funkcie nab\u00edja telo energiou a vitalitou Pou\u017eitie: Prehltn\u00fa\u0165 1 \u010dajov\u00fa ly\u017ei\u010dku 2-3 kr\u00e1t denne. Skladovanie: Skladova\u0165 pri tepltore 5-25\u00b0C. Po otvoren\u00ed skladova\u0165 na [&hellip;]\" \/>\n<meta property=\"og:url\" content=\"https:\/\/www.eko-bio-natura.sk\/shop\/produkt\/100-horcicovy-olej-lisovany-za-studena-specialist-objem-100-ml\/\" \/>\n<meta property=\"og:site_name\" content=\"EKO-BIO-NATURA BIO OBCHOD\" \/>\n<meta property=\"article:modified_time\" content=\"2025-04-17T21:13:00+00:00\" \/>\n<meta property=\"og:image\" content=\"https:\/\/www.eko-bio-natura.sk\/shop\/wp-content\/uploads\/2023\/02\/13484-1_100-horcicovy-olej-lisovany-za-studena-specialist.jpg\" \/>\n\t<meta property=\"og:image:width\" content=\"1024\" \/>\n\t<meta property=\"og:image:height\" content=\"850\" \/>\n\t<meta property=\"og:image:type\" content=\"image\/jpeg\" \/>\n<meta name=\"twitter:card\" content=\"summary_large_image\" \/>\n<script type=\"application\/ld+json\" class=\"yoast-schema-graph\">{\"@context\":\"https:\/\/schema.org\",\"@graph\":[{\"@type\":\"WebPage\",\"@id\":\"https:\/\/www.eko-bio-natura.sk\/shop\/produkt\/100-horcicovy-olej-lisovany-za-studena-specialist-objem-100-ml\/\",\"url\":\"https:\/\/www.eko-bio-natura.sk\/shop\/produkt\/100-horcicovy-olej-lisovany-za-studena-specialist-objem-100-ml\/\",\"name\":\"100% hor\u010dicov\u00fd olej lisovan\u00fd za studena - Specialist Objem: 100 ml - EKO-BIO-NATURA BIO OBCHOD\",\"isPartOf\":{\"@id\":\"https:\/\/www.eko-bio-natura.sk\/shop\/#website\"},\"primaryImageOfPage\":{\"@id\":\"https:\/\/www.eko-bio-natura.sk\/shop\/produkt\/100-horcicovy-olej-lisovany-za-studena-specialist-objem-100-ml\/#primaryimage\"},\"image\":{\"@id\":\"https:\/\/www.eko-bio-natura.sk\/shop\/produkt\/100-horcicovy-olej-lisovany-za-studena-specialist-objem-100-ml\/#primaryimage\"},\"thumbnailUrl\":\"https:\/\/www.eko-bio-natura.sk\/shop\/wp-content\/uploads\/2023\/02\/13484-1_100-horcicovy-olej-lisovany-za-studena-specialist.jpg\",\"datePublished\":\"2025-04-17T15:29:42+00:00\",\"dateModified\":\"2025-04-17T21:13:00+00:00\",\"breadcrumb\":{\"@id\":\"https:\/\/www.eko-bio-natura.sk\/shop\/produkt\/100-horcicovy-olej-lisovany-za-studena-specialist-objem-100-ml\/#breadcrumb\"},\"inLanguage\":\"sk-SK\",\"potentialAction\":[{\"@type\":\"ReadAction\",\"target\":[\"https:\/\/www.eko-bio-natura.sk\/shop\/produkt\/100-horcicovy-olej-lisovany-za-studena-specialist-objem-100-ml\/\"]}]},{\"@type\":\"ImageObject\",\"inLanguage\":\"sk-SK\",\"@id\":\"https:\/\/www.eko-bio-natura.sk\/shop\/produkt\/100-horcicovy-olej-lisovany-za-studena-specialist-objem-100-ml\/#primaryimage\",\"url\":\"https:\/\/www.eko-bio-natura.sk\/shop\/wp-content\/uploads\/2023\/02\/13484-1_100-horcicovy-olej-lisovany-za-studena-specialist.jpg\",\"contentUrl\":\"https:\/\/www.eko-bio-natura.sk\/shop\/wp-content\/uploads\/2023\/02\/13484-1_100-horcicovy-olej-lisovany-za-studena-specialist.jpg\",\"width\":1024,\"height\":850},{\"@type\":\"BreadcrumbList\",\"@id\":\"https:\/\/www.eko-bio-natura.sk\/shop\/produkt\/100-horcicovy-olej-lisovany-za-studena-specialist-objem-100-ml\/#breadcrumb\",\"itemListElement\":[{\"@type\":\"ListItem\",\"position\":1,\"name\":\"Domovsk\u00e1 str\u00e1nka\",\"item\":\"https:\/\/www.eko-bio-natura.sk\/shop\/\"},{\"@type\":\"ListItem\",\"position\":2,\"name\":\"Obchod\",\"item\":\"https:\/\/www.eko-bio-natura.sk\/shop\/?page_id=6\"},{\"@type\":\"ListItem\",\"position\":3,\"name\":\"100% hor\u010dicov\u00fd olej lisovan\u00fd za studena &#8211; Specialist Objem: 100 ml\"}]},{\"@type\":\"WebSite\",\"@id\":\"https:\/\/www.eko-bio-natura.sk\/shop\/#website\",\"url\":\"https:\/\/www.eko-bio-natura.sk\/shop\/\",\"name\":\"EKO-BIO-NATURA BIO OBCHOD\",\"description\":\"\",\"publisher\":{\"@id\":\"https:\/\/www.eko-bio-natura.sk\/shop\/#organization\"},\"potentialAction\":[{\"@type\":\"SearchAction\",\"target\":{\"@type\":\"EntryPoint\",\"urlTemplate\":\"https:\/\/www.eko-bio-natura.sk\/shop\/?s={search_term_string}\"},\"query-input\":{\"@type\":\"PropertyValueSpecification\",\"valueRequired\":true,\"valueName\":\"search_term_string\"}}],\"inLanguage\":\"sk-SK\"},{\"@type\":\"Organization\",\"@id\":\"https:\/\/www.eko-bio-natura.sk\/shop\/#organization\",\"name\":\"EKO-BIO-NATURA BIO OBCHOD\",\"url\":\"https:\/\/www.eko-bio-natura.sk\/shop\/\",\"logo\":{\"@type\":\"ImageObject\",\"inLanguage\":\"sk-SK\",\"@id\":\"https:\/\/www.eko-bio-natura.sk\/shop\/#\/schema\/logo\/image\/\",\"url\":\"https:\/\/www.eko-bio-natura.sk\/shop\/wp-content\/uploads\/2021\/04\/eko-bio-natura_logo.png\",\"contentUrl\":\"https:\/\/www.eko-bio-natura.sk\/shop\/wp-content\/uploads\/2021\/04\/eko-bio-natura_logo.png\",\"width\":552,\"height\":194,\"caption\":\"EKO-BIO-NATURA BIO OBCHOD\"},\"image\":{\"@id\":\"https:\/\/www.eko-bio-natura.sk\/shop\/#\/schema\/logo\/image\/\"}}]}<\/script>\n<!-- \/ Yoast SEO plugin. -->","yoast_head_json":{"title":"100% hor\u010dicov\u00fd olej lisovan\u00fd za studena - Specialist Objem: 100 ml - EKO-BIO-NATURA BIO OBCHOD","robots":{"index":"index","follow":"follow","max-snippet":"max-snippet:-1","max-image-preview":"max-image-preview:large","max-video-preview":"max-video-preview:-1"},"canonical":"https:\/\/www.eko-bio-natura.sk\/shop\/produkt\/100-horcicovy-olej-lisovany-za-studena-specialist-objem-100-ml\/","og_locale":"sk_SK","og_type":"article","og_title":"100% hor\u010dicov\u00fd olej lisovan\u00fd za studena - Specialist Objem: 100 ml - EKO-BIO-NATURA BIO OBCHOD","og_description":"Olej z\u00edskavan\u00fd z hor\u010di\u010dn\u00fdch semien je zn\u00e1my svojou bohatos\u0165ou na antioxidanty, omega-3 mastn\u00e9 kyseliny a omega-6 mastn\u00e9 kyseliny. Hor\u010di\u010dn\u00fd olej : pom\u00e1ha stimulova\u0165 v\u0161etky \u017eivotn\u00e9 funkcie vn\u00fatorn\u00fdch syst\u00e9mov zlep\u0161uje tr\u00e1venie posil\u0148uje ochrann\u00e9 funkcie nab\u00edja telo energiou a vitalitou Pou\u017eitie: Prehltn\u00fa\u0165 1 \u010dajov\u00fa ly\u017ei\u010dku 2-3 kr\u00e1t denne. Skladovanie: Skladova\u0165 pri tepltore 5-25\u00b0C. Po otvoren\u00ed skladova\u0165 na [&hellip;]","og_url":"https:\/\/www.eko-bio-natura.sk\/shop\/produkt\/100-horcicovy-olej-lisovany-za-studena-specialist-objem-100-ml\/","og_site_name":"EKO-BIO-NATURA BIO OBCHOD","article_modified_time":"2025-04-17T21:13:00+00:00","og_image":[{"width":1024,"height":850,"url":"https:\/\/www.eko-bio-natura.sk\/shop\/wp-content\/uploads\/2023\/02\/13484-1_100-horcicovy-olej-lisovany-za-studena-specialist.jpg","type":"image\/jpeg"}],"twitter_card":"summary_large_image","schema":{"@context":"https:\/\/schema.org","@graph":[{"@type":"WebPage","@id":"https:\/\/www.eko-bio-natura.sk\/shop\/produkt\/100-horcicovy-olej-lisovany-za-studena-specialist-objem-100-ml\/","url":"https:\/\/www.eko-bio-natura.sk\/shop\/produkt\/100-horcicovy-olej-lisovany-za-studena-specialist-objem-100-ml\/","name":"100% hor\u010dicov\u00fd olej lisovan\u00fd za studena - Specialist Objem: 100 ml - EKO-BIO-NATURA BIO OBCHOD","isPartOf":{"@id":"https:\/\/www.eko-bio-natura.sk\/shop\/#website"},"primaryImageOfPage":{"@id":"https:\/\/www.eko-bio-natura.sk\/shop\/produkt\/100-horcicovy-olej-lisovany-za-studena-specialist-objem-100-ml\/#primaryimage"},"image":{"@id":"https:\/\/www.eko-bio-natura.sk\/shop\/produkt\/100-horcicovy-olej-lisovany-za-studena-specialist-objem-100-ml\/#primaryimage"},"thumbnailUrl":"https:\/\/www.eko-bio-natura.sk\/shop\/wp-content\/uploads\/2023\/02\/13484-1_100-horcicovy-olej-lisovany-za-studena-specialist.jpg","datePublished":"2025-04-17T15:29:42+00:00","dateModified":"2025-04-17T21:13:00+00:00","breadcrumb":{"@id":"https:\/\/www.eko-bio-natura.sk\/shop\/produkt\/100-horcicovy-olej-lisovany-za-studena-specialist-objem-100-ml\/#breadcrumb"},"inLanguage":"sk-SK","potentialAction":[{"@type":"ReadAction","target":["https:\/\/www.eko-bio-natura.sk\/shop\/produkt\/100-horcicovy-olej-lisovany-za-studena-specialist-objem-100-ml\/"]}]},{"@type":"ImageObject","inLanguage":"sk-SK","@id":"https:\/\/www.eko-bio-natura.sk\/shop\/produkt\/100-horcicovy-olej-lisovany-za-studena-specialist-objem-100-ml\/#primaryimage","url":"https:\/\/www.eko-bio-natura.sk\/shop\/wp-content\/uploads\/2023\/02\/13484-1_100-horcicovy-olej-lisovany-za-studena-specialist.jpg","contentUrl":"https:\/\/www.eko-bio-natura.sk\/shop\/wp-content\/uploads\/2023\/02\/13484-1_100-horcicovy-olej-lisovany-za-studena-specialist.jpg","width":1024,"height":850},{"@type":"BreadcrumbList","@id":"https:\/\/www.eko-bio-natura.sk\/shop\/produkt\/100-horcicovy-olej-lisovany-za-studena-specialist-objem-100-ml\/#breadcrumb","itemListElement":[{"@type":"ListItem","position":1,"name":"Domovsk\u00e1 str\u00e1nka","item":"https:\/\/www.eko-bio-natura.sk\/shop\/"},{"@type":"ListItem","position":2,"name":"Obchod","item":"https:\/\/www.eko-bio-natura.sk\/shop\/?page_id=6"},{"@type":"ListItem","position":3,"name":"100% hor\u010dicov\u00fd olej lisovan\u00fd za studena &#8211; Specialist Objem: 100 ml"}]},{"@type":"WebSite","@id":"https:\/\/www.eko-bio-natura.sk\/shop\/#website","url":"https:\/\/www.eko-bio-natura.sk\/shop\/","name":"EKO-BIO-NATURA BIO OBCHOD","description":"","publisher":{"@id":"https:\/\/www.eko-bio-natura.sk\/shop\/#organization"},"potentialAction":[{"@type":"SearchAction","target":{"@type":"EntryPoint","urlTemplate":"https:\/\/www.eko-bio-natura.sk\/shop\/?s={search_term_string}"},"query-input":{"@type":"PropertyValueSpecification","valueRequired":true,"valueName":"search_term_string"}}],"inLanguage":"sk-SK"},{"@type":"Organization","@id":"https:\/\/www.eko-bio-natura.sk\/shop\/#organization","name":"EKO-BIO-NATURA BIO OBCHOD","url":"https:\/\/www.eko-bio-natura.sk\/shop\/","logo":{"@type":"ImageObject","inLanguage":"sk-SK","@id":"https:\/\/www.eko-bio-natura.sk\/shop\/#\/schema\/logo\/image\/","url":"https:\/\/www.eko-bio-natura.sk\/shop\/wp-content\/uploads\/2021\/04\/eko-bio-natura_logo.png","contentUrl":"https:\/\/www.eko-bio-natura.sk\/shop\/wp-content\/uploads\/2021\/04\/eko-bio-natura_logo.png","width":552,"height":194,"caption":"EKO-BIO-NATURA BIO OBCHOD"},"image":{"@id":"https:\/\/www.eko-bio-natura.sk\/shop\/#\/schema\/logo\/image\/"}}]}},"_links":{"self":[{"href":"https:\/\/www.eko-bio-natura.sk\/shop\/wp-json\/wp\/v2\/product\/1334","targetHints":{"allow":["GET"]}}],"collection":[{"href":"https:\/\/www.eko-bio-natura.sk\/shop\/wp-json\/wp\/v2\/product"}],"about":[{"href":"https:\/\/www.eko-bio-natura.sk\/shop\/wp-json\/wp\/v2\/types\/product"}],"replies":[{"embeddable":true,"href":"https:\/\/www.eko-bio-natura.sk\/shop\/wp-json\/wp\/v2\/comments?post=1334"}],"wp:featuredmedia":[{"embeddable":true,"href":"https:\/\/www.eko-bio-natura.sk\/shop\/wp-json\/wp\/v2\/media\/14023"}],"wp:attachment":[{"href":"https:\/\/www.eko-bio-natura.sk\/shop\/wp-json\/wp\/v2\/media?parent=1334"}],"wp:term":[{"taxonomy":"product_brand","embeddable":true,"href":"https:\/\/www.eko-bio-natura.sk\/shop\/wp-json\/wp\/v2\/product_brand?post=1334"},{"taxonomy":"product_cat","embeddable":true,"href":"https:\/\/www.eko-bio-natura.sk\/shop\/wp-json\/wp\/v2\/product_cat?post=1334"},{"taxonomy":"product_tag","embeddable":true,"href":"https:\/\/www.eko-bio-natura.sk\/shop\/wp-json\/wp\/v2\/product_tag?post=1334"}],"curies":[{"name":"wp","href":"https:\/\/api.w.org\/{rel}","templated":true}]}}